{"id":6255,"date":"2025-06-28T17:45:50","date_gmt":"2025-06-28T15:45:50","guid":{"rendered":"https:\/\/uj.adatbank.ro\/lexikon\/termek\/csiky-laszlo\/"},"modified":"2025-06-28T17:45:50","modified_gmt":"2025-06-28T15:45:50","slug":"csiky-laszlo","status":"publish","type":"product","link":"https:\/\/uj.adatbank.ro\/lexikon\/termek\/csiky-laszlo\/","title":{"rendered":"CS\u00cdKY L\u00e1szl\u00f3"},"content":{"rendered":"<p>1931? \u2020 Mv., 1995. okt. 7.: zenetan\u00e1r. \u2013Tal\u00e1n Jedden tan\u00edtott. Nemzed\u00e9kek eg\u00e9sz sor\u00e1t tan\u00edtotta a zene\u00f3vod\u00e1ban a zenei \u201ebet\u0171vet\u00e9sre\u201d <br \/><strong>Irod.:<\/strong> [Nekrol\u00f3g] (N\u00fa., 1995. okt. 9.); T\u00f3falvi Zolt\u00e1n: A zenei nevel\u00e9s megsz\u00e1llottja. (N\u00fa., 1995. okt. 17.)<\/br><\/p>\n","protected":false},"excerpt":{"rendered":"<p>1931? \u2020 Mv., 1995. okt. 7.: zenetan\u00e1r. \u2013Tal\u00e1n Jedden tan\u00edtott. Nemzed\u00e9kek eg\u00e9sz sor\u00e1t tan\u00edtotta a zene\u00f3vod\u00e1ban a zenei \u201ebet\u0171vet\u00e9sre\u201d Irod.: [Nekrol\u00f3g] (N\u00fa., 1995. okt. 9.); T\u00f3falvi Zolt\u00e1n: A zenei nevel\u00e9s megsz\u00e1llottja. (N\u00fa., 1995. okt. 17.)<\/p>\n","protected":false},"featured_media":0,"comment_status":"open","ping_status":"closed","template":"","meta":[],"product_brand":[],"product_cat":[137],"product_tag":[],"class_list":{"0":"post-6255","1":"product","2":"type-product","3":"status-publish","5":"product_cat-maros-megyei-eletrajzi-lexikon","7":"first","8":"instock","9":"shipping-taxable","10":"product-type-simple"},"_links":{"self":[{"href":"https:\/\/uj.adatbank.ro\/lexikon\/wp-json\/wp\/v2\/product\/6255","targetHints":{"allow":["GET"]}}],"collection":[{"href":"https:\/\/uj.adatbank.ro\/lexikon\/wp-json\/wp\/v2\/product"}],"about":[{"href":"https:\/\/uj.adatbank.ro\/lexikon\/wp-json\/wp\/v2\/types\/product"}],"replies":[{"embeddable":true,"href":"https:\/\/uj.adatbank.ro\/lexikon\/wp-json\/wp\/v2\/comments?post=6255"}],"wp:attachment":[{"href":"https:\/\/uj.adatbank.ro\/lexikon\/wp-json\/wp\/v2\/media?parent=6255"}],"wp:term":[{"taxonomy":"product_brand","embeddable":true,"href":"https:\/\/uj.adatbank.ro\/lexikon\/wp-json\/wp\/v2\/product_brand?post=6255"},{"taxonomy":"product_cat","embeddable":true,"href":"https:\/\/uj.adatbank.ro\/lexikon\/wp-json\/wp\/v2\/product_cat?post=6255"},{"taxonomy":"product_tag","embeddable":true,"href":"https:\/\/uj.adatbank.ro\/lexikon\/wp-json\/wp\/v2\/product_tag?post=6255"}],"curies":[{"name":"wp","href":"https:\/\/api.w.org\/{rel}","templated":true}]}}