{"id":6256,"date":"2025-06-28T17:45:53","date_gmt":"2025-06-28T15:45:53","guid":{"rendered":"https:\/\/uj.adatbank.ro\/lexikon\/termek\/csiky-laszlo-%c2%a7\/"},"modified":"2025-06-28T17:45:53","modified_gmt":"2025-06-28T15:45:53","slug":"csiky-laszlo-%c2%a7","status":"publish","type":"product","link":"https:\/\/uj.adatbank.ro\/lexikon\/termek\/csiky-laszlo-%c2%a7\/","title":{"rendered":"CS\u00cdKY L\u00e1szl\u00f3, \u00a7"},"content":{"rendered":"<p>Csombord, 1908, \u2020 Mv., 1972. m\u00e1j. 26.: zenetan\u00e1r, orgonam\u0171v\u00e9sz, karvezet\u0151. \u2013 Istv\u00e1n, marosv\u00e9csi ref. pap fia. \u2013 A mv.-i Ref. Koll.-ban, a nagyenyedi Bethlen Koll.-ban \u00e9s Debrecenben tanult. Zenei tanulm\u00e1nyait a bp.-i Nemzeti Zeneiskola orgonaoszt\u00e1ly\u00e1n v\u00e9gezte (1941\u201343). Falusi ref. gy\u0171lekezetekben volt \u00e9nekvez\u00e9r a Hajd\u00fas\u00e1gban, majd a mv.-i ref. Kistemplomban, t\u00f6k\u00e9letes\u00edtette orgonaj\u00e1t\u00e9k\u00e1t, tan\u00e1ri k\u00e9pes\u00edt\u00e9st szerzett. Mv.-en \u00e1ltal\u00e1nos iskol\u00e1ban tan\u00edtott (1943\u2013), majd a M\u0171v\u00e9szeti L\u00edc.-ban volt az int\u00e9zet aligazgat\u00f3ja \u00e9s a zeneelm\u00e9let \u00e9s karvezet\u00e9s tan\u00e1ra (1951\u201355). A N\u00e9pi M\u0171v\u00e9szeti Iskola igazgat\u00f3ja nyugd\u00edjaz\u00e1s\u00e1ig (1955\u201366) azut\u00e1n m\u00e9g egy \u00e9vig zeneelm\u00e9letet \u00e9s szolf\u00e9zst tan\u00edtott. Orgona hangversenyeket adott Debrecenben \u00e9s Mv.-en a Kult\u00farpalota orgon\u00e1j\u00e1n. T\u00f6bb mv.-i m\u0171kedvel\u0151 \u00e9nekkar vezet\u0151je volt, t\u00f6megdalokat is \u00edrt. Kiv\u00e1l\u00f3 tan\u00e1r c\u00edmet kapott (1958). <br \/><strong>Irod.:<\/strong> Csekme; MMK; Nagy Lajos: Mindenre van er\u0151m a Krisztusban (Mv., 2005.); Sipos; Zenetudom\u00e1nyi \u00edr\u00e1sok<\/br><\/p>\n","protected":false},"excerpt":{"rendered":"<p>Csombord, 1908, \u2020 Mv., 1972. m\u00e1j. 26.: zenetan\u00e1r, orgonam\u0171v\u00e9sz, karvezet\u0151. \u2013 Istv\u00e1n, marosv\u00e9csi ref. pap fia. \u2013 A mv.-i Ref. Koll.-ban, a nagyenyedi Bethlen Koll.-ban \u00e9s Debrecenben tanult. Zenei tanulm\u00e1nyait a bp.-i Nemzeti Zeneiskola orgonaoszt\u00e1ly\u00e1n v\u00e9gezte (1941\u201343). Falusi ref. gy\u0171lekezetekben volt \u00e9nekvez\u00e9r a Hajd\u00fas\u00e1gban, majd a mv.-i ref. Kistemplomban, t\u00f6k\u00e9letes\u00edtette orgonaj\u00e1t\u00e9k\u00e1t, tan\u00e1ri k\u00e9pes\u00edt\u00e9st szerzett. Mv.-en [&hellip;]<\/p>\n","protected":false},"featured_media":0,"comment_status":"open","ping_status":"closed","template":"","meta":[],"product_brand":[],"product_cat":[137],"product_tag":[],"class_list":{"0":"post-6256","1":"product","2":"type-product","3":"status-publish","5":"product_cat-maros-megyei-eletrajzi-lexikon","7":"first","8":"instock","9":"shipping-taxable","10":"product-type-simple"},"_links":{"self":[{"href":"https:\/\/uj.adatbank.ro\/lexikon\/wp-json\/wp\/v2\/product\/6256","targetHints":{"allow":["GET"]}}],"collection":[{"href":"https:\/\/uj.adatbank.ro\/lexikon\/wp-json\/wp\/v2\/product"}],"about":[{"href":"https:\/\/uj.adatbank.ro\/lexikon\/wp-json\/wp\/v2\/types\/product"}],"replies":[{"embeddable":true,"href":"https:\/\/uj.adatbank.ro\/lexikon\/wp-json\/wp\/v2\/comments?post=6256"}],"wp:attachment":[{"href":"https:\/\/uj.adatbank.ro\/lexikon\/wp-json\/wp\/v2\/media?parent=6256"}],"wp:term":[{"taxonomy":"product_brand","embeddable":true,"href":"https:\/\/uj.adatbank.ro\/lexikon\/wp-json\/wp\/v2\/product_brand?post=6256"},{"taxonomy":"product_cat","embeddable":true,"href":"https:\/\/uj.adatbank.ro\/lexikon\/wp-json\/wp\/v2\/product_cat?post=6256"},{"taxonomy":"product_tag","embeddable":true,"href":"https:\/\/uj.adatbank.ro\/lexikon\/wp-json\/wp\/v2\/product_tag?post=6256"}],"curies":[{"name":"wp","href":"https:\/\/api.w.org\/{rel}","templated":true}]}}