{"id":6259,"date":"2025-06-28T17:45:57","date_gmt":"2025-06-28T15:45:57","guid":{"rendered":"https:\/\/uj.adatbank.ro\/lexikon\/termek\/csiky-magdolna\/"},"modified":"2025-06-28T17:45:57","modified_gmt":"2025-06-28T15:45:57","slug":"csiky-magdolna","status":"publish","type":"product","link":"https:\/\/uj.adatbank.ro\/lexikon\/termek\/csiky-magdolna\/","title":{"rendered":"CS\u00cdKY Magdolna"},"content":{"rendered":"<p>Mv., ? \u2020\u00a0? : zongoram\u0171v\u00e9szn\u0151. \u2013 Cs. Lajos (1863\u20131918) tan\u00e1r \u00e9s Ga\u00e1l Lenke le\u00e1nya. Testv\u00e9rei: Lajos \u00e9s Attila. F\u00e9rje: 1. Kozma G\u00e9za, heged\u0171m\u0171v\u00e9sz; fi\u00fak: M\u00e1ty\u00e1s; 2. Korpos Ern\u0151, jog\u00e1sz; Gyermekeik: Ern\u0151, J\u00e1nos, Andr\u00e1s. <br \/><strong>Irod.:<\/strong> Ny\u00e1r\u00e1dszentbenedek<\/br><\/p>\n","protected":false},"excerpt":{"rendered":"<p>Mv., ? \u2020\u00a0? : zongoram\u0171v\u00e9szn\u0151. \u2013 Cs. Lajos (1863\u20131918) tan\u00e1r \u00e9s Ga\u00e1l Lenke le\u00e1nya. Testv\u00e9rei: Lajos \u00e9s Attila. F\u00e9rje: 1. Kozma G\u00e9za, heged\u0171m\u0171v\u00e9sz; fi\u00fak: M\u00e1ty\u00e1s; 2. Korpos Ern\u0151, jog\u00e1sz; Gyermekeik: Ern\u0151, J\u00e1nos, Andr\u00e1s. Irod.: Ny\u00e1r\u00e1dszentbenedek<\/p>\n","protected":false},"featured_media":0,"comment_status":"open","ping_status":"closed","template":"","meta":[],"product_brand":[],"product_cat":[137],"product_tag":[],"class_list":{"0":"post-6259","1":"product","2":"type-product","3":"status-publish","5":"product_cat-maros-megyei-eletrajzi-lexikon","7":"first","8":"instock","9":"shipping-taxable","10":"product-type-simple"},"_links":{"self":[{"href":"https:\/\/uj.adatbank.ro\/lexikon\/wp-json\/wp\/v2\/product\/6259","targetHints":{"allow":["GET"]}}],"collection":[{"href":"https:\/\/uj.adatbank.ro\/lexikon\/wp-json\/wp\/v2\/product"}],"about":[{"href":"https:\/\/uj.adatbank.ro\/lexikon\/wp-json\/wp\/v2\/types\/product"}],"replies":[{"embeddable":true,"href":"https:\/\/uj.adatbank.ro\/lexikon\/wp-json\/wp\/v2\/comments?post=6259"}],"wp:attachment":[{"href":"https:\/\/uj.adatbank.ro\/lexikon\/wp-json\/wp\/v2\/media?parent=6259"}],"wp:term":[{"taxonomy":"product_brand","embeddable":true,"href":"https:\/\/uj.adatbank.ro\/lexikon\/wp-json\/wp\/v2\/product_brand?post=6259"},{"taxonomy":"product_cat","embeddable":true,"href":"https:\/\/uj.adatbank.ro\/lexikon\/wp-json\/wp\/v2\/product_cat?post=6259"},{"taxonomy":"product_tag","embeddable":true,"href":"https:\/\/uj.adatbank.ro\/lexikon\/wp-json\/wp\/v2\/product_tag?post=6259"}],"curies":[{"name":"wp","href":"https:\/\/api.w.org\/{rel}","templated":true}]}}