{"id":6264,"date":"2025-06-28T17:46:07","date_gmt":"2025-06-28T15:46:07","guid":{"rendered":"https:\/\/uj.adatbank.ro\/lexikon\/termek\/csiky-zsigmond-alsocsernatoni\/"},"modified":"2025-06-28T17:46:07","modified_gmt":"2025-06-28T15:46:07","slug":"csiky-zsigmond-alsocsernatoni","status":"publish","type":"product","link":"https:\/\/uj.adatbank.ro\/lexikon\/termek\/csiky-zsigmond-alsocsernatoni\/","title":{"rendered":"CS\u00cdKY Zsigmond, als\u00f3csern\u00e1toni"},"content":{"rendered":"<p>1826., \u2020\u00a0Mv., 1903: v\u00e1rmegyei tisztvisel\u0151, \u00e1rvasz\u00e9ki \u00fcln\u00f6k. \u2013 Feles\u00e9ge De\u00e1k Ida, De\u00e1k Ferenc \u00fcgyv\u00e9d le\u00e1nya. \u2013 Mv.-en v\u00e1rmegyei tisztvisel\u0151, majd \u00e1rvasz\u00e9ki \u00fcln\u00f6k volt. R\u00e9szt vett az 1848-as erd\u00e9lyi harcokban, l\u00e1tta Pet\u0151fit is Mv.-en kil\u00e9pni a G\u00f6r\u00f6g h\u00e1zb\u00f3l 1849 nyar\u00e1n, amikor utols\u00f3 \u00fatj\u00e1ra indult. Kar\u00e1csonyfalv\u00e1n h\u00e1zuk, sz\u0151l\u0151j\u00fck, f\u00f6ldj\u00fck volt. <br \/><strong>Irod.:<\/strong> P\u00e1lmay J\u00f3zsef; Sipos<\/br><\/p>\n","protected":false},"excerpt":{"rendered":"<p>1826., \u2020\u00a0Mv., 1903: v\u00e1rmegyei tisztvisel\u0151, \u00e1rvasz\u00e9ki \u00fcln\u00f6k. \u2013 Feles\u00e9ge De\u00e1k Ida, De\u00e1k Ferenc \u00fcgyv\u00e9d le\u00e1nya. \u2013 Mv.-en v\u00e1rmegyei tisztvisel\u0151, majd \u00e1rvasz\u00e9ki \u00fcln\u00f6k volt. R\u00e9szt vett az 1848-as erd\u00e9lyi harcokban, l\u00e1tta Pet\u0151fit is Mv.-en kil\u00e9pni a G\u00f6r\u00f6g h\u00e1zb\u00f3l 1849 nyar\u00e1n, amikor utols\u00f3 \u00fatj\u00e1ra indult. Kar\u00e1csonyfalv\u00e1n h\u00e1zuk, sz\u0151l\u0151j\u00fck, f\u00f6ldj\u00fck volt. Irod.: P\u00e1lmay J\u00f3zsef; Sipos<\/p>\n","protected":false},"featured_media":0,"comment_status":"open","ping_status":"closed","template":"","meta":[],"product_brand":[],"product_cat":[137],"product_tag":[],"class_list":{"0":"post-6264","1":"product","2":"type-product","3":"status-publish","5":"product_cat-maros-megyei-eletrajzi-lexikon","7":"first","8":"instock","9":"shipping-taxable","10":"product-type-simple"},"_links":{"self":[{"href":"https:\/\/uj.adatbank.ro\/lexikon\/wp-json\/wp\/v2\/product\/6264","targetHints":{"allow":["GET"]}}],"collection":[{"href":"https:\/\/uj.adatbank.ro\/lexikon\/wp-json\/wp\/v2\/product"}],"about":[{"href":"https:\/\/uj.adatbank.ro\/lexikon\/wp-json\/wp\/v2\/types\/product"}],"replies":[{"embeddable":true,"href":"https:\/\/uj.adatbank.ro\/lexikon\/wp-json\/wp\/v2\/comments?post=6264"}],"wp:attachment":[{"href":"https:\/\/uj.adatbank.ro\/lexikon\/wp-json\/wp\/v2\/media?parent=6264"}],"wp:term":[{"taxonomy":"product_brand","embeddable":true,"href":"https:\/\/uj.adatbank.ro\/lexikon\/wp-json\/wp\/v2\/product_brand?post=6264"},{"taxonomy":"product_cat","embeddable":true,"href":"https:\/\/uj.adatbank.ro\/lexikon\/wp-json\/wp\/v2\/product_cat?post=6264"},{"taxonomy":"product_tag","embeddable":true,"href":"https:\/\/uj.adatbank.ro\/lexikon\/wp-json\/wp\/v2\/product_tag?post=6264"}],"curies":[{"name":"wp","href":"https:\/\/api.w.org\/{rel}","templated":true}]}}

CSÍKY Zsigmond, alsócsernátoni

<p>1826., † Mv., 1903: vármegyei tisztviselő, árvaszéki ülnök. – Felesége Deák Ida, Deák Ferenc ügyvéd leánya. – Mv.-en vármegyei tisztviselő, majd árvaszéki ülnök volt. Részt vett az 1848-as erdélyi harcokban, látta Petőfit is Mv.-en kilépni a Görög házból 1849 nyarán, amikor utolsó útjára indult. Karácsonyfalván házuk, szőlőjük, földjük volt. <br /><strong>Irod.:</strong> Pálmay József; Sipos</br></p>

<p>1826., † Mv., 1903: vármegyei tisztviselő, árvaszéki ülnök. – Felesége Deák Ida, Deák Ferenc ügyvéd leánya. – Mv.-en vármegyei tisztviselő, majd árvaszéki ülnök volt. Részt vett az 1848-as erdélyi harcokban, látta Petőfit is Mv.-en kilépni a Görög házból 1849 nyarán, amikor utolsó útjára indult. Karácsonyfalván házuk, szőlőjük, földjük volt. Irod.: Pálmay József; Sipos</p>
