{"id":6265,"date":"2025-06-28T17:46:09","date_gmt":"2025-06-28T15:46:09","guid":{"rendered":"https:\/\/uj.adatbank.ro\/lexikon\/termek\/csinadi-istvan\/"},"modified":"2025-06-28T17:46:09","modified_gmt":"2025-06-28T15:46:09","slug":"csinadi-istvan","status":"publish","type":"product","link":"https:\/\/uj.adatbank.ro\/lexikon\/termek\/csinadi-istvan\/","title":{"rendered":"CSIN\u00c1DI Istv\u00e1n"},"content":{"rendered":"<p>? \u2020\u00a0? : ref. lelk\u00e9sz, iskolamester. \u2013 Bonyh\u00e1n tizenhat \u00e9vig szolg\u00e1lt (1748\u201364). Mindent megpr\u00f3b\u00e1lt a zil\u00e1lt gy\u00fclekezet helyre\u00e1ll\u00edt\u00e1sa \u00e9rdek\u00e9ben, nem sok eredm\u00e9nnyel. <br \/><strong>Irod.:<\/strong> Bonyha \u00e9s egyh\u00e1za<\/br><\/p>\n","protected":false},"excerpt":{"rendered":"<p>? \u2020\u00a0? : ref. lelk\u00e9sz, iskolamester. \u2013 Bonyh\u00e1n tizenhat \u00e9vig szolg\u00e1lt (1748\u201364). Mindent megpr\u00f3b\u00e1lt a zil\u00e1lt gy\u00fclekezet helyre\u00e1ll\u00edt\u00e1sa \u00e9rdek\u00e9ben, nem sok eredm\u00e9nnyel. Irod.: Bonyha \u00e9s egyh\u00e1za<\/p>\n","protected":false},"featured_media":0,"comment_status":"open","ping_status":"closed","template":"","meta":[],"product_brand":[],"product_cat":[137],"product_tag":[],"class_list":{"0":"post-6265","1":"product","2":"type-product","3":"status-publish","5":"product_cat-maros-megyei-eletrajzi-lexikon","7":"first","8":"instock","9":"shipping-taxable","10":"product-type-simple"},"_links":{"self":[{"href":"https:\/\/uj.adatbank.ro\/lexikon\/wp-json\/wp\/v2\/product\/6265","targetHints":{"allow":["GET"]}}],"collection":[{"href":"https:\/\/uj.adatbank.ro\/lexikon\/wp-json\/wp\/v2\/product"}],"about":[{"href":"https:\/\/uj.adatbank.ro\/lexikon\/wp-json\/wp\/v2\/types\/product"}],"replies":[{"embeddable":true,"href":"https:\/\/uj.adatbank.ro\/lexikon\/wp-json\/wp\/v2\/comments?post=6265"}],"wp:attachment":[{"href":"https:\/\/uj.adatbank.ro\/lexikon\/wp-json\/wp\/v2\/media?parent=6265"}],"wp:term":[{"taxonomy":"product_brand","embeddable":true,"href":"https:\/\/uj.adatbank.ro\/lexikon\/wp-json\/wp\/v2\/product_brand?post=6265"},{"taxonomy":"product_cat","embeddable":true,"href":"https:\/\/uj.adatbank.ro\/lexikon\/wp-json\/wp\/v2\/product_cat?post=6265"},{"taxonomy":"product_tag","embeddable":true,"href":"https:\/\/uj.adatbank.ro\/lexikon\/wp-json\/wp\/v2\/product_tag?post=6265"}],"curies":[{"name":"wp","href":"https:\/\/api.w.org\/{rel}","templated":true}]}}