{"id":6266,"date":"2025-06-28T17:46:11","date_gmt":"2025-06-28T15:46:11","guid":{"rendered":"https:\/\/uj.adatbank.ro\/lexikon\/termek\/csinadi-istvan-2\/"},"modified":"2025-06-28T17:46:11","modified_gmt":"2025-06-28T15:46:11","slug":"csinadi-istvan-2","status":"publish","type":"product","link":"https:\/\/uj.adatbank.ro\/lexikon\/termek\/csinadi-istvan-2\/","title":{"rendered":"CSIN\u00c1DI Istv\u00e1n"},"content":{"rendered":"<p>P\u00f3ka, 1798., \u2020\u00a0Balav\u00e1s\u00e1r, 1860.: ref. lelk\u00e9sz. \u2013 Iskol\u00e1it Mv.-en v\u00e9gezte a Ref. Koll.-ban. Balav\u00e1s\u00e1ron lett lelkip\u00e1sztor (1829. okt. 20. \u2013 1860). Amikor kit\u00f6rt a koleraj\u00e1rv\u00e1ny (1836. aug. 13), f\u00e9lret\u00e9ve minden f\u00e9lelmet h\u00e1zr\u00f3l h\u00e1zra j\u00e1rt, gy\u00f3gyszert vitt, tan\u00e1csot adott, buzd\u00edtott, \u00edgy meggy\u00f3gy\u00edtott 80 szem\u00e9lyt, meghalt 10. Szolg\u00e1lata ideje alatt megjav\u00edttatta a templomot, iskol\u00e1t, papi lak\u00e1st. A traktus vezet\u0151s\u00e9ge, l\u00e1tva komoly, \u00e1ldozatos munk\u00e1j\u00e1t, bev\u00e1lasztotta a sz\u00e9kez\u0151 b\u00edr\u00e1k soraiba. <br \/><strong>Irod.:<\/strong> Balav\u00e1s\u00e1r \u00e9s egyh\u00e1za<\/br><\/p>\n","protected":false},"excerpt":{"rendered":"<p>P\u00f3ka, 1798., \u2020\u00a0Balav\u00e1s\u00e1r, 1860.: ref. lelk\u00e9sz. \u2013 Iskol\u00e1it Mv.-en v\u00e9gezte a Ref. Koll.-ban. Balav\u00e1s\u00e1ron lett lelkip\u00e1sztor (1829. okt. 20. \u2013 1860). Amikor kit\u00f6rt a koleraj\u00e1rv\u00e1ny (1836. aug. 13), f\u00e9lret\u00e9ve minden f\u00e9lelmet h\u00e1zr\u00f3l h\u00e1zra j\u00e1rt, gy\u00f3gyszert vitt, tan\u00e1csot adott, buzd\u00edtott, \u00edgy meggy\u00f3gy\u00edtott 80 szem\u00e9lyt, meghalt 10. Szolg\u00e1lata ideje alatt megjav\u00edttatta a templomot, iskol\u00e1t, papi lak\u00e1st. A [&hellip;]<\/p>\n","protected":false},"featured_media":0,"comment_status":"open","ping_status":"closed","template":"","meta":[],"product_brand":[],"product_cat":[137],"product_tag":[],"class_list":{"0":"post-6266","1":"product","2":"type-product","3":"status-publish","5":"product_cat-maros-megyei-eletrajzi-lexikon","7":"first","8":"instock","9":"shipping-taxable","10":"product-type-simple"},"_links":{"self":[{"href":"https:\/\/uj.adatbank.ro\/lexikon\/wp-json\/wp\/v2\/product\/6266","targetHints":{"allow":["GET"]}}],"collection":[{"href":"https:\/\/uj.adatbank.ro\/lexikon\/wp-json\/wp\/v2\/product"}],"about":[{"href":"https:\/\/uj.adatbank.ro\/lexikon\/wp-json\/wp\/v2\/types\/product"}],"replies":[{"embeddable":true,"href":"https:\/\/uj.adatbank.ro\/lexikon\/wp-json\/wp\/v2\/comments?post=6266"}],"wp:attachment":[{"href":"https:\/\/uj.adatbank.ro\/lexikon\/wp-json\/wp\/v2\/media?parent=6266"}],"wp:term":[{"taxonomy":"product_brand","embeddable":true,"href":"https:\/\/uj.adatbank.ro\/lexikon\/wp-json\/wp\/v2\/product_brand?post=6266"},{"taxonomy":"product_cat","embeddable":true,"href":"https:\/\/uj.adatbank.ro\/lexikon\/wp-json\/wp\/v2\/product_cat?post=6266"},{"taxonomy":"product_tag","embeddable":true,"href":"https:\/\/uj.adatbank.ro\/lexikon\/wp-json\/wp\/v2\/product_tag?post=6266"}],"curies":[{"name":"wp","href":"https:\/\/api.w.org\/{rel}","templated":true}]}}