{"id":6283,"date":"2025-06-28T17:46:44","date_gmt":"2025-06-28T15:46:44","guid":{"rendered":"https:\/\/uj.adatbank.ro\/lexikon\/termek\/csipkes-tibor-%c2%a7\/"},"modified":"2025-06-28T17:46:44","modified_gmt":"2025-06-28T15:46:44","slug":"csipkes-tibor-%c2%a7","status":"publish","type":"product","link":"https:\/\/uj.adatbank.ro\/lexikon\/termek\/csipkes-tibor-%c2%a7\/","title":{"rendered":"CSIPK\u00c9S Tibor, \u00a7"},"content":{"rendered":"<p>Nagyenyed, 1930. m\u00e1rc. 17. \u2020 Baden-Baden, 1976, \u00e1pr. 30.: orvos. \u2013 Nagyenyeden \u00e9retts\u00e9gizett (1948), az egyetemet a MOGYI-n v\u00e9gezte (1955). Bogd\u00e1ndon k\u00f6rorvos (1954\u201355). Gyakornok a MOGYI Anat\u00f3mia Katedr\u00e1j\u00e1n (1956\u201357); belgy\u00f3gy\u00e1sz szakorvos; \u00fczemorvos Mv-n (1957\u201371); f\u0151orvos Prien Salzgitter-Bad, Baden-Baden-ben (1972\u201376). \u2013 <strong>F. m.:<\/strong> <strong>t\u00e1rssz.:<\/strong> Seb\u00e9szeti m\u0171t\u00e9ttan (Mv., 1958). <br \/><strong>Irod.:<\/strong> Barab\u00e1s-P\u00e9ter M.\u2013P\u00e9ter H. M.; Kiss\u2013P\u00e9terffy\u2013P\u00e9terffy; Todea\u2013F\u00fcl\u00f6p\u2013Avram<\/br><\/p>\n","protected":false},"excerpt":{"rendered":"<p>Nagyenyed, 1930. m\u00e1rc. 17. \u2020 Baden-Baden, 1976, \u00e1pr. 30.: orvos. \u2013 Nagyenyeden \u00e9retts\u00e9gizett (1948), az egyetemet a MOGYI-n v\u00e9gezte (1955). Bogd\u00e1ndon k\u00f6rorvos (1954\u201355). Gyakornok a MOGYI Anat\u00f3mia Katedr\u00e1j\u00e1n (1956\u201357); belgy\u00f3gy\u00e1sz szakorvos; \u00fczemorvos Mv-n (1957\u201371); f\u0151orvos Prien Salzgitter-Bad, Baden-Baden-ben (1972\u201376). \u2013 F. m.: t\u00e1rssz.: Seb\u00e9szeti m\u0171t\u00e9ttan (Mv., 1958). Irod.: Barab\u00e1s-P\u00e9ter M.\u2013P\u00e9ter H. M.; Kiss\u2013P\u00e9terffy\u2013P\u00e9terffy; Todea\u2013F\u00fcl\u00f6p\u2013Avram<\/p>\n","protected":false},"featured_media":0,"comment_status":"open","ping_status":"closed","template":"","meta":[],"product_brand":[],"product_cat":[137],"product_tag":[],"class_list":{"0":"post-6283","1":"product","2":"type-product","3":"status-publish","5":"product_cat-maros-megyei-eletrajzi-lexikon","7":"first","8":"instock","9":"shipping-taxable","10":"product-type-simple"},"_links":{"self":[{"href":"https:\/\/uj.adatbank.ro\/lexikon\/wp-json\/wp\/v2\/product\/6283","targetHints":{"allow":["GET"]}}],"collection":[{"href":"https:\/\/uj.adatbank.ro\/lexikon\/wp-json\/wp\/v2\/product"}],"about":[{"href":"https:\/\/uj.adatbank.ro\/lexikon\/wp-json\/wp\/v2\/types\/product"}],"replies":[{"embeddable":true,"href":"https:\/\/uj.adatbank.ro\/lexikon\/wp-json\/wp\/v2\/comments?post=6283"}],"wp:attachment":[{"href":"https:\/\/uj.adatbank.ro\/lexikon\/wp-json\/wp\/v2\/media?parent=6283"}],"wp:term":[{"taxonomy":"product_brand","embeddable":true,"href":"https:\/\/uj.adatbank.ro\/lexikon\/wp-json\/wp\/v2\/product_brand?post=6283"},{"taxonomy":"product_cat","embeddable":true,"href":"https:\/\/uj.adatbank.ro\/lexikon\/wp-json\/wp\/v2\/product_cat?post=6283"},{"taxonomy":"product_tag","embeddable":true,"href":"https:\/\/uj.adatbank.ro\/lexikon\/wp-json\/wp\/v2\/product_tag?post=6283"}],"curies":[{"name":"wp","href":"https:\/\/api.w.org\/{rel}","templated":true}]}}

CSIPKÉS Tibor, §

<p>Nagyenyed, 1930. márc. 17. † Baden-Baden, 1976, ápr. 30.: orvos. – Nagyenyeden érettségizett (1948), az egyetemet a MOGYI-n végezte (1955). Bogdándon körorvos (1954–55). Gyakornok a MOGYI Anatómia Katedráján (1956–57); belgyógyász szakorvos; üzemorvos Mv-n (1957–71); főorvos Prien Salzgitter-Bad, Baden-Baden-ben (1972–76). – <strong>F. m.:</strong> <strong>társsz.:</strong> Sebészeti műtéttan (Mv., 1958). <br /><strong>Irod.:</strong> Barabás-Péter M.–Péter H. M.; Kiss–Péterffy–Péterffy; Todea–Fülöp–Avram</br></p>

<p>Nagyenyed, 1930. márc. 17. † Baden-Baden, 1976, ápr. 30.: orvos. – Nagyenyeden érettségizett (1948), az egyetemet a MOGYI-n végezte (1955). Bogdándon körorvos (1954–55). Gyakornok a MOGYI Anatómia Katedráján (1956–57); belgyógyász szakorvos; üzemorvos Mv-n (1957–71); főorvos Prien Salzgitter-Bad, Baden-Baden-ben (1972–76). – F. m.: társsz.: Sebészeti műtéttan (Mv., 1958). Irod.: Barabás-Péter M.–Péter H. M.; Kiss–Péterffy–Péterffy; Todea–Fülöp–Avram</p>
