{"id":6296,"date":"2025-06-28T17:47:10","date_gmt":"2025-06-28T15:47:10","guid":{"rendered":"https:\/\/uj.adatbank.ro\/lexikon\/termek\/csiszar-jozsef-2\/"},"modified":"2025-06-28T17:47:10","modified_gmt":"2025-06-28T15:47:10","slug":"csiszar-jozsef-2","status":"publish","type":"product","link":"https:\/\/uj.adatbank.ro\/lexikon\/termek\/csiszar-jozsef-2\/","title":{"rendered":"CSISZ\u00c1R J\u00f3zsef"},"content":{"rendered":"<p>1963. okt. 20.: \u00e9p\u00edt\u00e9sz, publicista. \u2013 id. Cs. Lajos, k\u0151farag\u00f3 v\u00e1llalkoz\u00f3 \u00e9s szin\u00e9rv\u00e1raljai Gyulai Zsuzsanna (1850 \u2013 Mv., 1930. j\u00fan. 13.) fia. Testv\u00e9rei: Berta Marcziny\u00e1k S\u00e1ndorn\u00e9; J\u00f3zsef, feles\u00e9ge: Kiss Mariska; Mariska Lomny\u00e1nszky Tiborn\u00e9. Feles\u00e9ge: V\u00e1radi Irma. \u2013 A k\u00f6z\u00e9piskol\u00e1t Mv.-en v\u00e9gezte, Bp.-en a fels\u0151 \u00e9p\u00edt\u0151ipari iskol\u00e1ban tanult, majd a mv.-i Kereskedelmi \u00e9s Iparkamara \u00f6szt\u00f6nd\u00edj\u00e1val P\u00e1rizsban az \u00c9cole des Beaux-Arts \u00e9p\u00edt\u00e9szeti oszt\u00e1ly\u00e1n k\u00e9pezt\u00e9k tov\u00e1bb (1896\u2013), \u00e9s Bp.-en \u00e9p\u00edt\u0151mesteri vizsg\u00e1t tett (1902). A dics\u0151szentm\u00e1rtoni r. k. templom \u00e9p\u00edt\u00e9s\u00e9nek ir\u00e1ny\u00edt\u00f3ja (1898\u201399). K\u00fclf\u00f6ldi tanulm\u00e1ny\u00fatjai (Anglia, Franciao., Olaszo., N\u00e9meto., Belgium) ut\u00e1n Mv.-en \u00e9p\u00edtkez\u00e9si v\u00e1llalatot (1899), tervez\u0151 \u00e9s kivitelez\u0151 irod\u00e1t nyitott (1902\u2013), 300. k. alkalmazottja volt. Az els\u0151 mv.-i v\u00e1rosi zeneiskol\u00e1nak adott otthont h\u00e1za (De\u00e1k Ferenc u. 40., mai Gy\u0151zelem t\u00e9ren), aminek tervez\u0151je \u00e9s fel\u00e9p\u00edt\u0151je volt, k\u00e9t r\u00e9gi h\u00e1z lebontott ter\u00fclet\u00e9re \u00e9p\u00edtette, \u00e9s a f\u00f6ldszinten kereskedelmi egys\u00e9get is l\u00e9tes\u00edtett (1901). A mv.-i V\u00e1rosh\u00e1za \u00e9p\u00edt\u00e9s\u00e9re ki\u00edrt kivitelez\u00e9si p\u00e1ly\u00e1zatot megnyerte (1906. j\u00fan.) \u00e9s megkapta a megb\u00edz\u00e1st az \u00e9p\u00edt\u00e9sre, a kivitelez\u00e9s k\u00e9t \u00e9vet vett ig\u00e9nybe. Elk\u00e9sz\u00edtette a tan\u00e1csh\u00e1z \u00e9p\u00edt\u00e9s\u00e9nek \u00fctemterv\u00e9t. A p\u00e9csi Zsolnay c\u00e9g sz\u00e1ll\u00edtotta az el\u0151regy\u00e1rtott ker\u00e1miai homlokzatd\u00edszek elemeit, a cserepeket, Mestitz Mih\u00e1ly c\u00e9ge a d\u00edszes asztalosmunka darabokat, R\u00f3th Miksa a sz\u00ednes \u00fcvegfestm\u00e9nyeket. A mv.-i Kereskedelmi \u00e9s Iparkamara sz\u00e9kh\u00e1za \u00e9p\u00edt\u00e9s\u00e9re ki\u00edrt p\u00e1ly\u00e1zat els\u0151 d\u00edj\u00e1t nyerte (1909. j\u00fan.), a kivitelez\u00e9si tervekre. Thoroczkai Wigand Ede kapta a megb\u00edz\u00e1st. A Ref. Koll. f\u0151\u00e9p\u00fclet\u00e9nek, elemi iskol\u00e1j\u00e1nak, tornacsarnok\u00e1nak \u00e9s a bentlak\u00e1s \u00e9p\u00fclet\u00e9nek f\u0151 kivitelez\u0151je (1908\u201311), az asztalos-, lakatos- \u00e9s m\u00e1zol\u00f3munk\u00e1k kiv\u00e9telezez\u00e9s\u00e9vel. Megalakult eln\u00f6ket\u00e9vel a ipar \u2013 \u00e9s v\u00e1rosfeleszt\u00e9si c\u00e9lokkal. A v\u00e1ros legnagyobb v\u00e1llalatai k\u00f6zt tartott\u00e1k sz\u00e1mon 300 munk\u00e1ssal dolgozott (1911). Szorgalmazta a m. tanoncotthon\u00e9p\u00edt\u00e9s\u00e9t, amelyet tekint\u00e9lyes \u00f6sszeggel t\u00e1mogatott is (1911). Kivitelezte az \u00e1ltala tervezett \u00c1llami Gyermekmenhely \u00e9p\u00fclet\u00e9t, a Ref. Koll. \u00faj \u00e9p\u00fclet\u00e9t \u00e9s tornacsarnok\u00e1t So\u00f3s P\u00e1llal (1908\u201312), a R. K. F\u0151gimn. \u00e9p\u00fclet\u00e9t, a Kn\u00f6pfler Vilmos utcai ortodox zsinag\u00f3g\u00e1t, a Szentgy\u00f6rgy- utcai elemi iskol\u00e1t, a R\u00e9gibaromv\u00e1s\u00e1r utcai elemi iskol\u00e1t, a v\u00e1rosi K\u00f6zv\u00e1g\u00f3hid \u00e9p\u00fcleteit, a Csapatk\u00f3rh\u00e1zat a Hunyadi J\u00e1nos utc\u00e1ban, a V\u00e1rosi T\u00e9glagy\u00e1r iroda\u00e9p\u00fclet\u00e9t, a V\u00edzm\u0171vek v\u00edztelepi \u00e9p\u00fclet\u00e9t, a s\u00e1romberki Teleki kast\u00e9ly egy r\u00e9sz\u00e9t, a s\u00e1romberki papilakot. A mv.-i \u00c9p\u00edt\u0151iparosok Sz\u00f6vets\u00e9g\u00e9nek sz\u00e9kh\u00e1z\u00e1t tervezte. A Csisz\u00e1r-h\u00e1zat \u00e9s a Csonka vill\u00e1t a S\u00e1ndor J\u00e1nos utc\u00e1ban, a Csisz\u00e1r-V\u00e1radi vill\u00e1t a Lajos kir. u.-ban, a Kem\u00e9ny Zsigmond u.-i h\u00e1zakat (\u201eB\u201d kateg\u00f3ri\u00e1s m\u0171eml\u00e9k a Rodnei, volt Kem\u00e9y Zsigmond u. 12, 14, 22, 25. sz.; 1913) \u00e9p\u00edtette. A Sz\u00e9kely Iparos f\u0151szerk.-je (1906\u201308) \u00e9s a V\u00e1s\u00e1rhelyi Napl\u00f3 (1908\u201309) munkat\u00e1rsa, dolgozott Erd\u00e9lyi Iparosok Lapja \u2013n\u00e1l is. S\u00fcrgette a Sz\u00e9kelyf\u00f6ld iparos\u00edt\u00e1s\u00e1t \u00e9s m\u0171egyetem fel\u00e1ll\u00edt\u00e1s\u00e1t, az ipar \u00e9s kereskedelem meger\u0151s\u00edt\u00e9s\u00e9nek \u00e9rdek\u00e9ben f\u00fczetet adott ki (1913). Az I. vh. ut\u00e1n vagyon\u00e1t elvesztette, a tanoncotthon gondnokak\u00e9nt tartotta fenn mag\u00e1t (1928\u201344). A v\u00e1rmegyei \u00e9s v\u00e1rosi tan\u00e1cstag (1910), a Mv.-i \u00e9s Vid\u00e9ki \u00c9p\u00edt\u0151iparosok Sz\u00f6vets\u00e9ge egyik alap\u00edt\u00f3 tagja, hossz\u00fa id\u0151n \u00e1t eln\u00f6ke (\u20131919), d\u00edszeln\u00f6ke (1928), ezen id\u0151 alatt \u00e9p\u00fclt fel a M. Iparostanul\u00f3 Otthon. A Kereskedelmi \u00e9s Iparkamara tagja, T\u00f6rv\u00e9nyhat\u00f3s\u00e1gi Bizotts\u00e1gi tag. A KZST v\u00e1lasztm\u00e1nyi tagja, ahol Az \u00e9p\u00edt\u0151k\u00f6vek vallom\u00e1sai c. tartott el\u0151ad\u00e1st. Az Erd\u00e9lyi Helikon mv.-i tagjai k\u00f6zt szerepelt (1930). A Mv.-i Kaszin\u00f3 v\u00e1lasztm\u00e1nyi tagja (1932). A m. technika \u00e1lland\u00f3 propag\u00e1l\u00f3ja volt, a ref. egyh\u00e1z presbitere \u00e9s m\u00e9g sz\u00e1mos egyes\u00fclet m\u0171k\u00f6d\u00e9s\u00e9ben vett r\u00e9szt. A Rom\u00e1niai \u00c9p\u00edt\u0151iparosok Sz\u00f6vets\u00e9ge eln\u00f6kek\u00e9nt \u00e9p\u00edt\u00e9szeti vil\u00e1gkongresszuson vett r\u00e9szt Berlinben \u00e9s ott el\u0151ad\u00e1st tartott (1931). Szak- \u00e9s szoci\u00f3logiai cikkei bel \u00e9s k\u00fclf\u00f6ldi szaklapokban jelentek meg. \u2013 <strong>F. m.:<\/strong> Az ipar \u00e9s kereskedelem meger\u0151s\u00f6d\u00e9s\u00e9nek akad\u00e1lyai Magyarorsz\u00e1gon: A Sz\u00e9kelyf\u00f6ld iparos\u00edt\u00e1sa (Mv., 1913); \u00c1rkartelek \u00e9s Rom\u00e1nia k\u00f6zgazdas\u00e1ga (Oradea, 1933); <strong>t\u00e1rssz.:<\/strong> Gazdas\u00e1gi s\u00e9relmeink \u00e9s kiv\u00e1ns\u00e1gaink (Dics\u0151szent-M\u00e1rton, 1926); Gazdas\u00e1gi s\u00e9relmeink \u00e9s kiv\u00e1ns\u00e1gaink (Kv., 1928); Gazdas\u00e1gi s\u00e9relmeink \u00e9s kiv\u00e1ns\u00e1gaink (Kv., 1930). <br \/><strong>Irod.:<\/strong> A 100 \u00e9ves Reform\u00e1tus Koll\u00e9giumr\u00f3l = Nemes Gyula. A k\u00f6z\u00f6ss\u00e9g\u00e9rt tenni \u00e9rdemes! (Mv., 2017); Bern\u00e1dy; Bi\u00e1s Istv\u00e1n; Csepreghy 2010; Filep; Guly\u00e1s; Gy\u00e1szjelent\u0151 Id\u0151t\u00e1r 2\u00a0; Id\u0151t\u00e1r 3; Marosi-Helikon; Marosi-KZST; Keresztes; Kereszetes Gyula: A mv.-i Kereskedelmi \u00e9s Iparkamara \u00e9p\u00fclete (Erd\u00e9lyi Figyel\u0151, 1. sz., 1994); Kereszetes Gyula: Szecesszi\u00f3 Mv.-en 4.: A V\u00e1rosh\u00e1za (N\u00fa., 1991. okt. 26.); Keresztes Gyula: Szecesszi\u00f3 Mv.-en: 5.: K\u00f6zm\u0171vel\u0151d\u00e9si h\u00e1z 1. (N\u00fa., 1991. nov. 23.); Kereszetes Gyula: Szecesszi\u00f3 Mv.-en 6.: A st\u00edlus folytat\u00e1sa (N\u00fa., 1992. febr. 1.); Kereszetes Gyula: A tornyos V\u00e1rosh\u00e1za \u00e9p\u00edt\u00e9s\u00e9nek 100. \u00e9vfordul\u00f3j\u00e1ra (N\u00fa., Sz\u00ednes Vil\u00e1g, 2007. m\u00e1j. 26.); Ki kicsoda\u00a0?; Man: Tg. M. 2., 3.; Maros megyei m. -s\u00e1g. 4.; Marosi Ildik\u00f3; M\u00c9L; Molter 2., 3.; Mv. m\u0171v. v\u00e1r.; Mv. r\u00e9gi V\u00e1rosh\u00e1za; Mv. V\u00e1rosh\u00e1za; Oniga Erika: A marosv\u00e1s\u00e1rhelyi Reform\u00e1tus Koll\u00e9gium Nagy Gy\u0151z\u0151 \u00e1ltal tervezett mell\u00e9k\u00e9p\u00fcletei (1908\u20131911) = T\u00e1gul\u00f3 horizont; Pan\u0103; RMIL; S\u00e1romberke; Todea\u2013F\u00fcl\u00f6p\u2013Avram; \u00dcnnepi k\u00f6nyv; Valori mure\u015fene de patrimoniu; Visnai<\/br><\/p>\n","protected":false},"excerpt":{"rendered":"<p>1963. okt. 20.: \u00e9p\u00edt\u00e9sz, publicista. \u2013 id. Cs. Lajos, k\u0151farag\u00f3 v\u00e1llalkoz\u00f3 \u00e9s szin\u00e9rv\u00e1raljai Gyulai Zsuzsanna (1850 \u2013 Mv., 1930. j\u00fan. 13.) fia. Testv\u00e9rei: Berta Marcziny\u00e1k S\u00e1ndorn\u00e9; J\u00f3zsef, feles\u00e9ge: Kiss Mariska; Mariska Lomny\u00e1nszky Tiborn\u00e9. Feles\u00e9ge: V\u00e1radi Irma. \u2013 A k\u00f6z\u00e9piskol\u00e1t Mv.-en v\u00e9gezte, Bp.-en a fels\u0151 \u00e9p\u00edt\u0151ipari iskol\u00e1ban tanult, majd a mv.-i Kereskedelmi \u00e9s Iparkamara \u00f6szt\u00f6nd\u00edj\u00e1val P\u00e1rizsban [&hellip;]<\/p>\n","protected":false},"featured_media":0,"comment_status":"open","ping_status":"closed","template":"","meta":[],"product_brand":[],"product_cat":[137],"product_tag":[],"class_list":{"0":"post-6296","1":"product","2":"type-product","3":"status-publish","5":"product_cat-maros-megyei-eletrajzi-lexikon","7":"first","8":"instock","9":"shipping-taxable","10":"product-type-simple"},"_links":{"self":[{"href":"https:\/\/uj.adatbank.ro\/lexikon\/wp-json\/wp\/v2\/product\/6296","targetHints":{"allow":["GET"]}}],"collection":[{"href":"https:\/\/uj.adatbank.ro\/lexikon\/wp-json\/wp\/v2\/product"}],"about":[{"href":"https:\/\/uj.adatbank.ro\/lexikon\/wp-json\/wp\/v2\/types\/product"}],"replies":[{"embeddable":true,"href":"https:\/\/uj.adatbank.ro\/lexikon\/wp-json\/wp\/v2\/comments?post=6296"}],"wp:attachment":[{"href":"https:\/\/uj.adatbank.ro\/lexikon\/wp-json\/wp\/v2\/media?parent=6296"}],"wp:term":[{"taxonomy":"product_brand","embeddable":true,"href":"https:\/\/uj.adatbank.ro\/lexikon\/wp-json\/wp\/v2\/product_brand?post=6296"},{"taxonomy":"product_cat","embeddable":true,"href":"https:\/\/uj.adatbank.ro\/lexikon\/wp-json\/wp\/v2\/product_cat?post=6296"},{"taxonomy":"product_tag","embeddable":true,"href":"https:\/\/uj.adatbank.ro\/lexikon\/wp-json\/wp\/v2\/product_tag?post=6296"}],"curies":[{"name":"wp","href":"https:\/\/api.w.org\/{rel}","templated":true}]}}

CSISZÁR József

<p>1963. okt. 20.: építész, publicista. – id. Cs. Lajos, kőfaragó vállalkozó és szinérváraljai Gyulai Zsuzsanna (1850 – Mv., 1930. jún. 13.) fia. Testvérei: Berta Marczinyák Sándorné; József, felesége: Kiss Mariska; Mariska Lomnyánszky Tiborné. Felesége: Váradi Irma. – A középiskolát Mv.-en végezte, Bp.-en a felső építőipari iskolában tanult, majd a mv.-i Kereskedelmi és Iparkamara ösztöndíjával Párizsban az École des Beaux-Arts építészeti osztályán képezték tovább (1896–), és Bp.-en építőmesteri vizsgát tett (1902). A dicsőszentmártoni r. k. templom építésének irányítója (1898–99). Külföldi tanulmányútjai (Anglia, Franciao., Olaszo., Németo., Belgium) után Mv.-en építkezési vállalatot (1899), tervező és kivitelező irodát nyitott (1902–), 300. k. alkalmazottja volt. Az első mv.-i városi zeneiskolának adott otthont háza (Deák Ferenc u. 40., mai Győzelem téren), aminek tervezője és felépítője volt, két régi ház lebontott területére építette, és a földszinten kereskedelmi egységet is létesített (1901). A mv.-i Városháza építésére kiírt kivitelezési pályázatot megnyerte (1906. jún.) és megkapta a megbízást az építésre, a kivitelezés két évet vett igénybe. Elkészítette a tanácsház építésének ütemtervét. A pécsi Zsolnay cég szállította az előregyártott kerámiai homlokzatdíszek elemeit, a cserepeket, Mestitz Mihály cége a díszes asztalosmunka darabokat, Róth Miksa a színes üvegfestményeket. A mv.-i Kereskedelmi és Iparkamara székháza építésére kiírt pályázat első díját nyerte (1909. jún.), a kivitelezési tervekre. Thoroczkai Wigand Ede kapta a megbízást. A Ref. Koll. főépületének, elemi iskolájának, tornacsarnokának és a bentlakás épületének fő kivitelezője (1908–11), az asztalos-, lakatos- és mázolómunkák kivételezezésével. Megalakult elnöketével a ipar – és városfelesztési célokkal. A város legnagyobb vállalatai közt tartották számon 300 munkással dolgozott (1911). Szorgalmazta a m. tanoncotthonépítését, amelyet tekintélyes összeggel támogatott is (1911). Kivitelezte az általa tervezett Állami Gyermekmenhely épületét, a Ref. Koll. új épületét és tornacsarnokát Soós Pállal (1908–12), a R. K. Főgimn. épületét, a Knöpfler Vilmos utcai ortodox zsinagógát, a Szentgyörgy- utcai elemi iskolát, a Régibaromvásár utcai elemi iskolát, a városi Közvágóhid épületeit, a Csapatkórházat a Hunyadi János utcában, a Városi Téglagyár irodaépületét, a Vízművek víztelepi épületét, a sáromberki Teleki kastély egy részét, a sáromberki papilakot. A mv.-i Építőiparosok Szövetségének székházát tervezte. A Csiszár-házat és a Csonka villát a Sándor János utcában, a Csiszár-Váradi villát a Lajos kir. u.-ban, a Kemény Zsigmond u.-i házakat („B” kategóriás műemlék a Rodnei, volt Keméy Zsigmond u. 12, 14, 22, 25. sz.; 1913) építette. A Székely Iparos főszerk.-je (1906–08) és a Vásárhelyi Napló (1908–09) munkatársa, dolgozott Erdélyi Iparosok Lapja –nál is. Sürgette a Székelyföld iparosítását és műegyetem felállítását, az ipar és kereskedelem megerősítésének érdekében füzetet adott ki (1913). Az I. vh. után vagyonát elvesztette, a tanoncotthon gondnokaként tartotta fenn magát (1928–44). A vármegyei és városi tanácstag (1910), a Mv.-i és Vidéki Építőiparosok Szövetsége egyik alapító tagja, hosszú időn át elnöke (–1919), díszelnöke (1928), ezen idő alatt épült fel a M. Iparostanuló Otthon. A Kereskedelmi és Iparkamara tagja, Törvényhatósági Bizottsági tag. A KZST választmányi tagja, ahol Az építőkövek vallomásai c. tartott előadást. Az Erdélyi Helikon mv.-i tagjai közt szerepelt (1930). A Mv.-i Kaszinó választmányi tagja (1932). A m. technika állandó propagálója volt, a ref. egyház presbitere és még számos egyesület működésében vett részt. A Romániai Építőiparosok Szövetsége elnökeként építészeti világkongresszuson vett részt Berlinben és ott előadást tartott (1931). Szak- és szociólogiai cikkei bel és külföldi szaklapokban jelentek meg. – <strong>F. m.:</strong> Az ipar és kereskedelem megerősödésének akadályai Magyarországon: A Székelyföld iparosítása (Mv., 1913); Árkartelek és Románia közgazdasága (Oradea, 1933); <strong>társsz.:</strong> Gazdasági sérelmeink és kivánságaink (Dicsőszent-Márton, 1926); Gazdasági sérelmeink és kivánságaink (Kv., 1928); Gazdasági sérelmeink és kivánságaink (Kv., 1930). <br /><strong>Irod.:</strong> A 100 éves Református Kollégiumról = Nemes Gyula. A közösségért tenni érdemes! (Mv., 2017); Bernády; Biás István; Csepreghy 2010; Filep; Gulyás; Gyászjelentő Időtár 2 ; Időtár 3; Marosi-Helikon; Marosi-KZST; Keresztes; Kereszetes Gyula: A mv.-i Kereskedelmi és Iparkamara épülete (Erdélyi Figyelő, 1. sz., 1994); Kereszetes Gyula: Szecesszió Mv.-en 4.: A Városháza (Nú., 1991. okt. 26.); Keresztes Gyula: Szecesszió Mv.-en: 5.: Közművelődési ház 1. (Nú., 1991. nov. 23.); Kereszetes Gyula: Szecesszió Mv.-en 6.: A stílus folytatása (Nú., 1992. febr. 1.); Kereszetes Gyula: A tornyos Városháza építésének 100. évfordulójára (Nú., Színes Világ, 2007. máj. 26.); Ki kicsoda ?; Man: Tg. M. 2., 3.; Maros megyei m. -ság. 4.; Marosi Ildikó; MÉL; Molter 2., 3.; Mv. műv. vár.; Mv. régi Városháza; Mv. Városháza; Oniga Erika: A marosvásárhelyi Református Kollégium Nagy Győző által tervezett melléképületei (1908–1911) = Táguló horizont; Pană; RMIL; Sáromberke; Todea–Fülöp–Avram; Ünnepi könyv; Valori mureşene de patrimoniu; Visnai</br></p>

<p>1963. okt. 20.: építész, publicista. – id. Cs. Lajos, kőfaragó vállalkozó és szinérváraljai Gyulai Zsuzsanna (1850 – Mv., 1930. jún. 13.) fia. Testvérei: Berta Marczinyák Sándorné; József, felesége: Kiss Mariska; Mariska Lomnyánszky Tiborné. Felesége: Váradi Irma. – A középiskolát Mv.-en végezte, Bp.-en a felső építőipari iskolában tanult, majd a mv.-i Kereskedelmi és Iparkamara ösztöndíjával Párizsban [&hellip;]</p>
