{"id":6298,"date":"2025-06-28T17:47:14","date_gmt":"2025-06-28T15:47:14","guid":{"rendered":"https:\/\/uj.adatbank.ro\/lexikon\/termek\/csiszar-lajos-dr\/"},"modified":"2025-06-28T17:47:14","modified_gmt":"2025-06-28T15:47:14","slug":"csiszar-lajos-dr","status":"publish","type":"product","link":"https:\/\/uj.adatbank.ro\/lexikon\/termek\/csiszar-lajos-dr\/","title":{"rendered":"CSISZ\u00c1R Lajos, dr."},"content":{"rendered":"<p>Mv., 1926., \u2020\u00a0Mv., 1996 : orvos. \u2013 Dr. Csisz\u00e1r S\u00e1ndor \u00f6ccse (1894\u20131943). \u2013 Mv.-en a Ref. Koll.-ban, ut\u00e1na a MOGYI \u2013ban v\u00e9gzett, szerzett diplom\u00e1t (1950). A II. N\u0151gy\u00f3gy\u00e1szati Klinik\u00e1n orvos (1953\u20131859), \u00e9s hal\u00e1l\u00e1ig k\u00f6rzeti orvos. <br \/><strong>Irod.:<\/strong> Csepreghy A. &#8211; Cs. H;. Kiss Cs. M 4.<\/br><\/p>\n","protected":false},"excerpt":{"rendered":"<p>Mv., 1926., \u2020\u00a0Mv., 1996 : orvos. \u2013 Dr. Csisz\u00e1r S\u00e1ndor \u00f6ccse (1894\u20131943). \u2013 Mv.-en a Ref. Koll.-ban, ut\u00e1na a MOGYI \u2013ban v\u00e9gzett, szerzett diplom\u00e1t (1950). A II. N\u0151gy\u00f3gy\u00e1szati Klinik\u00e1n orvos (1953\u20131859), \u00e9s hal\u00e1l\u00e1ig k\u00f6rzeti orvos. Irod.: Csepreghy A. &#8211; Cs. H;. Kiss Cs. M 4.<\/p>\n","protected":false},"featured_media":0,"comment_status":"open","ping_status":"closed","template":"","meta":[],"product_brand":[],"product_cat":[137],"product_tag":[],"class_list":{"0":"post-6298","1":"product","2":"type-product","3":"status-publish","5":"product_cat-maros-megyei-eletrajzi-lexikon","7":"first","8":"instock","9":"shipping-taxable","10":"product-type-simple"},"_links":{"self":[{"href":"https:\/\/uj.adatbank.ro\/lexikon\/wp-json\/wp\/v2\/product\/6298","targetHints":{"allow":["GET"]}}],"collection":[{"href":"https:\/\/uj.adatbank.ro\/lexikon\/wp-json\/wp\/v2\/product"}],"about":[{"href":"https:\/\/uj.adatbank.ro\/lexikon\/wp-json\/wp\/v2\/types\/product"}],"replies":[{"embeddable":true,"href":"https:\/\/uj.adatbank.ro\/lexikon\/wp-json\/wp\/v2\/comments?post=6298"}],"wp:attachment":[{"href":"https:\/\/uj.adatbank.ro\/lexikon\/wp-json\/wp\/v2\/media?parent=6298"}],"wp:term":[{"taxonomy":"product_brand","embeddable":true,"href":"https:\/\/uj.adatbank.ro\/lexikon\/wp-json\/wp\/v2\/product_brand?post=6298"},{"taxonomy":"product_cat","embeddable":true,"href":"https:\/\/uj.adatbank.ro\/lexikon\/wp-json\/wp\/v2\/product_cat?post=6298"},{"taxonomy":"product_tag","embeddable":true,"href":"https:\/\/uj.adatbank.ro\/lexikon\/wp-json\/wp\/v2\/product_tag?post=6298"}],"curies":[{"name":"wp","href":"https:\/\/api.w.org\/{rel}","templated":true}]}}