{"id":6299,"date":"2025-06-28T17:47:16","date_gmt":"2025-06-28T15:47:16","guid":{"rendered":"https:\/\/uj.adatbank.ro\/lexikon\/termek\/csiszar-laszlo\/"},"modified":"2025-06-28T17:47:16","modified_gmt":"2025-06-28T15:47:16","slug":"csiszar-laszlo","status":"publish","type":"product","link":"https:\/\/uj.adatbank.ro\/lexikon\/termek\/csiszar-laszlo\/","title":{"rendered":"CSISZ\u00c1R L\u00e1szl\u00f3"},"content":{"rendered":"<p>1929. \u2020\u00a01991.: orvos. \u2013 Mv.-en v\u00e9gzett a MOGYI-ban (1954). Gyergy\u00f3remet\u00e9n k\u00f6rzeti orvos (1954\u201359), Mv.-en k\u00f6rzeti orvos (1959-nyugd\u00edjaz\u00e1s\u00e1ig). <br \/><strong>Irod.:<\/strong> Kiss\u2013P\u00e9terffy\u2013P\u00e9terffy; <\/br><\/p>\n","protected":false},"excerpt":{"rendered":"<p>1929. \u2020\u00a01991.: orvos. \u2013 Mv.-en v\u00e9gzett a MOGYI-ban (1954). Gyergy\u00f3remet\u00e9n k\u00f6rzeti orvos (1954\u201359), Mv.-en k\u00f6rzeti orvos (1959-nyugd\u00edjaz\u00e1s\u00e1ig). Irod.: Kiss\u2013P\u00e9terffy\u2013P\u00e9terffy;<\/p>\n","protected":false},"featured_media":0,"comment_status":"open","ping_status":"closed","template":"","meta":[],"product_brand":[],"product_cat":[137],"product_tag":[],"class_list":{"0":"post-6299","1":"product","2":"type-product","3":"status-publish","5":"product_cat-maros-megyei-eletrajzi-lexikon","7":"first","8":"instock","9":"shipping-taxable","10":"product-type-simple"},"_links":{"self":[{"href":"https:\/\/uj.adatbank.ro\/lexikon\/wp-json\/wp\/v2\/product\/6299","targetHints":{"allow":["GET"]}}],"collection":[{"href":"https:\/\/uj.adatbank.ro\/lexikon\/wp-json\/wp\/v2\/product"}],"about":[{"href":"https:\/\/uj.adatbank.ro\/lexikon\/wp-json\/wp\/v2\/types\/product"}],"replies":[{"embeddable":true,"href":"https:\/\/uj.adatbank.ro\/lexikon\/wp-json\/wp\/v2\/comments?post=6299"}],"wp:attachment":[{"href":"https:\/\/uj.adatbank.ro\/lexikon\/wp-json\/wp\/v2\/media?parent=6299"}],"wp:term":[{"taxonomy":"product_brand","embeddable":true,"href":"https:\/\/uj.adatbank.ro\/lexikon\/wp-json\/wp\/v2\/product_brand?post=6299"},{"taxonomy":"product_cat","embeddable":true,"href":"https:\/\/uj.adatbank.ro\/lexikon\/wp-json\/wp\/v2\/product_cat?post=6299"},{"taxonomy":"product_tag","embeddable":true,"href":"https:\/\/uj.adatbank.ro\/lexikon\/wp-json\/wp\/v2\/product_tag?post=6299"}],"curies":[{"name":"wp","href":"https:\/\/api.w.org\/{rel}","templated":true}]}}