{"id":6307,"date":"2025-06-28T17:47:36","date_gmt":"2025-06-28T15:47:36","guid":{"rendered":"https:\/\/uj.adatbank.ro\/lexikon\/termek\/csiszer-ferenc\/"},"modified":"2025-06-28T17:47:36","modified_gmt":"2025-06-28T15:47:36","slug":"csiszer-ferenc","status":"publish","type":"product","link":"https:\/\/uj.adatbank.ro\/lexikon\/termek\/csiszer-ferenc\/","title":{"rendered":"CSISZ\u00c9R Ferenc"},"content":{"rendered":"<p>? \u2020\u00a0? : tan\u00edt\u00f3, karnagy. \u2013 Sz\u00e1szr\u00e9genben a r. k. iskola tan\u00edt\u00f3ja volt (1879\u201315). L\u00e9trehozta az els\u0151 Sz\u00e1szr\u00e9geni M. Polg\u00e1ri Dalk\u00f6rt, \u00e9s f\u00e9rfi k\u00f3rus\u00e1nak karnagya (1883. j\u00fal. 29. \u2013). A nagyk\u00f6z\u00f6ns\u00e9g el\u0151tt el\u0151sz\u00f6r l\u00e9pett fel (1884. nov. 23.). Sz\u00e1mos dalesten, sz\u00edniel\u0151ad\u00e1son, b\u00e1lon, jubileumi \u00fcnnep\u00e9lyen, dal\u00e1rdaversenyen szerepeltek. R\u00e9szt vett a megyei \u00e9s orsz\u00e1gos tal\u00e1lkoz\u00f3kon, versenyeken, sz\u00e9p sikereket mutatva fel. <br \/><strong>Irod.:<\/strong> Sz\u00e1szr\u00e9gen \u00e9s vid\u00e9ke<\/br><\/p>\n","protected":false},"excerpt":{"rendered":"<p>? \u2020\u00a0? : tan\u00edt\u00f3, karnagy. \u2013 Sz\u00e1szr\u00e9genben a r. k. iskola tan\u00edt\u00f3ja volt (1879\u201315). L\u00e9trehozta az els\u0151 Sz\u00e1szr\u00e9geni M. Polg\u00e1ri Dalk\u00f6rt, \u00e9s f\u00e9rfi k\u00f3rus\u00e1nak karnagya (1883. j\u00fal. 29. \u2013). A nagyk\u00f6z\u00f6ns\u00e9g el\u0151tt el\u0151sz\u00f6r l\u00e9pett fel (1884. nov. 23.). Sz\u00e1mos dalesten, sz\u00edniel\u0151ad\u00e1son, b\u00e1lon, jubileumi \u00fcnnep\u00e9lyen, dal\u00e1rdaversenyen szerepeltek. R\u00e9szt vett a megyei \u00e9s orsz\u00e1gos tal\u00e1lkoz\u00f3kon, versenyeken, sz\u00e9p [&hellip;]<\/p>\n","protected":false},"featured_media":0,"comment_status":"open","ping_status":"closed","template":"","meta":[],"product_brand":[],"product_cat":[137],"product_tag":[],"class_list":{"0":"post-6307","1":"product","2":"type-product","3":"status-publish","5":"product_cat-maros-megyei-eletrajzi-lexikon","7":"first","8":"instock","9":"shipping-taxable","10":"product-type-simple"},"_links":{"self":[{"href":"https:\/\/uj.adatbank.ro\/lexikon\/wp-json\/wp\/v2\/product\/6307","targetHints":{"allow":["GET"]}}],"collection":[{"href":"https:\/\/uj.adatbank.ro\/lexikon\/wp-json\/wp\/v2\/product"}],"about":[{"href":"https:\/\/uj.adatbank.ro\/lexikon\/wp-json\/wp\/v2\/types\/product"}],"replies":[{"embeddable":true,"href":"https:\/\/uj.adatbank.ro\/lexikon\/wp-json\/wp\/v2\/comments?post=6307"}],"wp:attachment":[{"href":"https:\/\/uj.adatbank.ro\/lexikon\/wp-json\/wp\/v2\/media?parent=6307"}],"wp:term":[{"taxonomy":"product_brand","embeddable":true,"href":"https:\/\/uj.adatbank.ro\/lexikon\/wp-json\/wp\/v2\/product_brand?post=6307"},{"taxonomy":"product_cat","embeddable":true,"href":"https:\/\/uj.adatbank.ro\/lexikon\/wp-json\/wp\/v2\/product_cat?post=6307"},{"taxonomy":"product_tag","embeddable":true,"href":"https:\/\/uj.adatbank.ro\/lexikon\/wp-json\/wp\/v2\/product_tag?post=6307"}],"curies":[{"name":"wp","href":"https:\/\/api.w.org\/{rel}","templated":true}]}}

CSISZÉR Ferenc

<p>? † ? : tanító, karnagy. – Szászrégenben a r. k. iskola tanítója volt (1879–15). Létrehozta az első Szászrégeni M. Polgári Dalkört, és férfi kórusának karnagya (1883. júl. 29. –). A nagyközönség előtt először lépett fel (1884. nov. 23.). Számos dalesten, színielőadáson, bálon, jubileumi ünnepélyen, dalárdaversenyen szerepeltek. Részt vett a megyei és országos találkozókon, versenyeken, szép sikereket mutatva fel. <br /><strong>Irod.:</strong> Szászrégen és vidéke</br></p>

<p>? † ? : tanító, karnagy. – Szászrégenben a r. k. iskola tanítója volt (1879–15). Létrehozta az első Szászrégeni M. Polgári Dalkört, és férfi kórusának karnagya (1883. júl. 29. –). A nagyközönség előtt először lépett fel (1884. nov. 23.). Számos dalesten, színielőadáson, bálon, jubileumi ünnepélyen, dalárdaversenyen szerepeltek. Részt vett a megyei és országos találkozókon, versenyeken, szép [&hellip;]</p>
