{"id":6314,"date":"2025-06-28T17:47:48","date_gmt":"2025-06-28T15:47:48","guid":{"rendered":"https:\/\/uj.adatbank.ro\/lexikon\/termek\/csiszer-lajos-2\/"},"modified":"2025-06-28T17:47:48","modified_gmt":"2025-06-28T15:47:48","slug":"csiszer-lajos-2","status":"publish","type":"product","link":"https:\/\/uj.adatbank.ro\/lexikon\/termek\/csiszer-lajos-2\/","title":{"rendered":"CSISZ\u00c9R Lajos"},"content":{"rendered":"<p>? \u2020\u00a0? : \u00e9p\u00edt\u0151mester. \u2013 Feles\u00e9ge: So\u00f3s Ferenc rend\u0151r le\u00e1nya, Ilona. \u2013 V\u00e1llalkoz\u00f3 iparos Mv.-en (19 \u201320. sz.). <br \/><strong>Irod.:<\/strong> Keresztes Gyula: A szecesszi\u00f3 Mv.-en 2. (N\u00fa., 1991. j\u00fal. 13.)<\/br><\/p>\n","protected":false},"excerpt":{"rendered":"<p>? \u2020\u00a0? : \u00e9p\u00edt\u0151mester. \u2013 Feles\u00e9ge: So\u00f3s Ferenc rend\u0151r le\u00e1nya, Ilona. \u2013 V\u00e1llalkoz\u00f3 iparos Mv.-en (19 \u201320. sz.). Irod.: Keresztes Gyula: A szecesszi\u00f3 Mv.-en 2. (N\u00fa., 1991. j\u00fal. 13.)<\/p>\n","protected":false},"featured_media":0,"comment_status":"open","ping_status":"closed","template":"","meta":[],"product_brand":[],"product_cat":[137],"product_tag":[],"class_list":{"0":"post-6314","1":"product","2":"type-product","3":"status-publish","5":"product_cat-maros-megyei-eletrajzi-lexikon","7":"first","8":"instock","9":"shipping-taxable","10":"product-type-simple"},"_links":{"self":[{"href":"https:\/\/uj.adatbank.ro\/lexikon\/wp-json\/wp\/v2\/product\/6314","targetHints":{"allow":["GET"]}}],"collection":[{"href":"https:\/\/uj.adatbank.ro\/lexikon\/wp-json\/wp\/v2\/product"}],"about":[{"href":"https:\/\/uj.adatbank.ro\/lexikon\/wp-json\/wp\/v2\/types\/product"}],"replies":[{"embeddable":true,"href":"https:\/\/uj.adatbank.ro\/lexikon\/wp-json\/wp\/v2\/comments?post=6314"}],"wp:attachment":[{"href":"https:\/\/uj.adatbank.ro\/lexikon\/wp-json\/wp\/v2\/media?parent=6314"}],"wp:term":[{"taxonomy":"product_brand","embeddable":true,"href":"https:\/\/uj.adatbank.ro\/lexikon\/wp-json\/wp\/v2\/product_brand?post=6314"},{"taxonomy":"product_cat","embeddable":true,"href":"https:\/\/uj.adatbank.ro\/lexikon\/wp-json\/wp\/v2\/product_cat?post=6314"},{"taxonomy":"product_tag","embeddable":true,"href":"https:\/\/uj.adatbank.ro\/lexikon\/wp-json\/wp\/v2\/product_tag?post=6314"}],"curies":[{"name":"wp","href":"https:\/\/api.w.org\/{rel}","templated":true}]}}