{"id":6316,"date":"2025-06-28T17:47:51","date_gmt":"2025-06-28T15:47:51","guid":{"rendered":"https:\/\/uj.adatbank.ro\/lexikon\/termek\/csiszer-lajos-gidofalvi\/"},"modified":"2025-06-28T17:47:51","modified_gmt":"2025-06-28T15:47:51","slug":"csiszer-lajos-gidofalvi","status":"publish","type":"product","link":"https:\/\/uj.adatbank.ro\/lexikon\/termek\/csiszer-lajos-gidofalvi\/","title":{"rendered":"CSISZ\u00c9R Lajos, gid\u00f3falvi"},"content":{"rendered":"<p>1777. j\u00fan. 21., \u2020 Mv., 1856. dec. 30. : kir. t\u00e1blai \u00fcln\u00f6k, jogi szaktekint\u00e9ly. \u2013 Feles\u00e9ge: Szal\u00e1nczi Juli\u00e1nna (1813\u20131877. j\u00fan. 23.). Gyermekei: Juli\u00e1nna, 1. Egyed J\u00e1nosn\u00e9, 2. Szal\u00e1nczi Ferencn\u00e9; R\u00f3s\u00e1lia, Szal\u00e1nczi Ferencn\u00e9; Cs. Mikl\u00f3s. Sz\u00e9kelyudvarhelyen \u00e9s Nagyenyeden tanult. Jogi gyakornok a Kir. T\u00e1bla mellett (1802); mesteri iktat\u00f3 (1804\u2013), t\u00e1blai \u00fcln\u00f6k (1830\u2013). 46 \u00e9vet t\u00f6lt\u00f6tt jogi szolg\u00e1latban. <br \/><strong>Irod.:<\/strong> Gy\u00e1szjelent\u0151; Kr\u00f3n. F\u00fcz. (1939. 4\/6); P\u00e1lmay J\u00f3zsef<\/br><\/p>\n","protected":false},"excerpt":{"rendered":"<p>1777. j\u00fan. 21., \u2020 Mv., 1856. dec. 30. : kir. t\u00e1blai \u00fcln\u00f6k, jogi szaktekint\u00e9ly. \u2013 Feles\u00e9ge: Szal\u00e1nczi Juli\u00e1nna (1813\u20131877. j\u00fan. 23.). Gyermekei: Juli\u00e1nna, 1. Egyed J\u00e1nosn\u00e9, 2. Szal\u00e1nczi Ferencn\u00e9; R\u00f3s\u00e1lia, Szal\u00e1nczi Ferencn\u00e9; Cs. Mikl\u00f3s. Sz\u00e9kelyudvarhelyen \u00e9s Nagyenyeden tanult. Jogi gyakornok a Kir. T\u00e1bla mellett (1802); mesteri iktat\u00f3 (1804\u2013), t\u00e1blai \u00fcln\u00f6k (1830\u2013). 46 \u00e9vet t\u00f6lt\u00f6tt jogi [&hellip;]<\/p>\n","protected":false},"featured_media":0,"comment_status":"open","ping_status":"closed","template":"","meta":[],"product_brand":[],"product_cat":[137],"product_tag":[],"class_list":{"0":"post-6316","1":"product","2":"type-product","3":"status-publish","5":"product_cat-maros-megyei-eletrajzi-lexikon","7":"first","8":"instock","9":"shipping-taxable","10":"product-type-simple"},"_links":{"self":[{"href":"https:\/\/uj.adatbank.ro\/lexikon\/wp-json\/wp\/v2\/product\/6316","targetHints":{"allow":["GET"]}}],"collection":[{"href":"https:\/\/uj.adatbank.ro\/lexikon\/wp-json\/wp\/v2\/product"}],"about":[{"href":"https:\/\/uj.adatbank.ro\/lexikon\/wp-json\/wp\/v2\/types\/product"}],"replies":[{"embeddable":true,"href":"https:\/\/uj.adatbank.ro\/lexikon\/wp-json\/wp\/v2\/comments?post=6316"}],"wp:attachment":[{"href":"https:\/\/uj.adatbank.ro\/lexikon\/wp-json\/wp\/v2\/media?parent=6316"}],"wp:term":[{"taxonomy":"product_brand","embeddable":true,"href":"https:\/\/uj.adatbank.ro\/lexikon\/wp-json\/wp\/v2\/product_brand?post=6316"},{"taxonomy":"product_cat","embeddable":true,"href":"https:\/\/uj.adatbank.ro\/lexikon\/wp-json\/wp\/v2\/product_cat?post=6316"},{"taxonomy":"product_tag","embeddable":true,"href":"https:\/\/uj.adatbank.ro\/lexikon\/wp-json\/wp\/v2\/product_tag?post=6316"}],"curies":[{"name":"wp","href":"https:\/\/api.w.org\/{rel}","templated":true}]}}

CSISZÉR Lajos, gidófalvi

<p>1777. jún. 21., † Mv., 1856. dec. 30. : kir. táblai ülnök, jogi szaktekintély. – Felesége: Szalánczi Juliánna (1813–1877. jún. 23.). Gyermekei: Juliánna, 1. Egyed Jánosné, 2. Szalánczi Ferencné; Rósália, Szalánczi Ferencné; Cs. Miklós. Székelyudvarhelyen és Nagyenyeden tanult. Jogi gyakornok a Kir. Tábla mellett (1802); mesteri iktató (1804–), táblai ülnök (1830–). 46 évet töltött jogi szolgálatban. <br /><strong>Irod.:</strong> Gyászjelentő; Krón. Füz. (1939. 4/6); Pálmay József</br></p>

<p>1777. jún. 21., † Mv., 1856. dec. 30. : kir. táblai ülnök, jogi szaktekintély. – Felesége: Szalánczi Juliánna (1813–1877. jún. 23.). Gyermekei: Juliánna, 1. Egyed Jánosné, 2. Szalánczi Ferencné; Rósália, Szalánczi Ferencné; Cs. Miklós. Székelyudvarhelyen és Nagyenyeden tanult. Jogi gyakornok a Kir. Tábla mellett (1802); mesteri iktató (1804–), táblai ülnök (1830–). 46 évet töltött jogi [&hellip;]</p>
