{"id":6323,"date":"2025-06-28T17:48:12","date_gmt":"2025-06-28T15:48:12","guid":{"rendered":"https:\/\/uj.adatbank.ro\/lexikon\/termek\/csizmadia-istvan-%c2%a7\/"},"modified":"2025-06-28T17:48:12","modified_gmt":"2025-06-28T15:48:12","slug":"csizmadia-istvan-%c2%a7","status":"publish","type":"product","link":"https:\/\/uj.adatbank.ro\/lexikon\/termek\/csizmadia-istvan-%c2%a7\/","title":{"rendered":"CSIZMADIA Istv\u00e1n, \u00a7"},"content":{"rendered":"<p>Mv., 1903., \u2020\u00a0?: r\u00e9z\u00f6nt\u0151mester. \u2013 Iskol\u00e1i elv\u00e9gz\u00e9se ut\u00e1n a r\u00e9z\u00f6nt\u0151 szakm\u00e1t saj\u00e1t\u00edtotta el, \u00fczemet l\u00e9tes\u00edtett (1924), 15 alkalmazottal dolgozott. Mint labdar\u00fag\u00f3 sportolt a MSE-ben (1927\u2013), bajnoks\u00e1got is szerzett, majd a Sportegyes\u00fclet fotball szakoszt\u00e1ly\u00e1nak vezet\u0151s\u00e9gi tagja, (1930\u201335), ezut\u00e1n a szakoszt\u00e1ly vezet\u00e9s\u00e9t \u00e1tadta Elekes Lajosnak, aki mellett tov\u00e1bbra is m\u0171k\u00f6d\u00f6tt; a MP int\u00e9z\u0151bizotts\u00e1gi tagja volt, valamint m. iparos egyes\u00fclet sz\u00e1mvizsg\u00e1l\u00f3ja volt. <br \/><strong>Irod.:<\/strong> Pluh\u00e1r; Sz\u00e9kelyf\u00f6ld \u00ed. k.; Visnai<\/br><\/p>\n","protected":false},"excerpt":{"rendered":"<p>Mv., 1903., \u2020\u00a0?: r\u00e9z\u00f6nt\u0151mester. \u2013 Iskol\u00e1i elv\u00e9gz\u00e9se ut\u00e1n a r\u00e9z\u00f6nt\u0151 szakm\u00e1t saj\u00e1t\u00edtotta el, \u00fczemet l\u00e9tes\u00edtett (1924), 15 alkalmazottal dolgozott. Mint labdar\u00fag\u00f3 sportolt a MSE-ben (1927\u2013), bajnoks\u00e1got is szerzett, majd a Sportegyes\u00fclet fotball szakoszt\u00e1ly\u00e1nak vezet\u0151s\u00e9gi tagja, (1930\u201335), ezut\u00e1n a szakoszt\u00e1ly vezet\u00e9s\u00e9t \u00e1tadta Elekes Lajosnak, aki mellett tov\u00e1bbra is m\u0171k\u00f6d\u00f6tt; a MP int\u00e9z\u0151bizotts\u00e1gi tagja volt, valamint m. [&hellip;]<\/p>\n","protected":false},"featured_media":0,"comment_status":"open","ping_status":"closed","template":"","meta":[],"product_brand":[],"product_cat":[137],"product_tag":[],"class_list":{"0":"post-6323","1":"product","2":"type-product","3":"status-publish","5":"product_cat-maros-megyei-eletrajzi-lexikon","7":"first","8":"instock","9":"shipping-taxable","10":"product-type-simple"},"_links":{"self":[{"href":"https:\/\/uj.adatbank.ro\/lexikon\/wp-json\/wp\/v2\/product\/6323","targetHints":{"allow":["GET"]}}],"collection":[{"href":"https:\/\/uj.adatbank.ro\/lexikon\/wp-json\/wp\/v2\/product"}],"about":[{"href":"https:\/\/uj.adatbank.ro\/lexikon\/wp-json\/wp\/v2\/types\/product"}],"replies":[{"embeddable":true,"href":"https:\/\/uj.adatbank.ro\/lexikon\/wp-json\/wp\/v2\/comments?post=6323"}],"wp:attachment":[{"href":"https:\/\/uj.adatbank.ro\/lexikon\/wp-json\/wp\/v2\/media?parent=6323"}],"wp:term":[{"taxonomy":"product_brand","embeddable":true,"href":"https:\/\/uj.adatbank.ro\/lexikon\/wp-json\/wp\/v2\/product_brand?post=6323"},{"taxonomy":"product_cat","embeddable":true,"href":"https:\/\/uj.adatbank.ro\/lexikon\/wp-json\/wp\/v2\/product_cat?post=6323"},{"taxonomy":"product_tag","embeddable":true,"href":"https:\/\/uj.adatbank.ro\/lexikon\/wp-json\/wp\/v2\/product_tag?post=6323"}],"curies":[{"name":"wp","href":"https:\/\/api.w.org\/{rel}","templated":true}]}}

CSIZMADIA István, §

<p>Mv., 1903., † ?: rézöntőmester. – Iskolái elvégzése után a rézöntő szakmát sajátította el, üzemet létesített (1924), 15 alkalmazottal dolgozott. Mint labdarúgó sportolt a MSE-ben (1927–), bajnokságot is szerzett, majd a Sportegyesület fotball szakosztályának vezetőségi tagja, (1930–35), ezután a szakosztály vezetését átadta Elekes Lajosnak, aki mellett továbbra is működött; a MP intézőbizottsági tagja volt, valamint m. iparos egyesület számvizsgálója volt. <br /><strong>Irod.:</strong> Pluhár; Székelyföld í. k.; Visnai</br></p>

<p>Mv., 1903., † ?: rézöntőmester. – Iskolái elvégzése után a rézöntő szakmát sajátította el, üzemet létesített (1924), 15 alkalmazottal dolgozott. Mint labdarúgó sportolt a MSE-ben (1927–), bajnokságot is szerzett, majd a Sportegyesület fotball szakosztályának vezetőségi tagja, (1930–35), ezután a szakosztály vezetését átadta Elekes Lajosnak, aki mellett továbbra is működött; a MP intézőbizottsági tagja volt, valamint m. [&hellip;]</p>
