{"id":6330,"date":"2025-06-28T17:48:30","date_gmt":"2025-06-28T15:48:30","guid":{"rendered":"https:\/\/uj.adatbank.ro\/lexikon\/termek\/csogor-istvan\/"},"modified":"2025-06-28T17:48:30","modified_gmt":"2025-06-28T15:48:30","slug":"csogor-istvan","status":"publish","type":"product","link":"https:\/\/uj.adatbank.ro\/lexikon\/termek\/csogor-istvan\/","title":{"rendered":"CS\u0150G\u00d6R Istv\u00e1n"},"content":{"rendered":"<p>Kv., 1939. m\u00e1rc. 29., \u2020 Triangel, 2018. jan. 2: orvos. \u2013 Apja az egyetemalap\u00edt\u00f3 dr. Cs. Lajos \u00e9s Fall Erzs\u00e9bet fia. Feles\u00e9ge: Emese, sz\u00fcl. Z\u00e1rug, Andr\u00e1s \u00e9s \/**\/**\/\/\/*Zsuzsa \u2013 Neves kutat\u00f3orvos, szenved\u00e9lyes f\u00e9nyk\u00e9p\u00e9sz. Mad\u00e1rfot\u00f3ib\u00f3l ki\u00e1ll\u00edt\u00e1sok sz\u00fclettek \u00e9s albumok. <br \/><strong>Irod.:<\/strong> Emkk 2000; EMKK2010; Nekrol\u00f3g (N\u00fa., 2018. jan. 5.)<\/br><\/p>\n","protected":false},"excerpt":{"rendered":"<p>Kv., 1939. m\u00e1rc. 29., \u2020 Triangel, 2018. jan. 2: orvos. \u2013 Apja az egyetemalap\u00edt\u00f3 dr. Cs. Lajos \u00e9s Fall Erzs\u00e9bet fia. Feles\u00e9ge: Emese, sz\u00fcl. Z\u00e1rug, Andr\u00e1s \u00e9s \/**\/**\/\/\/*Zsuzsa \u2013 Neves kutat\u00f3orvos, szenved\u00e9lyes f\u00e9nyk\u00e9p\u00e9sz. Mad\u00e1rfot\u00f3ib\u00f3l ki\u00e1ll\u00edt\u00e1sok sz\u00fclettek \u00e9s albumok. Irod.: Emkk 2000; EMKK2010; Nekrol\u00f3g (N\u00fa., 2018. jan. 5.)<\/p>\n","protected":false},"featured_media":0,"comment_status":"open","ping_status":"closed","template":"","meta":[],"product_brand":[],"product_cat":[137],"product_tag":[],"class_list":{"0":"post-6330","1":"product","2":"type-product","3":"status-publish","5":"product_cat-maros-megyei-eletrajzi-lexikon","7":"first","8":"instock","9":"shipping-taxable","10":"product-type-simple"},"_links":{"self":[{"href":"https:\/\/uj.adatbank.ro\/lexikon\/wp-json\/wp\/v2\/product\/6330","targetHints":{"allow":["GET"]}}],"collection":[{"href":"https:\/\/uj.adatbank.ro\/lexikon\/wp-json\/wp\/v2\/product"}],"about":[{"href":"https:\/\/uj.adatbank.ro\/lexikon\/wp-json\/wp\/v2\/types\/product"}],"replies":[{"embeddable":true,"href":"https:\/\/uj.adatbank.ro\/lexikon\/wp-json\/wp\/v2\/comments?post=6330"}],"wp:attachment":[{"href":"https:\/\/uj.adatbank.ro\/lexikon\/wp-json\/wp\/v2\/media?parent=6330"}],"wp:term":[{"taxonomy":"product_brand","embeddable":true,"href":"https:\/\/uj.adatbank.ro\/lexikon\/wp-json\/wp\/v2\/product_brand?post=6330"},{"taxonomy":"product_cat","embeddable":true,"href":"https:\/\/uj.adatbank.ro\/lexikon\/wp-json\/wp\/v2\/product_cat?post=6330"},{"taxonomy":"product_tag","embeddable":true,"href":"https:\/\/uj.adatbank.ro\/lexikon\/wp-json\/wp\/v2\/product_tag?post=6330"}],"curies":[{"name":"wp","href":"https:\/\/api.w.org\/{rel}","templated":true}]}}