{"id":6338,"date":"2025-06-28T17:48:44","date_gmt":"2025-06-28T15:48:44","guid":{"rendered":"https:\/\/uj.adatbank.ro\/lexikon\/termek\/csomafay-karoly\/"},"modified":"2025-06-28T17:48:44","modified_gmt":"2025-06-28T15:48:44","slug":"csomafay-karoly","status":"publish","type":"product","link":"https:\/\/uj.adatbank.ro\/lexikon\/termek\/csomafay-karoly\/","title":{"rendered":"CSOMAF\u00c1Y K\u00e1roly"},"content":{"rendered":"<p>? \u2020\u00a0?: fest\u0151m\u0171v\u00e9sz, m\u0171szaki tisztvisel\u0151. \u2013 Anyja Vida M\u00e1ria, nagyapja Vida \u00c1rp\u00e1d. \u2013 A buk.-i Salonul Oficial-ban t\u00f6bb ki\u00e1ll\u00edt\u00e1son szerepelt, sz\u00e9p sikerrel. A mv.-i g\u00f6r\u00f6gkeleti katedr\u00e1lis kupol\u00e1j\u00e1n l\u00e9v\u0151 festm\u00e9nyeket k\u00e9sz\u00edtette. <br \/><strong>Irod.:<\/strong> \u00d6kr\u00f6s<\/br><\/p>\n","protected":false},"excerpt":{"rendered":"<p>? \u2020\u00a0?: fest\u0151m\u0171v\u00e9sz, m\u0171szaki tisztvisel\u0151. \u2013 Anyja Vida M\u00e1ria, nagyapja Vida \u00c1rp\u00e1d. \u2013 A buk.-i Salonul Oficial-ban t\u00f6bb ki\u00e1ll\u00edt\u00e1son szerepelt, sz\u00e9p sikerrel. A mv.-i g\u00f6r\u00f6gkeleti katedr\u00e1lis kupol\u00e1j\u00e1n l\u00e9v\u0151 festm\u00e9nyeket k\u00e9sz\u00edtette. Irod.: \u00d6kr\u00f6s<\/p>\n","protected":false},"featured_media":0,"comment_status":"open","ping_status":"closed","template":"","meta":[],"product_brand":[],"product_cat":[137],"product_tag":[],"class_list":{"0":"post-6338","1":"product","2":"type-product","3":"status-publish","5":"product_cat-maros-megyei-eletrajzi-lexikon","7":"first","8":"instock","9":"shipping-taxable","10":"product-type-simple"},"_links":{"self":[{"href":"https:\/\/uj.adatbank.ro\/lexikon\/wp-json\/wp\/v2\/product\/6338","targetHints":{"allow":["GET"]}}],"collection":[{"href":"https:\/\/uj.adatbank.ro\/lexikon\/wp-json\/wp\/v2\/product"}],"about":[{"href":"https:\/\/uj.adatbank.ro\/lexikon\/wp-json\/wp\/v2\/types\/product"}],"replies":[{"embeddable":true,"href":"https:\/\/uj.adatbank.ro\/lexikon\/wp-json\/wp\/v2\/comments?post=6338"}],"wp:attachment":[{"href":"https:\/\/uj.adatbank.ro\/lexikon\/wp-json\/wp\/v2\/media?parent=6338"}],"wp:term":[{"taxonomy":"product_brand","embeddable":true,"href":"https:\/\/uj.adatbank.ro\/lexikon\/wp-json\/wp\/v2\/product_brand?post=6338"},{"taxonomy":"product_cat","embeddable":true,"href":"https:\/\/uj.adatbank.ro\/lexikon\/wp-json\/wp\/v2\/product_cat?post=6338"},{"taxonomy":"product_tag","embeddable":true,"href":"https:\/\/uj.adatbank.ro\/lexikon\/wp-json\/wp\/v2\/product_tag?post=6338"}],"curies":[{"name":"wp","href":"https:\/\/api.w.org\/{rel}","templated":true}]}}