{"id":6340,"date":"2025-06-28T17:48:55","date_gmt":"2025-06-28T15:48:55","guid":{"rendered":"https:\/\/uj.adatbank.ro\/lexikon\/termek\/csomor-laszlo\/"},"modified":"2025-06-28T17:48:55","modified_gmt":"2025-06-28T15:48:55","slug":"csomor-laszlo","status":"publish","type":"product","link":"https:\/\/uj.adatbank.ro\/lexikon\/termek\/csomor-laszlo\/","title":{"rendered":"CSOMOR L\u00e1szl\u00f3"},"content":{"rendered":"<p>1918. \u2020 Mv., 2004: orvos. \u2013 A Mez\u0151s\u00e9gr\u0151l sz\u00e1rmazott. Mv.-en v\u00e9gzett, a MOGYI utols\u00f3 doktorr\u00e1 avat\u00e1s\u00e1nak r\u00e9szese (1948). R\u00f6ntgenorvos. <br \/><strong>Irod.:<\/strong> Kiss\u2013P\u00e9terffy\u2013P\u00e9terffy; <\/br><\/p>\n","protected":false},"excerpt":{"rendered":"<p>1918. \u2020 Mv., 2004: orvos. \u2013 A Mez\u0151s\u00e9gr\u0151l sz\u00e1rmazott. Mv.-en v\u00e9gzett, a MOGYI utols\u00f3 doktorr\u00e1 avat\u00e1s\u00e1nak r\u00e9szese (1948). R\u00f6ntgenorvos. Irod.: Kiss\u2013P\u00e9terffy\u2013P\u00e9terffy;<\/p>\n","protected":false},"featured_media":0,"comment_status":"open","ping_status":"closed","template":"","meta":[],"product_brand":[],"product_cat":[137],"product_tag":[],"class_list":{"0":"post-6340","1":"product","2":"type-product","3":"status-publish","5":"product_cat-maros-megyei-eletrajzi-lexikon","7":"first","8":"instock","9":"shipping-taxable","10":"product-type-simple"},"_links":{"self":[{"href":"https:\/\/uj.adatbank.ro\/lexikon\/wp-json\/wp\/v2\/product\/6340","targetHints":{"allow":["GET"]}}],"collection":[{"href":"https:\/\/uj.adatbank.ro\/lexikon\/wp-json\/wp\/v2\/product"}],"about":[{"href":"https:\/\/uj.adatbank.ro\/lexikon\/wp-json\/wp\/v2\/types\/product"}],"replies":[{"embeddable":true,"href":"https:\/\/uj.adatbank.ro\/lexikon\/wp-json\/wp\/v2\/comments?post=6340"}],"wp:attachment":[{"href":"https:\/\/uj.adatbank.ro\/lexikon\/wp-json\/wp\/v2\/media?parent=6340"}],"wp:term":[{"taxonomy":"product_brand","embeddable":true,"href":"https:\/\/uj.adatbank.ro\/lexikon\/wp-json\/wp\/v2\/product_brand?post=6340"},{"taxonomy":"product_cat","embeddable":true,"href":"https:\/\/uj.adatbank.ro\/lexikon\/wp-json\/wp\/v2\/product_cat?post=6340"},{"taxonomy":"product_tag","embeddable":true,"href":"https:\/\/uj.adatbank.ro\/lexikon\/wp-json\/wp\/v2\/product_tag?post=6340"}],"curies":[{"name":"wp","href":"https:\/\/api.w.org\/{rel}","templated":true}]}}