{"id":6341,"date":"2025-06-28T17:48:57","date_gmt":"2025-06-28T15:48:57","guid":{"rendered":"https:\/\/uj.adatbank.ro\/lexikon\/termek\/csomor-mozes\/"},"modified":"2025-06-28T17:48:57","modified_gmt":"2025-06-28T15:48:57","slug":"csomor-mozes","status":"publish","type":"product","link":"https:\/\/uj.adatbank.ro\/lexikon\/termek\/csomor-mozes\/","title":{"rendered":"CSOMOR M\u00f3zes"},"content":{"rendered":"<p>? \u2020 ? : ref. lelk\u00e9sz. \u2013 Nagyenyeden subscrib\u00e1lt (1797). K\u00e1pl\u00e1n volt Balav\u00e1s\u00e1ron (1799). A Sz\u00e9kelyudvarhelyi zsinaton ordin\u00e1lt\u00e1k (1799). Lelk\u00e9sz Sz\u0151kefalv\u00e1n (1799\u20131807). K\u00fck\u00fcll\u0151i Ref. Egyh\u00e1zm. 1., 4.<\/br><\/p>\n","protected":false},"excerpt":{"rendered":"<p>? \u2020 ? : ref. lelk\u00e9sz. \u2013 Nagyenyeden subscrib\u00e1lt (1797). K\u00e1pl\u00e1n volt Balav\u00e1s\u00e1ron (1799). A Sz\u00e9kelyudvarhelyi zsinaton ordin\u00e1lt\u00e1k (1799). Lelk\u00e9sz Sz\u0151kefalv\u00e1n (1799\u20131807). K\u00fck\u00fcll\u0151i Ref. Egyh\u00e1zm. 1., 4.<\/p>\n","protected":false},"featured_media":0,"comment_status":"open","ping_status":"closed","template":"","meta":[],"product_brand":[],"product_cat":[137],"product_tag":[],"class_list":{"0":"post-6341","1":"product","2":"type-product","3":"status-publish","5":"product_cat-maros-megyei-eletrajzi-lexikon","7":"first","8":"instock","9":"shipping-taxable","10":"product-type-simple"},"_links":{"self":[{"href":"https:\/\/uj.adatbank.ro\/lexikon\/wp-json\/wp\/v2\/product\/6341","targetHints":{"allow":["GET"]}}],"collection":[{"href":"https:\/\/uj.adatbank.ro\/lexikon\/wp-json\/wp\/v2\/product"}],"about":[{"href":"https:\/\/uj.adatbank.ro\/lexikon\/wp-json\/wp\/v2\/types\/product"}],"replies":[{"embeddable":true,"href":"https:\/\/uj.adatbank.ro\/lexikon\/wp-json\/wp\/v2\/comments?post=6341"}],"wp:attachment":[{"href":"https:\/\/uj.adatbank.ro\/lexikon\/wp-json\/wp\/v2\/media?parent=6341"}],"wp:term":[{"taxonomy":"product_brand","embeddable":true,"href":"https:\/\/uj.adatbank.ro\/lexikon\/wp-json\/wp\/v2\/product_brand?post=6341"},{"taxonomy":"product_cat","embeddable":true,"href":"https:\/\/uj.adatbank.ro\/lexikon\/wp-json\/wp\/v2\/product_cat?post=6341"},{"taxonomy":"product_tag","embeddable":true,"href":"https:\/\/uj.adatbank.ro\/lexikon\/wp-json\/wp\/v2\/product_tag?post=6341"}],"curies":[{"name":"wp","href":"https:\/\/api.w.org\/{rel}","templated":true}]}}