{"id":6345,"date":"2025-06-28T17:49:05","date_gmt":"2025-06-28T15:49:05","guid":{"rendered":"https:\/\/uj.adatbank.ro\/lexikon\/termek\/csomoss-bela\/"},"modified":"2025-06-28T17:49:05","modified_gmt":"2025-06-28T15:49:05","slug":"csomoss-bela","status":"publish","type":"product","link":"https:\/\/uj.adatbank.ro\/lexikon\/termek\/csomoss-bela\/","title":{"rendered":"CSOMOSS B\u00e9la"},"content":{"rendered":"<p>? \u2020 Mv., 1999. aug., 11.: m\u00e9rn\u00f6k, tan\u00e1r. \u2013 A mv.-i Mez\u0151gazdas\u00e1gi L\u00edc. tan\u00e1ra, igazgat\u00f3ja (1956\u201365). <br \/><strong>Irod.:<\/strong> MMK<\/br><\/p>\n","protected":false},"excerpt":{"rendered":"<p>? \u2020 Mv., 1999. aug., 11.: m\u00e9rn\u00f6k, tan\u00e1r. \u2013 A mv.-i Mez\u0151gazdas\u00e1gi L\u00edc. tan\u00e1ra, igazgat\u00f3ja (1956\u201365). Irod.: MMK<\/p>\n","protected":false},"featured_media":0,"comment_status":"open","ping_status":"closed","template":"","meta":[],"product_brand":[],"product_cat":[137],"product_tag":[],"class_list":{"0":"post-6345","1":"product","2":"type-product","3":"status-publish","5":"product_cat-maros-megyei-eletrajzi-lexikon","7":"first","8":"instock","9":"shipping-taxable","10":"product-type-simple"},"_links":{"self":[{"href":"https:\/\/uj.adatbank.ro\/lexikon\/wp-json\/wp\/v2\/product\/6345","targetHints":{"allow":["GET"]}}],"collection":[{"href":"https:\/\/uj.adatbank.ro\/lexikon\/wp-json\/wp\/v2\/product"}],"about":[{"href":"https:\/\/uj.adatbank.ro\/lexikon\/wp-json\/wp\/v2\/types\/product"}],"replies":[{"embeddable":true,"href":"https:\/\/uj.adatbank.ro\/lexikon\/wp-json\/wp\/v2\/comments?post=6345"}],"wp:attachment":[{"href":"https:\/\/uj.adatbank.ro\/lexikon\/wp-json\/wp\/v2\/media?parent=6345"}],"wp:term":[{"taxonomy":"product_brand","embeddable":true,"href":"https:\/\/uj.adatbank.ro\/lexikon\/wp-json\/wp\/v2\/product_brand?post=6345"},{"taxonomy":"product_cat","embeddable":true,"href":"https:\/\/uj.adatbank.ro\/lexikon\/wp-json\/wp\/v2\/product_cat?post=6345"},{"taxonomy":"product_tag","embeddable":true,"href":"https:\/\/uj.adatbank.ro\/lexikon\/wp-json\/wp\/v2\/product_tag?post=6345"}],"curies":[{"name":"wp","href":"https:\/\/api.w.org\/{rel}","templated":true}]}}