{"id":6346,"date":"2025-06-28T17:49:06","date_gmt":"2025-06-28T15:49:06","guid":{"rendered":"https:\/\/uj.adatbank.ro\/lexikon\/termek\/csomoss-benedek-csomos-benedek\/"},"modified":"2025-06-28T17:49:06","modified_gmt":"2025-06-28T15:49:06","slug":"csomoss-benedek-csomos-benedek","status":"publish","type":"product","link":"https:\/\/uj.adatbank.ro\/lexikon\/termek\/csomoss-benedek-csomos-benedek\/","title":{"rendered":"CSOMOSS Benedek, Csom\u00f3s Benedek"},"content":{"rendered":"<p>D\u00e9s, 1934. aug. 8., \u2020 Mv., 2008. aug. 31. Csittszentiv\u00e1nban nyugszik: k\u00f6zgazd\u00e1sz. \u2013 Kv.-on a BBTE jogi kar\u00e1n v\u00e9gezett (1958). Jog\u00e1szk\u00e9nt nem tudott elhelyezkedni, k\u00f6zgazdas\u00e1gi p\u00e1ly\u00e1n tev\u00e9kenykedett: Mv.-en a Gy\u00f3gyszer\u00e9szeti V\u00e1llalat f\u0151\u00e1ruszak\u00e9rt\u0151je (1959\u201360); a Ter\u00fcletrend\u00e9szeti \u00e9s Jav\u00edt\u00f3 V\u00e1ll. Fizet\u00e9si \u00e9s munkaszervez\u00e9si oszt. -nak vezet\u0151je (1962\u201370), majd a mv.-i Vegyipari Kombin\u00e1t kereskedelmi oszt. -nak vezet\u0151je nyugd\u00edjaz\u00e1s\u00e1ig (1970\u201392). Ezut\u00e1n a Maros Megyei Eg\u00e9szs\u00e9gbiztos\u00edt\u00f3 P\u00e9nzt\u00e1r aleln\u00f6ke, a Maros Megyei Tan\u00e1cs Mez\u0151s\u00e9gi k\u00e9pvisel\u0151je (1993\u20132004), az RMDSZ Mez\u0151b\u00e1nd ker\u00fclet\u00e9nek eln\u00f6ke, a Maros Megyei \u00d6nkorm\u00e1nyzat t\u00f6bb mand\u00e1tum\u00fa tan\u00e1csosa, aki hozz\u00e1j\u00e1rult a megye k\u00f6z\u00e9rdek\u0171 k\u00e9rd\u00e9seinek megold\u00e1s\u00e1hoz, a megye strat\u00e9gi\u00e1j\u00e1nak kidolgoz\u00e1s\u00e1hoz. Sportolt: NB 1-es kos\u00e1rlabd\u00e1z\u00f3 a kv-. i Constructorul, majd a mv.-i Vointa csapat\u00e1ban (1954\u201364). A Maros megyei Vad\u00e1sz \u00e9s Hal\u00e1sz Egyes\u00fclet eln\u00f6ke (1991\u201395). Mez\u0151panit d\u00edszpolg\u00e1r\u00e1v\u00e1 avatt\u00e1k (1994). <br \/><strong>Irod.:<\/strong> B\u00f6l\u00f6ni Domokos: Csittszentiv\u00e1nyi kr\u00f3nika (N\u00fa., 1993. j\u00fan. 12.); EMKK 2000; (N\u00fa., 2008 j\u00fan. 6.); [Nekrol\u00f3g] (N\u00fa., 2008. szept. 2.)<\/br><\/p>\n","protected":false},"excerpt":{"rendered":"<p>D\u00e9s, 1934. aug. 8., \u2020 Mv., 2008. aug. 31. Csittszentiv\u00e1nban nyugszik: k\u00f6zgazd\u00e1sz. \u2013 Kv.-on a BBTE jogi kar\u00e1n v\u00e9gezett (1958). Jog\u00e1szk\u00e9nt nem tudott elhelyezkedni, k\u00f6zgazdas\u00e1gi p\u00e1ly\u00e1n tev\u00e9kenykedett: Mv.-en a Gy\u00f3gyszer\u00e9szeti V\u00e1llalat f\u0151\u00e1ruszak\u00e9rt\u0151je (1959\u201360); a Ter\u00fcletrend\u00e9szeti \u00e9s Jav\u00edt\u00f3 V\u00e1ll. Fizet\u00e9si \u00e9s munkaszervez\u00e9si oszt. -nak vezet\u0151je (1962\u201370), majd a mv.-i Vegyipari Kombin\u00e1t kereskedelmi oszt. -nak vezet\u0151je nyugd\u00edjaz\u00e1s\u00e1ig [&hellip;]<\/p>\n","protected":false},"featured_media":0,"comment_status":"open","ping_status":"closed","template":"","meta":[],"product_brand":[],"product_cat":[137],"product_tag":[],"class_list":{"0":"post-6346","1":"product","2":"type-product","3":"status-publish","5":"product_cat-maros-megyei-eletrajzi-lexikon","7":"first","8":"instock","9":"shipping-taxable","10":"product-type-simple"},"_links":{"self":[{"href":"https:\/\/uj.adatbank.ro\/lexikon\/wp-json\/wp\/v2\/product\/6346","targetHints":{"allow":["GET"]}}],"collection":[{"href":"https:\/\/uj.adatbank.ro\/lexikon\/wp-json\/wp\/v2\/product"}],"about":[{"href":"https:\/\/uj.adatbank.ro\/lexikon\/wp-json\/wp\/v2\/types\/product"}],"replies":[{"embeddable":true,"href":"https:\/\/uj.adatbank.ro\/lexikon\/wp-json\/wp\/v2\/comments?post=6346"}],"wp:attachment":[{"href":"https:\/\/uj.adatbank.ro\/lexikon\/wp-json\/wp\/v2\/media?parent=6346"}],"wp:term":[{"taxonomy":"product_brand","embeddable":true,"href":"https:\/\/uj.adatbank.ro\/lexikon\/wp-json\/wp\/v2\/product_brand?post=6346"},{"taxonomy":"product_cat","embeddable":true,"href":"https:\/\/uj.adatbank.ro\/lexikon\/wp-json\/wp\/v2\/product_cat?post=6346"},{"taxonomy":"product_tag","embeddable":true,"href":"https:\/\/uj.adatbank.ro\/lexikon\/wp-json\/wp\/v2\/product_tag?post=6346"}],"curies":[{"name":"wp","href":"https:\/\/api.w.org\/{rel}","templated":true}]}}

CSOMOSS Benedek, Csomós Benedek

<p>Dés, 1934. aug. 8., † Mv., 2008. aug. 31. Csittszentivánban nyugszik: közgazdász. – Kv.-on a BBTE jogi karán végezett (1958). Jogászként nem tudott elhelyezkedni, közgazdasági pályán tevékenykedett: Mv.-en a Gyógyszerészeti Vállalat főáruszakértője (1959–60); a Területrendészeti és Javító Váll. Fizetési és munkaszervezési oszt. -nak vezetője (1962–70), majd a mv.-i Vegyipari Kombinát kereskedelmi oszt. -nak vezetője nyugdíjazásáig (1970–92). Ezután a Maros Megyei Egészségbiztosító Pénztár alelnöke, a Maros Megyei Tanács Mezőségi képviselője (1993–2004), az RMDSZ Mezőbánd kerületének elnöke, a Maros Megyei Önkormányzat több mandátumú tanácsosa, aki hozzájárult a megye közérdekű kérdéseinek megoldásához, a megye stratégiájának kidolgozásához. Sportolt: NB 1-es kosárlabdázó a kv-. i Constructorul, majd a mv.-i Vointa csapatában (1954–64). A Maros megyei Vadász és Halász Egyesület elnöke (1991–95). Mezőpanit díszpolgárává avatták (1994). <br /><strong>Irod.:</strong> Bölöni Domokos: Csittszentiványi krónika (Nú., 1993. jún. 12.); EMKK 2000; (Nú., 2008 jún. 6.); [Nekrológ] (Nú., 2008. szept. 2.)</br></p>

<p>Dés, 1934. aug. 8., † Mv., 2008. aug. 31. Csittszentivánban nyugszik: közgazdász. – Kv.-on a BBTE jogi karán végezett (1958). Jogászként nem tudott elhelyezkedni, közgazdasági pályán tevékenykedett: Mv.-en a Gyógyszerészeti Vállalat főáruszakértője (1959–60); a Területrendészeti és Javító Váll. Fizetési és munkaszervezési oszt. -nak vezetője (1962–70), majd a mv.-i Vegyipari Kombinát kereskedelmi oszt. -nak vezetője nyugdíjazásáig [&hellip;]</p>
