{"id":6359,"date":"2025-06-28T17:49:35","date_gmt":"2025-06-28T15:49:35","guid":{"rendered":"https:\/\/uj.adatbank.ro\/lexikon\/termek\/csongvay-karoly-magyarcsesztvei-es-csegezi\/"},"modified":"2025-06-28T17:49:35","modified_gmt":"2025-06-28T15:49:35","slug":"csongvay-karoly-magyarcsesztvei-es-csegezi","status":"publish","type":"product","link":"https:\/\/uj.adatbank.ro\/lexikon\/termek\/csongvay-karoly-magyarcsesztvei-es-csegezi\/","title":{"rendered":"CSONGVAY K\u00e1roly, magyarcsesztvei \u00e9s csegezi"},"content":{"rendered":"<p>1851., \u2020\u00a0?: hadm\u00e9rn\u00f6k, cs. \u00e9s kir. ezredes. \u2013\u2013 Cs. K\u00e1roly \u00e9s Miske Kl\u00e1ra fia. Cs. Lajos \u00f6ccse. \u2013 B\u00e9csben tanult, ahol hadm\u00e9rn\u00f6k sz\u00e1zados lett. J\u00f3 munk\u00e1ja jutalm\u00e1ul (12 nemes \u0151s bizony\u00edt\u00e1sa ut\u00e1n) cs. k.-i c\u00edmet kapott aranykulccsal, Mv. els\u0151 aranykulcsos vit\u00e9ze (1886). M\u00e9rn\u00f6kkari ezredes, a Ferenc J\u00f3zsef-rend lovagja. <br \/><strong>Irod.:<\/strong> P\u00e1lmay, Sipos<\/br><\/p>\n","protected":false},"excerpt":{"rendered":"<p>1851., \u2020\u00a0?: hadm\u00e9rn\u00f6k, cs. \u00e9s kir. ezredes. \u2013\u2013 Cs. K\u00e1roly \u00e9s Miske Kl\u00e1ra fia. Cs. Lajos \u00f6ccse. \u2013 B\u00e9csben tanult, ahol hadm\u00e9rn\u00f6k sz\u00e1zados lett. J\u00f3 munk\u00e1ja jutalm\u00e1ul (12 nemes \u0151s bizony\u00edt\u00e1sa ut\u00e1n) cs. k.-i c\u00edmet kapott aranykulccsal, Mv. els\u0151 aranykulcsos vit\u00e9ze (1886). M\u00e9rn\u00f6kkari ezredes, a Ferenc J\u00f3zsef-rend lovagja. Irod.: P\u00e1lmay, Sipos<\/p>\n","protected":false},"featured_media":0,"comment_status":"open","ping_status":"closed","template":"","meta":[],"product_brand":[],"product_cat":[137],"product_tag":[],"class_list":{"0":"post-6359","1":"product","2":"type-product","3":"status-publish","5":"product_cat-maros-megyei-eletrajzi-lexikon","7":"first","8":"instock","9":"shipping-taxable","10":"product-type-simple"},"_links":{"self":[{"href":"https:\/\/uj.adatbank.ro\/lexikon\/wp-json\/wp\/v2\/product\/6359","targetHints":{"allow":["GET"]}}],"collection":[{"href":"https:\/\/uj.adatbank.ro\/lexikon\/wp-json\/wp\/v2\/product"}],"about":[{"href":"https:\/\/uj.adatbank.ro\/lexikon\/wp-json\/wp\/v2\/types\/product"}],"replies":[{"embeddable":true,"href":"https:\/\/uj.adatbank.ro\/lexikon\/wp-json\/wp\/v2\/comments?post=6359"}],"wp:attachment":[{"href":"https:\/\/uj.adatbank.ro\/lexikon\/wp-json\/wp\/v2\/media?parent=6359"}],"wp:term":[{"taxonomy":"product_brand","embeddable":true,"href":"https:\/\/uj.adatbank.ro\/lexikon\/wp-json\/wp\/v2\/product_brand?post=6359"},{"taxonomy":"product_cat","embeddable":true,"href":"https:\/\/uj.adatbank.ro\/lexikon\/wp-json\/wp\/v2\/product_cat?post=6359"},{"taxonomy":"product_tag","embeddable":true,"href":"https:\/\/uj.adatbank.ro\/lexikon\/wp-json\/wp\/v2\/product_tag?post=6359"}],"curies":[{"name":"wp","href":"https:\/\/api.w.org\/{rel}","templated":true}]}}