{"id":6364,"date":"2025-06-28T17:49:51","date_gmt":"2025-06-28T15:49:51","guid":{"rendered":"https:\/\/uj.adatbank.ro\/lexikon\/termek\/csonka-geza-%c2%a7-kovari-es-dragavilmai\/"},"modified":"2025-06-28T17:49:51","modified_gmt":"2025-06-28T15:49:51","slug":"csonka-geza-%c2%a7-kovari-es-dragavilmai","status":"publish","type":"product","link":"https:\/\/uj.adatbank.ro\/lexikon\/termek\/csonka-geza-%c2%a7-kovari-es-dragavilmai\/","title":{"rendered":"CSONKA G\u00e9za, \u00a7 k\u0151v\u00e1ri \u00e9s dr\u00e1gavilmai"},"content":{"rendered":"<p>Vajdahunyad, 1861., \u2020\u00a0Vajdahunyad, 1918. dec. 2: f\u00e9nyk\u00e9p\u00e9sz, sportol\u00f3, ker\u00e9kp\u00e1ros. \u2013 Fia. B\u00e9la. \u2013 Bp.-en volt f\u00e9nyk\u00e9p\u00e9szseg\u00e9d. F\u00e9nyk\u00e9p\u00e9sz m\u0171terme volt Mv.-en Chiehulski \u00e9s Csonka (1886\u201393), Csonka \u00e9s Tsa (1905\u201307), Csonka \u00e9s Incze (1904) n\u00e9ven, a Kossuth u.-ban l\u00e9v\u0151 Csonka h\u00e1zban (1906\u2013), majd az Apoll\u00f3 \u00e9p\u00fclet\u00e9ben m\u0171k\u00f6d\u00f6tt Csonka f\u00e9nyk\u00e9p\u00e9szeti \u00e9s fest\u00e9szeti m\u0171terme (1912; F\u0151t\u00e9r 9. sz.). K\u00e9pzett f\u00e9nyk\u00e9p\u00e9sz, \u00fatt\u00fcr\u0151. El\u0151kel\u0151 t\u00e1rsadalmi \u00e9letet \u00e9lt. A Sz\u00e9kely Napl\u00f3 h\u00edr\u00fcl adta hogy sz\u00e1ll\u00f3da \u00e9p\u00edt\u00e9si munk\u00e1latokba kezdett a Kossuth \u00e9s Arany J\u00e1nos u. sark\u00e1n, ahol a m\u0171terme \u00e1llt (1913). F\u00e9nyk\u00e9pezte a Bolyaiak s\u00edrj\u00e1t az exhum\u00e1l\u00e1son (1911. j\u00fan. 7.). A vajdahunyadi Polg\u00e1ri Olvas\u00f3k\u00f6r \u00e9s Vad\u00e1szt\u00e1rsulat igazgat\u00f3ja. akt\u00edv ker\u00e9kp\u00e1ros volt m\u00e9g \u00f6tven\u00e9vesen is, k\u00e9t\u00fcl\u00e9ses g\u00e9p\u00e9n feles\u00e9g\u00e9vel t\u00far\u00e1zott. MSE sportegyes\u00fclet m\u00e1sodik eln\u00f6ke volt (1901\u20131909. j\u00fan.). Csal\u00e1di okokb\u00f3l elhagyta a v\u00e1rost (1909). Csisz\u00e1r Lajos tervezte a Csisz\u00e1r-h\u00e1zat \u00e9s a Csonka vill\u00e1t (Gh. Doja\/ D\u00f3zsa Gy. u. 27. sz.), Mv.-en \u201eA\u201d kateg\u00f3ri\u00e1s m\u0171eml\u00e9k. <br \/><strong>Irod.:<\/strong> Ga\u00e1l Korn\u00e9lia: Az egykori Mv. (N\u00fa., 1995. j\u00fal. 26.); Gy\u00e1szjelent\u0151; Id\u0151t\u00e1r 2; Illy\u00e9s; Mikl\u00f3si-Sikes; Ol\u00e1h-G. R.: Bolyai \u2013 somm\u00e1zat; Orb\u00e1n J\u00e1nos: A barokkt\u00f3l a neobarokkig. A mv.-i R\u00f3zs\u00e1k tere 52. sz. alatti h\u00e1z t\u00f6rt\u00e9net\u00e9b\u0151l = Dolgozatok; \u00d6KR\u00d6S, Ol\u00e1h-G\u00e1l; Szentgy\u00f6rgyi; T\u00f6r\u00f6k G\u00e1sp\u00e1r: Visszapillant\u00e1s a fot\u00f3m\u0171v\u00e9szet v\u00e1s\u00e1rhelyi el\u0151zm\u00e9nyeire (N\u00fa., M\u00fazsa, 302. sz., 1997. j\u00fal. 11.); Valori mure\u015fene de patrimoniu<\/br><\/p>\n","protected":false},"excerpt":{"rendered":"<p>Vajdahunyad, 1861., \u2020\u00a0Vajdahunyad, 1918. dec. 2: f\u00e9nyk\u00e9p\u00e9sz, sportol\u00f3, ker\u00e9kp\u00e1ros. \u2013 Fia. B\u00e9la. \u2013 Bp.-en volt f\u00e9nyk\u00e9p\u00e9szseg\u00e9d. F\u00e9nyk\u00e9p\u00e9sz m\u0171terme volt Mv.-en Chiehulski \u00e9s Csonka (1886\u201393), Csonka \u00e9s Tsa (1905\u201307), Csonka \u00e9s Incze (1904) n\u00e9ven, a Kossuth u.-ban l\u00e9v\u0151 Csonka h\u00e1zban (1906\u2013), majd az Apoll\u00f3 \u00e9p\u00fclet\u00e9ben m\u0171k\u00f6d\u00f6tt Csonka f\u00e9nyk\u00e9p\u00e9szeti \u00e9s fest\u00e9szeti m\u0171terme (1912; F\u0151t\u00e9r 9. sz.). K\u00e9pzett [&hellip;]<\/p>\n","protected":false},"featured_media":0,"comment_status":"open","ping_status":"closed","template":"","meta":[],"product_brand":[],"product_cat":[137],"product_tag":[],"class_list":{"0":"post-6364","1":"product","2":"type-product","3":"status-publish","5":"product_cat-maros-megyei-eletrajzi-lexikon","7":"first","8":"instock","9":"shipping-taxable","10":"product-type-simple"},"_links":{"self":[{"href":"https:\/\/uj.adatbank.ro\/lexikon\/wp-json\/wp\/v2\/product\/6364","targetHints":{"allow":["GET"]}}],"collection":[{"href":"https:\/\/uj.adatbank.ro\/lexikon\/wp-json\/wp\/v2\/product"}],"about":[{"href":"https:\/\/uj.adatbank.ro\/lexikon\/wp-json\/wp\/v2\/types\/product"}],"replies":[{"embeddable":true,"href":"https:\/\/uj.adatbank.ro\/lexikon\/wp-json\/wp\/v2\/comments?post=6364"}],"wp:attachment":[{"href":"https:\/\/uj.adatbank.ro\/lexikon\/wp-json\/wp\/v2\/media?parent=6364"}],"wp:term":[{"taxonomy":"product_brand","embeddable":true,"href":"https:\/\/uj.adatbank.ro\/lexikon\/wp-json\/wp\/v2\/product_brand?post=6364"},{"taxonomy":"product_cat","embeddable":true,"href":"https:\/\/uj.adatbank.ro\/lexikon\/wp-json\/wp\/v2\/product_cat?post=6364"},{"taxonomy":"product_tag","embeddable":true,"href":"https:\/\/uj.adatbank.ro\/lexikon\/wp-json\/wp\/v2\/product_tag?post=6364"}],"curies":[{"name":"wp","href":"https:\/\/api.w.org\/{rel}","templated":true}]}}