{"id":6369,"date":"2025-06-28T17:49:59","date_gmt":"2025-06-28T15:49:59","guid":{"rendered":"https:\/\/uj.adatbank.ro\/lexikon\/termek\/csont-samu-%c2%a7-kendoi-csont-samuel\/"},"modified":"2025-06-28T17:49:59","modified_gmt":"2025-06-28T15:49:59","slug":"csont-samu-%c2%a7-kendoi-csont-samuel","status":"publish","type":"product","link":"https:\/\/uj.adatbank.ro\/lexikon\/termek\/csont-samu-%c2%a7-kendoi-csont-samuel\/","title":{"rendered":"CSONT Samu, \u00a7 kend\u0151i, Csont S\u00e1muel"},"content":{"rendered":"<p>Mv., 1890., \u2020\u00a0Mv., 1961. febr. 16.: ecetgy\u00e1ros, sportol\u00f3. \u2013 Tanulm\u00e1nyait a nagyenyedi Ref. Koll.-ban v\u00e9gezte, majd v\u00e1rmegyei tisztvisel\u0151 lett. Ecetgy\u00e1ros Mv.-en (1920\u2013). R\u00e9szt vett az els\u0151 v. h.-ban. Az MSE egyik alap\u00edt\u00f3 vezet\u0151s\u00e9gi tagja (1906\u2013), f\u0151titk\u00e1ra (1919\u2013), a Mv.-i Korcsolya Egylet \u00fcgyvezet\u0151je, a Sz\u00e9kelyf\u00f6ldi atl\u00e9tikai ker\u00fclet el\u0151ad\u00f3ja. Az atl\u00e9tika sz\u00e1mos \u00e1g\u00e1ban sok els\u0151 \u00e9s m\u00e1sodik helyez\u00e9st \u00e9rt el: s\u00edkfut\u00e1s, t\u00e1volugr\u00e1s (1912\u2013). A korcsoly\u00e1z\u00e1sban t\u00f6bb \u00e9ven \u00e1t els\u0151 volt; futballozott is. A MSE labdar\u00fag\u00f3 csapat\u00e1nak hossz\u00fa id\u0151n \u00e1t int\u00e9z\u0151je, csapatkapit\u00e1nya, f\u0151titk\u00e1ra (1919. m\u00e1j. 4. \u2013) \u00e9s \u00fcgyvezet\u0151je. Az \u0151 nev\u00e9hez f\u00faz\u0151dik a MSE \u00fajj\u00e1szervez\u00e9se. A MP f\u0151jegyz\u0151je, a ref. egyh\u00e1z presbitere; a Mv.-i Kaszin\u00f3 v\u00e1lasztm\u00e1nyi tagja (1947). <br \/><strong>Irod.:<\/strong> De\u00e9 Nagy Anik\u00f3 2007; Gy\u00e1szjelent.; Illy\u00e9s; Kl\u00f3sz-Tolok\u00e1n; Mv.-i labdar\u00fag\u00e1s, \u00d6kr\u00f6s; Pluh\u00e1r; Sz\u00e9kelyf\u00f6ld \u00ed. k.<\/br><\/p>\n","protected":false},"excerpt":{"rendered":"<p>Mv., 1890., \u2020\u00a0Mv., 1961. febr. 16.: ecetgy\u00e1ros, sportol\u00f3. \u2013 Tanulm\u00e1nyait a nagyenyedi Ref. Koll.-ban v\u00e9gezte, majd v\u00e1rmegyei tisztvisel\u0151 lett. Ecetgy\u00e1ros Mv.-en (1920\u2013). R\u00e9szt vett az els\u0151 v. h.-ban. Az MSE egyik alap\u00edt\u00f3 vezet\u0151s\u00e9gi tagja (1906\u2013), f\u0151titk\u00e1ra (1919\u2013), a Mv.-i Korcsolya Egylet \u00fcgyvezet\u0151je, a Sz\u00e9kelyf\u00f6ldi atl\u00e9tikai ker\u00fclet el\u0151ad\u00f3ja. Az atl\u00e9tika sz\u00e1mos \u00e1g\u00e1ban sok els\u0151 \u00e9s m\u00e1sodik [&hellip;]<\/p>\n","protected":false},"featured_media":0,"comment_status":"open","ping_status":"closed","template":"","meta":[],"product_brand":[],"product_cat":[137],"product_tag":[],"class_list":{"0":"post-6369","1":"product","2":"type-product","3":"status-publish","5":"product_cat-maros-megyei-eletrajzi-lexikon","7":"first","8":"instock","9":"shipping-taxable","10":"product-type-simple"},"_links":{"self":[{"href":"https:\/\/uj.adatbank.ro\/lexikon\/wp-json\/wp\/v2\/product\/6369","targetHints":{"allow":["GET"]}}],"collection":[{"href":"https:\/\/uj.adatbank.ro\/lexikon\/wp-json\/wp\/v2\/product"}],"about":[{"href":"https:\/\/uj.adatbank.ro\/lexikon\/wp-json\/wp\/v2\/types\/product"}],"replies":[{"embeddable":true,"href":"https:\/\/uj.adatbank.ro\/lexikon\/wp-json\/wp\/v2\/comments?post=6369"}],"wp:attachment":[{"href":"https:\/\/uj.adatbank.ro\/lexikon\/wp-json\/wp\/v2\/media?parent=6369"}],"wp:term":[{"taxonomy":"product_brand","embeddable":true,"href":"https:\/\/uj.adatbank.ro\/lexikon\/wp-json\/wp\/v2\/product_brand?post=6369"},{"taxonomy":"product_cat","embeddable":true,"href":"https:\/\/uj.adatbank.ro\/lexikon\/wp-json\/wp\/v2\/product_cat?post=6369"},{"taxonomy":"product_tag","embeddable":true,"href":"https:\/\/uj.adatbank.ro\/lexikon\/wp-json\/wp\/v2\/product_tag?post=6369"}],"curies":[{"name":"wp","href":"https:\/\/api.w.org\/{rel}","templated":true}]}}

CSONT Samu, § kendői, Csont Sámuel

<p>Mv., 1890., † Mv., 1961. febr. 16.: ecetgyáros, sportoló. – Tanulmányait a nagyenyedi Ref. Koll.-ban végezte, majd vármegyei tisztviselő lett. Ecetgyáros Mv.-en (1920–). Részt vett az első v. h.-ban. Az MSE egyik alapító vezetőségi tagja (1906–), főtitkára (1919–), a Mv.-i Korcsolya Egylet ügyvezetője, a Székelyföldi atlétikai kerület előadója. Az atlétika számos ágában sok első és második helyezést ért el: síkfutás, távolugrás (1912–). A korcsolyázásban több éven át első volt; futballozott is. A MSE labdarúgó csapatának hosszú időn át intézője, csapatkapitánya, főtitkára (1919. máj. 4. –) és ügyvezetője. Az ő nevéhez fúződik a MSE újjászervezése. A MP főjegyzője, a ref. egyház presbitere; a Mv.-i Kaszinó választmányi tagja (1947). <br /><strong>Irod.:</strong> Deé Nagy Anikó 2007; Gyászjelent.; Illyés; Klósz-Tolokán; Mv.-i labdarúgás, Ökrös; Pluhár; Székelyföld í. k.</br></p>

<p>Mv., 1890., † Mv., 1961. febr. 16.: ecetgyáros, sportoló. – Tanulmányait a nagyenyedi Ref. Koll.-ban végezte, majd vármegyei tisztviselő lett. Ecetgyáros Mv.-en (1920–). Részt vett az első v. h.-ban. Az MSE egyik alapító vezetőségi tagja (1906–), főtitkára (1919–), a Mv.-i Korcsolya Egylet ügyvezetője, a Székelyföldi atlétikai kerület előadója. Az atlétika számos ágában sok első és második [&hellip;]</p>
