{"id":6370,"date":"2025-06-28T17:50:01","date_gmt":"2025-06-28T15:50:01","guid":{"rendered":"https:\/\/uj.adatbank.ro\/lexikon\/termek\/csont-sandor-%c2%a7-kendoi\/"},"modified":"2025-06-28T17:50:01","modified_gmt":"2025-06-28T15:50:01","slug":"csont-sandor-%c2%a7-kendoi","status":"publish","type":"product","link":"https:\/\/uj.adatbank.ro\/lexikon\/termek\/csont-sandor-%c2%a7-kendoi\/","title":{"rendered":"CSONT S\u00e1ndor, \u00a7 kend\u0151i"},"content":{"rendered":"<p>Mv., 1893., \u2020 Mv., 1947. j\u00fal. 22. : k\u00f6z\u00fczemi f\u0151k\u00f6nyvel\u0151, szesznagykeresked\u0151, ecetgy\u00e1ros. \u2013 Tanulm\u00e1nyait a mv.-i fels\u0151 kereskedelmi iskol\u00e1ban v\u00e9gezte, majd mag\u00e1ntisztvisel\u0151je \u00e9s igazgat\u00f3ja volt egy fakitermel\u0151 v\u00e1llalatnak. A ref. egyh\u00e1z tan\u00e1csosa, a MP int\u00e9z\u0151bizotts\u00e1gi tagja. Az I. v. h.-ban a 82. gy. ezredben az orosz, olasz \u00e9s rom\u00e1n fronton harcolt, f\u0151hadnagyi rangban szerelt le. A III. o. kat. \u00e9rd. kereszt, I. o. vit. \u00e9., a K\u00e1roly Csapatkereszt kit\u00fcntetettje. A Lublin k\u00f6r\u00fcli harcokban megsebes\u00fclt. Tagja a MSE-nek (1911\u2013), majd sz\u00e1mvizsg\u00e1l\u00f3ja. A sz\u00e9kelyf\u00f6ldi j\u00e1t\u00e9kvezet\u0151 kirendelts\u00e9g bizotts\u00e1gi f\u0151p\u00e9nzt\u00e1rosa, a Levente Egyes\u00fclet sz\u00e1mvizsg\u00e1l\u00f3ja. J\u00e1t\u00e9kvezet\u0151i vizsg\u00e1t tett (1927), ut\u00f3bb a J\u00e1t\u00e9kvezet\u0151i Test\u00fcletb\u0151l kiz\u00e1rt\u00e1k. <br \/><strong>Irod.:<\/strong> Er\u00add\u00e9lyi ezredek; Pluh\u00e1r; Sz\u00e9kelyf\u00f6ld \u00ed. k.<\/br><\/p>\n","protected":false},"excerpt":{"rendered":"<p>Mv., 1893., \u2020 Mv., 1947. j\u00fal. 22. : k\u00f6z\u00fczemi f\u0151k\u00f6nyvel\u0151, szesznagykeresked\u0151, ecetgy\u00e1ros. \u2013 Tanulm\u00e1nyait a mv.-i fels\u0151 kereskedelmi iskol\u00e1ban v\u00e9gezte, majd mag\u00e1ntisztvisel\u0151je \u00e9s igazgat\u00f3ja volt egy fakitermel\u0151 v\u00e1llalatnak. A ref. egyh\u00e1z tan\u00e1csosa, a MP int\u00e9z\u0151bizotts\u00e1gi tagja. Az I. v. h.-ban a 82. gy. ezredben az orosz, olasz \u00e9s rom\u00e1n fronton harcolt, f\u0151hadnagyi rangban szerelt le. [&hellip;]<\/p>\n","protected":false},"featured_media":0,"comment_status":"open","ping_status":"closed","template":"","meta":[],"product_brand":[],"product_cat":[137],"product_tag":[],"class_list":{"0":"post-6370","1":"product","2":"type-product","3":"status-publish","5":"product_cat-maros-megyei-eletrajzi-lexikon","7":"first","8":"instock","9":"shipping-taxable","10":"product-type-simple"},"_links":{"self":[{"href":"https:\/\/uj.adatbank.ro\/lexikon\/wp-json\/wp\/v2\/product\/6370","targetHints":{"allow":["GET"]}}],"collection":[{"href":"https:\/\/uj.adatbank.ro\/lexikon\/wp-json\/wp\/v2\/product"}],"about":[{"href":"https:\/\/uj.adatbank.ro\/lexikon\/wp-json\/wp\/v2\/types\/product"}],"replies":[{"embeddable":true,"href":"https:\/\/uj.adatbank.ro\/lexikon\/wp-json\/wp\/v2\/comments?post=6370"}],"wp:attachment":[{"href":"https:\/\/uj.adatbank.ro\/lexikon\/wp-json\/wp\/v2\/media?parent=6370"}],"wp:term":[{"taxonomy":"product_brand","embeddable":true,"href":"https:\/\/uj.adatbank.ro\/lexikon\/wp-json\/wp\/v2\/product_brand?post=6370"},{"taxonomy":"product_cat","embeddable":true,"href":"https:\/\/uj.adatbank.ro\/lexikon\/wp-json\/wp\/v2\/product_cat?post=6370"},{"taxonomy":"product_tag","embeddable":true,"href":"https:\/\/uj.adatbank.ro\/lexikon\/wp-json\/wp\/v2\/product_tag?post=6370"}],"curies":[{"name":"wp","href":"https:\/\/api.w.org\/{rel}","templated":true}]}}

CSONT Sándor, § kendői

<p>Mv., 1893., † Mv., 1947. júl. 22. : közüzemi főkönyvelő, szesznagykereskedő, ecetgyáros. – Tanulmányait a mv.-i felső kereskedelmi iskolában végezte, majd magántisztviselője és igazgatója volt egy fakitermelő vállalatnak. A ref. egyház tanácsosa, a MP intézőbizottsági tagja. Az I. v. h.-ban a 82. gy. ezredben az orosz, olasz és román fronton harcolt, főhadnagyi rangban szerelt le. A III. o. kat. érd. kereszt, I. o. vit. é., a Károly Csapatkereszt kitüntetettje. A Lublin körüli harcokban megsebesült. Tagja a MSE-nek (1911–), majd számvizsgálója. A székelyföldi játékvezető kirendeltség bizottsági főpénztárosa, a Levente Egyesület számvizsgálója. Játékvezetői vizsgát tett (1927), utóbb a Játékvezetői Testületből kizárták. <br /><strong>Irod.:</strong> Er­délyi ezredek; Pluhár; Székelyföld í. k.</br></p>

<p>Mv., 1893., † Mv., 1947. júl. 22. : közüzemi főkönyvelő, szesznagykereskedő, ecetgyáros. – Tanulmányait a mv.-i felső kereskedelmi iskolában végezte, majd magántisztviselője és igazgatója volt egy fakitermelő vállalatnak. A ref. egyház tanácsosa, a MP intézőbizottsági tagja. Az I. v. h.-ban a 82. gy. ezredben az orosz, olasz és román fronton harcolt, főhadnagyi rangban szerelt le. [&hellip;]</p>
