{"id":6380,"date":"2025-06-28T17:50:31","date_gmt":"2025-06-28T15:50:31","guid":{"rendered":"https:\/\/uj.adatbank.ro\/lexikon\/termek\/csontos-oliver-%c2%a7-balazstelki\/"},"modified":"2025-06-28T17:50:31","modified_gmt":"2025-06-28T15:50:31","slug":"csontos-oliver-%c2%a7-balazstelki","status":"publish","type":"product","link":"https:\/\/uj.adatbank.ro\/lexikon\/termek\/csontos-oliver-%c2%a7-balazstelki\/","title":{"rendered":"CSONTOS Oliv\u00e9r, \u00a7 bal\u00e1zstelki"},"content":{"rendered":"<p>Kerel\u0151szentp\u00e1l, 1850., \u2020\u00a0Mv., 1920. okt. 3.: \u00fcgyv\u00e9d, ogy.-i k\u00e9pvisel\u0151. \u2013 Cs. Elek (1812.?-\u00a0Marosludas, 1890. okt. 25). \u00e9s B\u00edr\u00f3 Anna (1824 \u2013 Marosludas, 1890. m\u00e1rc. 27. Kerel\u0151szentp\u00e1lon temett\u00e9k) fia. Testv\u00e9rei: R\u00f3za Ferencz J\u00f3zsefn\u00e9; Ilona Antal Mih\u00e1lyn\u00e9; Mikl\u00f3s, ref. egyh\u00e1zk\u00f6zs\u00e9gi presbiter, egyh\u00e1zmegyei f\u0151gondnok. Feles\u00e9ge: tiszasz\u00f6ll\u0151si Kuczik Juli\u00e1nna (1859 \u2013 Mv., 1928. dec. 4.), a Mv.-i J\u00f3t\u00e9kony N\u0151egylet aleln\u00f6ke, a Clotild \u00c1rvah\u00e1z v\u00e1lasztm\u00e1nyi tagja, a polg\u00e1ri \u00e9rdemkereszt tulajdonosa. \u2013 A mv.-i Ref. Koll.-ban tanult, majd a kv.-i egyetem jogi fakult\u00e1s\u00e1n. Mv.-en dr. Scheitz Antal irod\u00e1j\u00e1ban volt gyakornok, \u00fcgyv\u00e9di vizsg\u00e1t tett (1878). Mv-en \u00fcgyv\u00e9d, az \u00fcgyv\u00e9di kamara titk\u00e1ra, majd eln\u00f6ke. Maros-Torda vm.-i tiszti f\u0151\u00fcgy\u00e9sze (1895\u2013), vm.-i \u00e9s v\u00e1rosi t\u00f6rv\u00e9nyhat\u00f3s\u00e1gi tag. Virilista (1888). A Ref. Koll. jogtan\u00e1csosa, el\u0151lj\u00e1r\u00f3s\u00e1gi tag (1905\u201310), a koll. \u00fcgyv\u00e9dje , gondnoka hal\u00e1l\u00e1ig (1920). A Teleki Samu hal\u00e1l\u00e1val meg\u00fcresedett gernyeszegi ker\u00fcletben az id\u0151k\u00f6zi v\u00e1laszt\u00e1son ogy.-i k\u00e9pvisel\u0151v\u00e9 v\u00e1lasztott\u00e1k (1916). T\u00f6bb test\u00fcletben, egyes\u00fcletben tev\u00e9kenykedett: ref. egyh\u00e1zk\u00f6zs\u00e9gi presbiter, egyh\u00e1zmegyei f\u0151gondnok; vezet\u0151s\u00e9gi tag. A Mv.-i Kaszin\u00f3 titk\u00e1ra volt (1883\u2013), v\u00e1lasztm\u00e1nyi tagja (1919). Eln\u00f6ke a Stef\u00e1nia kisded\u00f3v\u00f3nak, az EMKE rendes tagja, a mv.-i dalk\u00f6r eln\u00f6ke (1879 k.). A Nemzeti Munkap\u00e1rt alak\u00edt\u00f3 tagja v\u00e1rosi eln\u00f6ke (1910\u20131911). Tagja volt annak a k\u00fcld\u00f6tts\u00e9gnek, amelyik felvitte a k\u00e9pvisel\u0151i mand\u00e1tumot a miniszt\u00e9riumba (1910). S\u00e1ndor J\u00e1nos egykori bel\u00fcgyminiszter bels\u0151 bizalmasa volt. Bed\u0151h\u00e1zi J\u00e1nos felel\u0151s szerk. mellett t\u00e1rsszerk.-je a Mv. c. h\u00edrlapnak (1892\u201393). Cikket \u00edrt az \u00dcgyv\u00e9dek Lapj\u00e1ban (1893.) A mv.-i Kaszino J\u00f3kai \u00fcnnep\u00e9ly\u00e9nek rendez\u0151bizotts\u00e1gi tagja (1884. jan.). A Mv.-i K\u00f6zhasznu Takar\u00e9kp\u00e9nzt\u00e1r RT. Igazgat\u00f3s\u00e1gi tagja. A mv.-i Ker. \u00e9s Iparkamara vitaest\u00e9j\u00e9n (1914. febr. 20-\u00e1n) r\u00e9szt vett a vit\u00e1ban a cs\u0151djog reformj\u00e1r\u00f3l. A IV. Orsz\u00e1gos Patronage Kongresszust el\u0151k\u00e9sz\u00edt\u0151 bizotts\u00e1g\u00e1nak tagja volt (1914. szept.). Kir\u00e1lyi tan\u00e1csosi c\u00edmmel t\u00fcntett\u00e9k ki (Mv., 1912. jan. 1.). <br \/><strong>Irod.:<\/strong> A IV. Orsz\u00e1gos Patronage Kongresszus iratai (Bp., 1914); \u00c1goston Albert: Alkot\u00e1sainkra, \u00e9rt\u00e9keinkre eml\u00e9kezve (N\u00fa., 1993. dec. 14.); Bern\u00e1dy; Bi\u00e1s Istv\u00e1n; Cs. O. (Mv., 1912. febr. 1.); Er\u0151ss; Guly\u00e1s; Gy\u00e1szjelent\u0151; Id\u0151t\u00e1r 2; Id\u0151t\u00e1r 3; Koszta Istv\u00e1n: F\u00f6ldindul\u00e1s \u2013 1916 = P\u00e1l-Antal \u2013 Simon; Marosi-KZST; A mv.-i Casino J\u00f3kai \u00fcnnep\u00e9lye 1894. jan. 6. (Mv., 1894); S\u00e1ndor, Sebesty\u00e9n; Sipos<\/br><\/p>\n","protected":false},"excerpt":{"rendered":"<p>Kerel\u0151szentp\u00e1l, 1850., \u2020\u00a0Mv., 1920. okt. 3.: \u00fcgyv\u00e9d, ogy.-i k\u00e9pvisel\u0151. \u2013 Cs. Elek (1812.?-\u00a0Marosludas, 1890. okt. 25). \u00e9s B\u00edr\u00f3 Anna (1824 \u2013 Marosludas, 1890. m\u00e1rc. 27. Kerel\u0151szentp\u00e1lon temett\u00e9k) fia. Testv\u00e9rei: R\u00f3za Ferencz J\u00f3zsefn\u00e9; Ilona Antal Mih\u00e1lyn\u00e9; Mikl\u00f3s, ref. egyh\u00e1zk\u00f6zs\u00e9gi presbiter, egyh\u00e1zmegyei f\u0151gondnok. Feles\u00e9ge: tiszasz\u00f6ll\u0151si Kuczik Juli\u00e1nna (1859 \u2013 Mv., 1928. dec. 4.), a Mv.-i J\u00f3t\u00e9kony N\u0151egylet [&hellip;]<\/p>\n","protected":false},"featured_media":0,"comment_status":"open","ping_status":"closed","template":"","meta":[],"product_brand":[],"product_cat":[137],"product_tag":[],"class_list":{"0":"post-6380","1":"product","2":"type-product","3":"status-publish","5":"product_cat-maros-megyei-eletrajzi-lexikon","7":"first","8":"instock","9":"shipping-taxable","10":"product-type-simple"},"_links":{"self":[{"href":"https:\/\/uj.adatbank.ro\/lexikon\/wp-json\/wp\/v2\/product\/6380","targetHints":{"allow":["GET"]}}],"collection":[{"href":"https:\/\/uj.adatbank.ro\/lexikon\/wp-json\/wp\/v2\/product"}],"about":[{"href":"https:\/\/uj.adatbank.ro\/lexikon\/wp-json\/wp\/v2\/types\/product"}],"replies":[{"embeddable":true,"href":"https:\/\/uj.adatbank.ro\/lexikon\/wp-json\/wp\/v2\/comments?post=6380"}],"wp:attachment":[{"href":"https:\/\/uj.adatbank.ro\/lexikon\/wp-json\/wp\/v2\/media?parent=6380"}],"wp:term":[{"taxonomy":"product_brand","embeddable":true,"href":"https:\/\/uj.adatbank.ro\/lexikon\/wp-json\/wp\/v2\/product_brand?post=6380"},{"taxonomy":"product_cat","embeddable":true,"href":"https:\/\/uj.adatbank.ro\/lexikon\/wp-json\/wp\/v2\/product_cat?post=6380"},{"taxonomy":"product_tag","embeddable":true,"href":"https:\/\/uj.adatbank.ro\/lexikon\/wp-json\/wp\/v2\/product_tag?post=6380"}],"curies":[{"name":"wp","href":"https:\/\/api.w.org\/{rel}","templated":true}]}}

CSONTOS Olivér, § balázstelki

<p>Kerelőszentpál, 1850., † Mv., 1920. okt. 3.: ügyvéd, ogy.-i képviselő. – Cs. Elek (1812.?- Marosludas, 1890. okt. 25). és Bíró Anna (1824 – Marosludas, 1890. márc. 27. Kerelőszentpálon temették) fia. Testvérei: Róza Ferencz Józsefné; Ilona Antal Mihályné; Miklós, ref. egyházközségi presbiter, egyházmegyei főgondnok. Felesége: tiszaszöllősi Kuczik Juliánna (1859 – Mv., 1928. dec. 4.), a Mv.-i Jótékony Nőegylet alelnöke, a Clotild Árvaház választmányi tagja, a polgári érdemkereszt tulajdonosa. – A mv.-i Ref. Koll.-ban tanult, majd a kv.-i egyetem jogi fakultásán. Mv.-en dr. Scheitz Antal irodájában volt gyakornok, ügyvédi vizsgát tett (1878). Mv-en ügyvéd, az ügyvédi kamara titkára, majd elnöke. Maros-Torda vm.-i tiszti főügyésze (1895–), vm.-i és városi törvényhatósági tag. Virilista (1888). A Ref. Koll. jogtanácsosa, előljárósági tag (1905–10), a koll. ügyvédje , gondnoka haláláig (1920). A Teleki Samu halálával megüresedett gernyeszegi kerületben az időközi választáson ogy.-i képviselővé választották (1916). Több testületben, egyesületben tevékenykedett: ref. egyházközségi presbiter, egyházmegyei főgondnok; vezetőségi tag. A Mv.-i Kaszinó titkára volt (1883–), választmányi tagja (1919). Elnöke a Stefánia kisdedóvónak, az EMKE rendes tagja, a mv.-i dalkör elnöke (1879 k.). A Nemzeti Munkapárt alakító tagja városi elnöke (1910–1911). Tagja volt annak a küldöttségnek, amelyik felvitte a képviselői mandátumot a minisztériumba (1910). Sándor János egykori belügyminiszter belső bizalmasa volt. Bedőházi János felelős szerk. mellett társszerk.-je a Mv. c. hírlapnak (1892–93). Cikket írt az Ügyvédek Lapjában (1893.) A mv.-i Kaszino Jókai ünnepélyének rendezőbizottsági tagja (1884. jan.). A Mv.-i Közhasznu Takarékpénztár RT. Igazgatósági tagja. A mv.-i Ker. és Iparkamara vitaestéjén (1914. febr. 20-án) részt vett a vitában a csődjog reformjáról. A IV. Országos Patronage Kongresszust előkészítő bizottságának tagja volt (1914. szept.). Királyi tanácsosi címmel tüntették ki (Mv., 1912. jan. 1.). <br /><strong>Irod.:</strong> A IV. Országos Patronage Kongresszus iratai (Bp., 1914); Ágoston Albert: Alkotásainkra, értékeinkre emlékezve (Nú., 1993. dec. 14.); Bernády; Biás István; Cs. O. (Mv., 1912. febr. 1.); Erőss; Gulyás; Gyászjelentő; Időtár 2; Időtár 3; Koszta István: Földindulás – 1916 = Pál-Antal – Simon; Marosi-KZST; A mv.-i Casino Jókai ünnepélye 1894. jan. 6. (Mv., 1894); Sándor, Sebestyén; Sipos</br></p>

<p>Kerelőszentpál, 1850., † Mv., 1920. okt. 3.: ügyvéd, ogy.-i képviselő. – Cs. Elek (1812.?- Marosludas, 1890. okt. 25). és Bíró Anna (1824 – Marosludas, 1890. márc. 27. Kerelőszentpálon temették) fia. Testvérei: Róza Ferencz Józsefné; Ilona Antal Mihályné; Miklós, ref. egyházközségi presbiter, egyházmegyei főgondnok. Felesége: tiszaszöllősi Kuczik Juliánna (1859 – Mv., 1928. dec. 4.), a Mv.-i Jótékony Nőegylet [&hellip;]</p>
