{"id":6383,"date":"2025-06-28T17:50:36","date_gmt":"2025-06-28T15:50:36","guid":{"rendered":"https:\/\/uj.adatbank.ro\/lexikon\/termek\/csorba-istvan\/"},"modified":"2025-06-28T17:50:36","modified_gmt":"2025-06-28T15:50:36","slug":"csorba-istvan","status":"publish","type":"product","link":"https:\/\/uj.adatbank.ro\/lexikon\/termek\/csorba-istvan\/","title":{"rendered":"CSORBA Istv\u00e1n"},"content":{"rendered":"<p>Kolozs, ? \u2020\u00a01781. aug. 25.: r. k. pap. \u2013 Kv.-on (1725\u201328) \u00e9s Nagyszombaton (1730\u201331) tanult. Szolg\u00e1lt Lemh\u00e9nyben (1753), pl\u00e9b\u00e1nos \u00e9s ker\u00fcleti jegyz\u0151 K\u00e9zdiszentl\u00e9leken (1758 v. 1773), majd Kerel\u0151szentp\u00e1l pl\u00e9b\u00e1nosa (\u20131781). <br \/><strong>Irod.:<\/strong> Ferenczi S\u00e1ndor 2009<\/br><\/p>\n","protected":false},"excerpt":{"rendered":"<p>Kolozs, ? \u2020\u00a01781. aug. 25.: r. k. pap. \u2013 Kv.-on (1725\u201328) \u00e9s Nagyszombaton (1730\u201331) tanult. Szolg\u00e1lt Lemh\u00e9nyben (1753), pl\u00e9b\u00e1nos \u00e9s ker\u00fcleti jegyz\u0151 K\u00e9zdiszentl\u00e9leken (1758 v. 1773), majd Kerel\u0151szentp\u00e1l pl\u00e9b\u00e1nosa (\u20131781). Irod.: Ferenczi S\u00e1ndor 2009<\/p>\n","protected":false},"featured_media":0,"comment_status":"open","ping_status":"closed","template":"","meta":[],"product_brand":[],"product_cat":[137],"product_tag":[],"class_list":{"0":"post-6383","1":"product","2":"type-product","3":"status-publish","5":"product_cat-maros-megyei-eletrajzi-lexikon","7":"first","8":"instock","9":"shipping-taxable","10":"product-type-simple"},"_links":{"self":[{"href":"https:\/\/uj.adatbank.ro\/lexikon\/wp-json\/wp\/v2\/product\/6383","targetHints":{"allow":["GET"]}}],"collection":[{"href":"https:\/\/uj.adatbank.ro\/lexikon\/wp-json\/wp\/v2\/product"}],"about":[{"href":"https:\/\/uj.adatbank.ro\/lexikon\/wp-json\/wp\/v2\/types\/product"}],"replies":[{"embeddable":true,"href":"https:\/\/uj.adatbank.ro\/lexikon\/wp-json\/wp\/v2\/comments?post=6383"}],"wp:attachment":[{"href":"https:\/\/uj.adatbank.ro\/lexikon\/wp-json\/wp\/v2\/media?parent=6383"}],"wp:term":[{"taxonomy":"product_brand","embeddable":true,"href":"https:\/\/uj.adatbank.ro\/lexikon\/wp-json\/wp\/v2\/product_brand?post=6383"},{"taxonomy":"product_cat","embeddable":true,"href":"https:\/\/uj.adatbank.ro\/lexikon\/wp-json\/wp\/v2\/product_cat?post=6383"},{"taxonomy":"product_tag","embeddable":true,"href":"https:\/\/uj.adatbank.ro\/lexikon\/wp-json\/wp\/v2\/product_tag?post=6383"}],"curies":[{"name":"wp","href":"https:\/\/api.w.org\/{rel}","templated":true}]}}