{"id":6385,"date":"2025-06-28T17:50:45","date_gmt":"2025-06-28T15:50:45","guid":{"rendered":"https:\/\/uj.adatbank.ro\/lexikon\/termek\/csorba-sandor\/"},"modified":"2025-06-28T17:50:45","modified_gmt":"2025-06-28T15:50:45","slug":"csorba-sandor","status":"publish","type":"product","link":"https:\/\/uj.adatbank.ro\/lexikon\/termek\/csorba-sandor\/","title":{"rendered":"CSORBA S\u00e1ndor"},"content":{"rendered":"<p>1878, \u2020 1945: tisztvisel\u0151, postaigazgat\u00f3. \u2013 Molter K\u00e1roly s\u00f3gora. Feles\u00e9ge: Fekete Hermin, Marosi \u00d6d\u00f6nn\u00e9 le\u00e1nya az els\u0151 h\u00e1zass\u00e1g\u00e1b\u00f3l. Elv\u00e1ltak (1920-as \u00e9vek k\u00f6zep\u00e9n). \u2013 A mv.-i m. kir. posta- \u00e9s t\u00e1virda igazgat\u00f3ja, dr. (1914\u201315). Az int\u00e9zm\u00e9ny m\u00e1r az \u00faj \u00e9p\u00fcletben m\u0171k\u00f6d\u00f6tt. Letart\u00f3ztatt\u00e1k \u00e9s Zsib\u00f3ra hurcolt\u00e1k (1919). Az \u00fajonnan kinevezett posaigazgat\u00f3 mellett helyettesk\u00e9nt szolg\u00e1lt tov\u00e1bb (1920\u2013). Repatri\u00e1lt Bp. -re, ahol postaigazgat\u00f3 lett. <br \/><strong>Irod.:<\/strong> Bern\u00e1dy; Id\u0151t\u00e1r 3; Koszta; Molter 1.<\/br><\/p>\n","protected":false},"excerpt":{"rendered":"<p>1878, \u2020 1945: tisztvisel\u0151, postaigazgat\u00f3. \u2013 Molter K\u00e1roly s\u00f3gora. Feles\u00e9ge: Fekete Hermin, Marosi \u00d6d\u00f6nn\u00e9 le\u00e1nya az els\u0151 h\u00e1zass\u00e1g\u00e1b\u00f3l. Elv\u00e1ltak (1920-as \u00e9vek k\u00f6zep\u00e9n). \u2013 A mv.-i m. kir. posta- \u00e9s t\u00e1virda igazgat\u00f3ja, dr. (1914\u201315). Az int\u00e9zm\u00e9ny m\u00e1r az \u00faj \u00e9p\u00fcletben m\u0171k\u00f6d\u00f6tt. Letart\u00f3ztatt\u00e1k \u00e9s Zsib\u00f3ra hurcolt\u00e1k (1919). Az \u00fajonnan kinevezett posaigazgat\u00f3 mellett helyettesk\u00e9nt szolg\u00e1lt tov\u00e1bb (1920\u2013). Repatri\u00e1lt [&hellip;]<\/p>\n","protected":false},"featured_media":0,"comment_status":"open","ping_status":"closed","template":"","meta":[],"product_brand":[],"product_cat":[137],"product_tag":[],"class_list":{"0":"post-6385","1":"product","2":"type-product","3":"status-publish","5":"product_cat-maros-megyei-eletrajzi-lexikon","7":"first","8":"instock","9":"shipping-taxable","10":"product-type-simple"},"_links":{"self":[{"href":"https:\/\/uj.adatbank.ro\/lexikon\/wp-json\/wp\/v2\/product\/6385","targetHints":{"allow":["GET"]}}],"collection":[{"href":"https:\/\/uj.adatbank.ro\/lexikon\/wp-json\/wp\/v2\/product"}],"about":[{"href":"https:\/\/uj.adatbank.ro\/lexikon\/wp-json\/wp\/v2\/types\/product"}],"replies":[{"embeddable":true,"href":"https:\/\/uj.adatbank.ro\/lexikon\/wp-json\/wp\/v2\/comments?post=6385"}],"wp:attachment":[{"href":"https:\/\/uj.adatbank.ro\/lexikon\/wp-json\/wp\/v2\/media?parent=6385"}],"wp:term":[{"taxonomy":"product_brand","embeddable":true,"href":"https:\/\/uj.adatbank.ro\/lexikon\/wp-json\/wp\/v2\/product_brand?post=6385"},{"taxonomy":"product_cat","embeddable":true,"href":"https:\/\/uj.adatbank.ro\/lexikon\/wp-json\/wp\/v2\/product_cat?post=6385"},{"taxonomy":"product_tag","embeddable":true,"href":"https:\/\/uj.adatbank.ro\/lexikon\/wp-json\/wp\/v2\/product_tag?post=6385"}],"curies":[{"name":"wp","href":"https:\/\/api.w.org\/{rel}","templated":true}]}}