{"id":6386,"date":"2025-06-28T17:50:47","date_gmt":"2025-06-28T15:50:47","guid":{"rendered":"https:\/\/uj.adatbank.ro\/lexikon\/termek\/csordacsics-franz\/"},"modified":"2025-06-28T17:50:47","modified_gmt":"2025-06-28T15:50:47","slug":"csordacsics-franz","status":"publish","type":"product","link":"https:\/\/uj.adatbank.ro\/lexikon\/termek\/csordacsics-franz\/","title":{"rendered":"CSORDACSICS Franz"},"content":{"rendered":"<p>Sz\u00e1szr\u00e9gen, 1882. aug. 30. \u2020 Schwannenstadt (N\u00e9meto.), 1978. jan. 6.: katonatiszt, ezredes. \u2013 R\u00e9genben \u00e9s Szebenben tanult a Gyalogos Isk.-ban (1897\u20131901). A 36. cs. kir. Josefstadt-i (Bajororsz), gyalogezredhez sorozt\u00e1k be (1901. aug), hamarosan hadnagyi, majd f\u0151hadnagyi rangra l\u00e9ptett\u00e9k el\u0151. B\u00e9csbe helyezt\u00e9k (1909. m\u00e1j. 1. \u2013). B\u00e9keid\u0151ben kik\u00e9pz\u0151tiszt volt, \u00e9s a mozgos\u00edt\u00e1s\u00e9rt felelt. Kapit\u00e1nny\u00e1 l\u00e9ptett\u00e9k el\u0151 (1914. aug. 1. \u2013). Az I. vh.-ban Galici\u00e1ban harcolt \u00e9s a vez\u00e9rkarban teljes\u00edtett szolg\u00e1latot. Az 51. k. u. k. ezred z\u00e1szl\u00f3aljparancsnoka. A N\u00e9met Hadsereg k\u00f6tel\u00e9k\u00e9ben r\u00e9szt vett a lengyelo.-i hadj\u00e1ratban Sloninen\u00e1l, azut\u00e1n Olaszo.-ban az isonz\u00f3i csat\u00e1ban, K. Galici\u00e1ban, majd a h\u00e1bor\u00fa v\u00e9g\u00e9ig Montenegroban harcolt. H\u00e9t alkalommal t\u00fcntett\u00e9k ki. A h\u00e1bor\u00fa ut\u00e1n \u00e1t\u00e1llt a rom\u00e1n hadsereg Dnyeszteri 26. Gyalogezred\u00e9be (1920. dec. 20\u2013), majd Craiov\u00e1ra ker\u00fclt (1921. m\u00e1j. 1. \u2013). Sepsiszentgy\u00f6rgyre helyezt\u00e9k a Hegyivad\u00e1sziskol\u00e1ba (1922. \u00e1pr. 1. \u2013). \u0150rnagyi, majd ezredesi rangot kapott \u00e9s az iskola parancsnoka lett. Cikkeket, tanulm\u00e1nyokat k\u00f6z\u00f6lt a Foaia Armatei Rom\u00e2ne c. foly\u00f3iratban. \u00d6nk\u00e9nt mondott le (1935. nov. 30.), ezredesk\u00e9nt tartal\u00e9kba helyezt\u00e9k (1939). A II. vh. kit\u00f6r\u00e9se ut\u00e1n Romanba (Bac\u0103u) mozg\u00f3s\u00edtott\u00e1k a gyalogezred parancsnok\u00e1nak (1939. szept. 15. \u2013). Visszah\u00edvt\u00e1k Sepsiszentgy\u00f6rgyre a tisztk\u00e9pz\u0151 k\u00f6zpontba (1940. j\u00fal. 15. \u2013). A B\u00e9csi D\u00f6nt\u00e9s ut\u00e1n leszerelt\u00e9k (1940). <strong>Kit\u00fcntet\u00e9sei:<\/strong> Crucea de r\u0103zboi rom\u00e2neasc\u0103, Coroana Rom\u00e2niei, Steaua Rom\u00e2niei \u00een grad de cavaler. A h\u00e1bor\u00fa ut\u00e1n Sepsiszentgy\u00f6rgy\u00f6n telepedett le, ahonnan Ny.-ra menek\u00fclt \u00e9s a n\u00e9meto.-i Schwannenstadt-ban \u00e1llapodott meg, ahol hal\u00e1l\u00e1ig \u00e9lt. <br \/><strong>Irod.:<\/strong> Reghin, militari<\/br><\/p>\n","protected":false},"excerpt":{"rendered":"<p>Sz\u00e1szr\u00e9gen, 1882. aug. 30. \u2020 Schwannenstadt (N\u00e9meto.), 1978. jan. 6.: katonatiszt, ezredes. \u2013 R\u00e9genben \u00e9s Szebenben tanult a Gyalogos Isk.-ban (1897\u20131901). A 36. cs. kir. Josefstadt-i (Bajororsz), gyalogezredhez sorozt\u00e1k be (1901. aug), hamarosan hadnagyi, majd f\u0151hadnagyi rangra l\u00e9ptett\u00e9k el\u0151. B\u00e9csbe helyezt\u00e9k (1909. m\u00e1j. 1. \u2013). B\u00e9keid\u0151ben kik\u00e9pz\u0151tiszt volt, \u00e9s a mozgos\u00edt\u00e1s\u00e9rt felelt. Kapit\u00e1nny\u00e1 l\u00e9ptett\u00e9k el\u0151 [&hellip;]<\/p>\n","protected":false},"featured_media":0,"comment_status":"open","ping_status":"closed","template":"","meta":[],"product_brand":[],"product_cat":[137],"product_tag":[],"class_list":{"0":"post-6386","1":"product","2":"type-product","3":"status-publish","5":"product_cat-maros-megyei-eletrajzi-lexikon","7":"first","8":"instock","9":"shipping-taxable","10":"product-type-simple"},"_links":{"self":[{"href":"https:\/\/uj.adatbank.ro\/lexikon\/wp-json\/wp\/v2\/product\/6386","targetHints":{"allow":["GET"]}}],"collection":[{"href":"https:\/\/uj.adatbank.ro\/lexikon\/wp-json\/wp\/v2\/product"}],"about":[{"href":"https:\/\/uj.adatbank.ro\/lexikon\/wp-json\/wp\/v2\/types\/product"}],"replies":[{"embeddable":true,"href":"https:\/\/uj.adatbank.ro\/lexikon\/wp-json\/wp\/v2\/comments?post=6386"}],"wp:attachment":[{"href":"https:\/\/uj.adatbank.ro\/lexikon\/wp-json\/wp\/v2\/media?parent=6386"}],"wp:term":[{"taxonomy":"product_brand","embeddable":true,"href":"https:\/\/uj.adatbank.ro\/lexikon\/wp-json\/wp\/v2\/product_brand?post=6386"},{"taxonomy":"product_cat","embeddable":true,"href":"https:\/\/uj.adatbank.ro\/lexikon\/wp-json\/wp\/v2\/product_cat?post=6386"},{"taxonomy":"product_tag","embeddable":true,"href":"https:\/\/uj.adatbank.ro\/lexikon\/wp-json\/wp\/v2\/product_tag?post=6386"}],"curies":[{"name":"wp","href":"https:\/\/api.w.org\/{rel}","templated":true}]}}

<p>Szászrégen, 1882. aug. 30. † Schwannenstadt (Németo.), 1978. jan. 6.: katonatiszt, ezredes. – Régenben és Szebenben tanult a Gyalogos Isk.-ban (1897–1901). A 36. cs. kir. Josefstadt-i (Bajororsz), gyalogezredhez sorozták be (1901. aug), hamarosan hadnagyi, majd főhadnagyi rangra léptették elő. Bécsbe helyezték (1909. máj. 1. –). Békeidőben kiképzőtiszt volt, és a mozgosításért felelt. Kapitánnyá léptették elő (1914. aug. 1. –). Az I. vh.-ban Galiciában harcolt és a vezérkarban teljesített szolgálatot. Az 51. k. u. k. ezred zászlóaljparancsnoka. A Német Hadsereg kötelékében részt vett a lengyelo.-i hadjáratban Sloninenál, azután Olaszo.-ban az isonzói csatában, K. Galiciában, majd a háború végéig Montenegroban harcolt. Hét alkalommal tüntették ki. A háború után átállt a román hadsereg Dnyeszteri 26. Gyalogezredébe (1920. dec. 20–), majd Craiovára került (1921. máj. 1. –). Sepsiszentgyörgyre helyezték a Hegyivadásziskolába (1922. ápr. 1. –). Őrnagyi, majd ezredesi rangot kapott és az iskola parancsnoka lett. Cikkeket, tanulmányokat közölt a Foaia Armatei Române c. folyóiratban. Önként mondott le (1935. nov. 30.), ezredesként tartalékba helyezték (1939). A II. vh. kitörése után Romanba (Bacău) mozgósították a gyalogezred parancsnokának (1939. szept. 15. –). Visszahívták Sepsiszentgyörgyre a tisztképző központba (1940. júl. 15. –). A Bécsi Döntés után leszerelték (1940). <strong>Kitüntetései:</strong> Crucea de război românească, Coroana României, Steaua României în grad de cavaler. A háború után Sepsiszentgyörgyön telepedett le, ahonnan Ny.-ra menekült és a németo.-i Schwannenstadt-ban állapodott meg, ahol haláláig élt. <br /><strong>Irod.:</strong> Reghin, militari</br></p>

<p>Szászrégen, 1882. aug. 30. † Schwannenstadt (Németo.), 1978. jan. 6.: katonatiszt, ezredes. – Régenben és Szebenben tanult a Gyalogos Isk.-ban (1897–1901). A 36. cs. kir. Josefstadt-i (Bajororsz), gyalogezredhez sorozták be (1901. aug), hamarosan hadnagyi, majd főhadnagyi rangra léptették elő. Bécsbe helyezték (1909. máj. 1. –). Békeidőben kiképzőtiszt volt, és a mozgosításért felelt. Kapitánnyá léptették elő [&hellip;]</p>
