{"id":6387,"date":"2025-06-28T17:50:49","date_gmt":"2025-06-28T15:50:49","guid":{"rendered":"https:\/\/uj.adatbank.ro\/lexikon\/termek\/csorja-ferenc-p\/"},"modified":"2025-06-28T17:50:49","modified_gmt":"2025-06-28T15:50:49","slug":"csorja-ferenc-p","status":"publish","type":"product","link":"https:\/\/uj.adatbank.ro\/lexikon\/termek\/csorja-ferenc-p\/","title":{"rendered":"CSORJA Ferenc, P."},"content":{"rendered":"<p>Ilyefalva, 1782., \u2020 Torda, 1843. m\u00e1j. 1.: ref. f\u0151iskolai tan\u00e1r. \u2013 Enyeden tanult, majd gr. Toroczkai Mikl\u00f3s nevel\u0151je, Sz\u00e9krlyudvarhelyen tan\u00e1r (1824\u2013). Nagyenyeden igazgat\u00f3-tan\u00e1r sokat tett az iskola anyagi gyarap\u00edt\u00e1sa \u00e9rdek\u00e9ben (1831\u2013). Mv.-en j\u00e1rt\u00e1ban adta ki m\u0171veit, Sz\u00e9kelyudvarhelyen tan\u00e1r (1824\u2013). \u2013 <strong>F. m.:<\/strong> Haza \u00e9s k\u00f6z\u00f6ns\u00e9ges hist\u00f3ria a gramatica classis sz\u00e1m\u00e1ra (Mv., 1830, Nagyenyed, 1833, 1836, 1841); A sz\u00e1mvet\u00e9s tudom\u00e1nya r\u00f6viden a falusi iskol\u00e1k sz\u00e1m\u00e1ra (Mv., 1830; Nagyenyed, 1835); <strong>ford.:<\/strong> Goldsmith: Wakefieldi pap (Mv., 1831); Atap filosophia, kezd\u0151 filoz\u00f3fusok sz\u00e1m\u00e1ra (Mv., 1842). <br \/><strong>Irod.:<\/strong> Kr\u00f3n. F\u00fcz. (1939. 4\/5); R\u00e1cz 2009; Szinnyei<\/br><\/p>\n","protected":false},"excerpt":{"rendered":"<p>Ilyefalva, 1782., \u2020 Torda, 1843. m\u00e1j. 1.: ref. f\u0151iskolai tan\u00e1r. \u2013 Enyeden tanult, majd gr. Toroczkai Mikl\u00f3s nevel\u0151je, Sz\u00e9krlyudvarhelyen tan\u00e1r (1824\u2013). Nagyenyeden igazgat\u00f3-tan\u00e1r sokat tett az iskola anyagi gyarap\u00edt\u00e1sa \u00e9rdek\u00e9ben (1831\u2013). Mv.-en j\u00e1rt\u00e1ban adta ki m\u0171veit, Sz\u00e9kelyudvarhelyen tan\u00e1r (1824\u2013). \u2013 F. m.: Haza \u00e9s k\u00f6z\u00f6ns\u00e9ges hist\u00f3ria a gramatica classis sz\u00e1m\u00e1ra (Mv., 1830, Nagyenyed, 1833, 1836, [&hellip;]<\/p>\n","protected":false},"featured_media":0,"comment_status":"open","ping_status":"closed","template":"","meta":[],"product_brand":[],"product_cat":[137],"product_tag":[],"class_list":{"0":"post-6387","1":"product","2":"type-product","3":"status-publish","5":"product_cat-maros-megyei-eletrajzi-lexikon","7":"first","8":"instock","9":"shipping-taxable","10":"product-type-simple"},"_links":{"self":[{"href":"https:\/\/uj.adatbank.ro\/lexikon\/wp-json\/wp\/v2\/product\/6387","targetHints":{"allow":["GET"]}}],"collection":[{"href":"https:\/\/uj.adatbank.ro\/lexikon\/wp-json\/wp\/v2\/product"}],"about":[{"href":"https:\/\/uj.adatbank.ro\/lexikon\/wp-json\/wp\/v2\/types\/product"}],"replies":[{"embeddable":true,"href":"https:\/\/uj.adatbank.ro\/lexikon\/wp-json\/wp\/v2\/comments?post=6387"}],"wp:attachment":[{"href":"https:\/\/uj.adatbank.ro\/lexikon\/wp-json\/wp\/v2\/media?parent=6387"}],"wp:term":[{"taxonomy":"product_brand","embeddable":true,"href":"https:\/\/uj.adatbank.ro\/lexikon\/wp-json\/wp\/v2\/product_brand?post=6387"},{"taxonomy":"product_cat","embeddable":true,"href":"https:\/\/uj.adatbank.ro\/lexikon\/wp-json\/wp\/v2\/product_cat?post=6387"},{"taxonomy":"product_tag","embeddable":true,"href":"https:\/\/uj.adatbank.ro\/lexikon\/wp-json\/wp\/v2\/product_tag?post=6387"}],"curies":[{"name":"wp","href":"https:\/\/api.w.org\/{rel}","templated":true}]}}

<p>Ilyefalva, 1782., † Torda, 1843. máj. 1.: ref. főiskolai tanár. – Enyeden tanult, majd gr. Toroczkai Miklós nevelője, Székrlyudvarhelyen tanár (1824–). Nagyenyeden igazgató-tanár sokat tett az iskola anyagi gyarapítása érdekében (1831–). Mv.-en jártában adta ki műveit, Székelyudvarhelyen tanár (1824–). – <strong>F. m.:</strong> Haza és közönséges história a gramatica classis számára (Mv., 1830, Nagyenyed, 1833, 1836, 1841); A számvetés tudománya röviden a falusi iskolák számára (Mv., 1830; Nagyenyed, 1835); <strong>ford.:</strong> Goldsmith: Wakefieldi pap (Mv., 1831); Atap filosophia, kezdő filozófusok számára (Mv., 1842). <br /><strong>Irod.:</strong> Krón. Füz. (1939. 4/5); Rácz 2009; Szinnyei</br></p>

<p>Ilyefalva, 1782., † Torda, 1843. máj. 1.: ref. főiskolai tanár. – Enyeden tanult, majd gr. Toroczkai Miklós nevelője, Székrlyudvarhelyen tanár (1824–). Nagyenyeden igazgató-tanár sokat tett az iskola anyagi gyarapítása érdekében (1831–). Mv.-en jártában adta ki műveit, Székelyudvarhelyen tanár (1824–). – F. m.: Haza és közönséges história a gramatica classis számára (Mv., 1830, Nagyenyed, 1833, 1836, [&hellip;]</p>
