{"id":6389,"date":"2025-06-28T17:50:52","date_gmt":"2025-06-28T15:50:52","guid":{"rendered":"https:\/\/uj.adatbank.ro\/lexikon\/termek\/csorvasi-andor-%c2%a7\/"},"modified":"2025-06-28T17:50:52","modified_gmt":"2025-06-28T15:50:52","slug":"csorvasi-andor-%c2%a7","status":"publish","type":"product","link":"https:\/\/uj.adatbank.ro\/lexikon\/termek\/csorvasi-andor-%c2%a7\/","title":{"rendered":"CSORV\u00c1SI Andor, \u00a7"},"content":{"rendered":"<p>Radn\u00f3tf\u00e1ja, 1931. m\u00e1rc. 5., \u2020 Buk., 2007. j\u00fal. 16.: k\u00f6zgazd\u00e1sz. \u2013 Elemit sz\u00fcl\u0151hely\u00e9n, gimn. -t R\u00e9genben \u00e9s Mv.-en a Bolyai L\u00edc.-ban v\u00e9gzett. Kv.-on egy \u00e9vet v\u00e9gzett a K\u00f6zgazdas\u00e1gi Egy.-en, k\u00f6zgazdas\u00e1gi tanulm\u00e1nyait Moszkv\u00e1ban a Lomonoszov Egyetemen fejezte be \u00e9s doktor\u00e1lt (1961). Buk.-ben az \u00c1llami Tervez\u0151 Bizotts\u00e1gban dolgozott, majd a Munka\u00fcgyi Min. &#8211;ban (1969\u2013), ahol nyugd\u00edjaz\u00e1s\u00e1ig vez\u00e9rigazgat\u00f3 volt (1993). Nyugd\u00edjaz\u00e1sa ut\u00e1n a Nemzeti Progn\u00f3zis Bizotts\u00e1gban tev\u00e9kenykedett m\u00e9g (2007. j\u00fal. 7.). Szakmai hozz\u00e1\u00e9rt\u00e9s\u00e9t a Munka\u00e9rdemrend III. fokozat\u00e1val t\u00fcntett\u00e9k ki. Tev\u00e9kenys\u00e9ge sor\u00e1n sz\u00e1mos k\u00f6zgazdas\u00e1gi cikket, tanulm\u00e1nyt tett k\u00f6zz\u00e9, r\u00e1di\u00f3- \u00e9s Tv.- m\u0171sorokban szerepelt. <br \/><strong>Irod.:<\/strong> Profiluri reghinene<\/br><\/p>\n","protected":false},"excerpt":{"rendered":"<p>Radn\u00f3tf\u00e1ja, 1931. m\u00e1rc. 5., \u2020 Buk., 2007. j\u00fal. 16.: k\u00f6zgazd\u00e1sz. \u2013 Elemit sz\u00fcl\u0151hely\u00e9n, gimn. -t R\u00e9genben \u00e9s Mv.-en a Bolyai L\u00edc.-ban v\u00e9gzett. Kv.-on egy \u00e9vet v\u00e9gzett a K\u00f6zgazdas\u00e1gi Egy.-en, k\u00f6zgazdas\u00e1gi tanulm\u00e1nyait Moszkv\u00e1ban a Lomonoszov Egyetemen fejezte be \u00e9s doktor\u00e1lt (1961). Buk.-ben az \u00c1llami Tervez\u0151 Bizotts\u00e1gban dolgozott, majd a Munka\u00fcgyi Min. &#8211;ban (1969\u2013), ahol nyugd\u00edjaz\u00e1s\u00e1ig vez\u00e9rigazgat\u00f3 [&hellip;]<\/p>\n","protected":false},"featured_media":0,"comment_status":"open","ping_status":"closed","template":"","meta":[],"product_brand":[],"product_cat":[137],"product_tag":[],"class_list":{"0":"post-6389","1":"product","2":"type-product","3":"status-publish","5":"product_cat-maros-megyei-eletrajzi-lexikon","7":"first","8":"instock","9":"shipping-taxable","10":"product-type-simple"},"_links":{"self":[{"href":"https:\/\/uj.adatbank.ro\/lexikon\/wp-json\/wp\/v2\/product\/6389","targetHints":{"allow":["GET"]}}],"collection":[{"href":"https:\/\/uj.adatbank.ro\/lexikon\/wp-json\/wp\/v2\/product"}],"about":[{"href":"https:\/\/uj.adatbank.ro\/lexikon\/wp-json\/wp\/v2\/types\/product"}],"replies":[{"embeddable":true,"href":"https:\/\/uj.adatbank.ro\/lexikon\/wp-json\/wp\/v2\/comments?post=6389"}],"wp:attachment":[{"href":"https:\/\/uj.adatbank.ro\/lexikon\/wp-json\/wp\/v2\/media?parent=6389"}],"wp:term":[{"taxonomy":"product_brand","embeddable":true,"href":"https:\/\/uj.adatbank.ro\/lexikon\/wp-json\/wp\/v2\/product_brand?post=6389"},{"taxonomy":"product_cat","embeddable":true,"href":"https:\/\/uj.adatbank.ro\/lexikon\/wp-json\/wp\/v2\/product_cat?post=6389"},{"taxonomy":"product_tag","embeddable":true,"href":"https:\/\/uj.adatbank.ro\/lexikon\/wp-json\/wp\/v2\/product_tag?post=6389"}],"curies":[{"name":"wp","href":"https:\/\/api.w.org\/{rel}","templated":true}]}}

CSORVÁSI Andor, §

<p>Radnótfája, 1931. márc. 5., † Buk., 2007. júl. 16.: közgazdász. – Elemit szülőhelyén, gimn. -t Régenben és Mv.-en a Bolyai Líc.-ban végzett. Kv.-on egy évet végzett a Közgazdasági Egy.-en, közgazdasági tanulmányait Moszkvában a Lomonoszov Egyetemen fejezte be és doktorált (1961). Buk.-ben az Állami Tervező Bizottságban dolgozott, majd a Munkaügyi Min. &#8211;ban (1969–), ahol nyugdíjazásáig vezérigazgató volt (1993). Nyugdíjazása után a Nemzeti Prognózis Bizottságban tevékenykedett még (2007. júl. 7.). Szakmai hozzáértését a Munkaérdemrend III. fokozatával tüntették ki. Tevékenysége során számos közgazdasági cikket, tanulmányt tett közzé, rádió- és Tv.- műsorokban szerepelt. <br /><strong>Irod.:</strong> Profiluri reghinene</br></p>

<p>Radnótfája, 1931. márc. 5., † Buk., 2007. júl. 16.: közgazdász. – Elemit szülőhelyén, gimn. -t Régenben és Mv.-en a Bolyai Líc.-ban végzett. Kv.-on egy évet végzett a Közgazdasági Egy.-en, közgazdasági tanulmányait Moszkvában a Lomonoszov Egyetemen fejezte be és doktorált (1961). Buk.-ben az Állami Tervező Bizottságban dolgozott, majd a Munkaügyi Min. &#8211;ban (1969–), ahol nyugdíjazásáig vezérigazgató [&hellip;]</p>
