{"id":6390,"date":"2025-06-28T17:50:53","date_gmt":"2025-06-28T15:50:53","guid":{"rendered":"https:\/\/uj.adatbank.ro\/lexikon\/termek\/csorvassy-istvan-%c2%a7-csorvasi-istvan\/"},"modified":"2025-06-28T17:50:53","modified_gmt":"2025-06-28T15:50:53","slug":"csorvassy-istvan-%c2%a7-csorvasi-istvan","status":"publish","type":"product","link":"https:\/\/uj.adatbank.ro\/lexikon\/termek\/csorvassy-istvan-%c2%a7-csorvasi-istvan\/","title":{"rendered":"CSORV\u00c1SSY Istv\u00e1n, \u00a7 Csorv\u00e1si Istv\u00e1n"},"content":{"rendered":"<p>Sz\u00e1szr\u00e9gen, 1912. \u00e1pr. 2., \u2020 Mv., 1986. szept. 7.: szobr\u00e1szm\u0171v\u00e9sz. \u2013 Ipari munk\u00e1s sorb\u00f3l indult m\u0171v\u00e9szeti p\u00e1ly\u00e1ja, a Sz\u00e9kely \u00e9s R\u00e9ti f\u00e9le butorgy\u00e1rban mint farag\u00e1sz dolgozott egy\u00fctt Izs\u00e1k M\u00e1rtonnal (1926\u201329). A kv.-on a M\u0171v\u00e9szeti Szabad Iskol\u00e1ban tanult Aurel Ciupe \u00e9s Romul Ladea tan\u00edtv\u00e1nyak\u00e9nt (1929\u2013). A mv.-i m\u0171v\u00e9szeti k\u00f6z\u00e9piskola tan\u00e1ra (1931\u2013). Els\u0151 m\u0171v\u00e9t Mv.-en \u00e1ll\u00edtott\u00e1k ki Fi\u00fa csig\u00e1val c. \u00e9s arany\u00e9remmel jutalmazt\u00e1k (1931-ben). Rendszeresen szerepelt tartom\u00e1nyi ill. megyei ki\u00e1ll\u00edt\u00e1sokon Mv.-en (1949\u2013), orsz\u00e1gos t\u00e1rlatokon Buk.-ben \u00e9s k\u00fclf\u00f6ldon is (SzU, Magyaro, Csehszlov\u00e1kia). M\u0171v\u00e9szi fejl\u0151d\u00e9s\u00e9hez hozz\u00e1j\u00e1rultak k\u00fclf\u00f6ldi tanulm\u00e1ny\u00fatjai: Leningr\u00e1d, Moszkva, R\u00f3ma, Finno., Kolumbia. Pet\u0151fi, George Enescu, Ady alakj\u00e1t sz\u00e1mos v\u00e1ltozatban \u00f6r\u00f6k\u00edtette meg. <strong>Kit\u00fcntet\u00e9sei:<\/strong> Arany\u00e9rem (1931); \u00c1llami d\u00edj (1950); Koreai partiz\u00e1nok c. faszobr\u00e1t a B\u00e9ke Vil\u00e1gtan\u00e1cs (P\u00e1rizs) arany\u00e9rm\u00e9vel t\u00fcntett\u00e9k ki (1952); \u00c1llami d\u00edj II. fokozat (1952); Munka\u00e9rdemrend III. fokozata (1954); \u00c1llami d\u00edj (1964). Sz\u00e1mos munk\u00e1ja, domborm\u0171ve d\u00edsz\u00edti k\u00f6z\u00e9p\u00fcleteinket: Relif a Sepsiszentgy\u00f6rgyi \u00c1llami M. Sz\u00ednh\u00e1zban, a mv.-i Arta Moziban. T\u00f6bb m\u0171v\u00e9t k\u00f6ztereken \u00e1ll\u00edtott\u00e1k fel, valamint m\u00fazumok \u00f6rzik. \u2013 Jelent\u0151sebb alkot\u00e1sai: J. V. Szt\u00e1lin szobra (Izs\u00e1k M\u00e1rtonnal; Mv. 1955. dec. 21. &#8211; a v\u00e1rosh\u00e1za el\u0151tt \u00e1llt 1962. tavasz\u00e1ig); Bolyaiak szobra (Izs\u00e1k M\u00e1rtonnal; Mv., 1956\u201357); Hunyadi J\u00e1nos; Ana Ip\u0103tescu; G. Enescu, Pet\u0151fi, Ady. A rom\u00e1n katona szobra avagy Az ismeretlen katona szobra (Izs\u00e1k M\u00e1rtonnal; Mv., 1963\u20131964); Sevcsenko mellszobra (Buk.); domborm\u0171 a mv-i Arta moziban; Budai Ilona-balladasor domborm\u0171 a sepsisztgy\u00f6rgyi \u00c1llami Sz\u00ednh\u00e1znak (Izs\u00e1k M\u00e1rtonnal); Traktorista; K\u00f6z\u00f6s \u00faton; Koreai partiz\u00e1nok; D\u00f3zsa Gy\u00f6rgy felkel\u00e9se. \u2013 F. ki\u00e1ll: Mv. (1931, 1939. dec., 1946), Sepsiszentgy\u00f6rgy (1933); Kv. (1946), Moszkva (1949), Bp. (1950), Pr\u00e1ga (1952) Buk.-ben, Bp.-en Vars\u00f3ban. <br \/><strong>Irod.:<\/strong> Arck\u00e9pcsarnok (Igaz Sz\u00f3, 1972. 11. sz.); artportal; Banner; Bottoni 2008; s.: Cs. I. (V. Z., 1958. m\u00e1rc. 2., V. Z., 1961. febr. 1.); Gy\u00e1rf\u00e1s Mikl\u00f3s: Cs. I. 70 \u00e9ves (V. Z., 1982. m\u00e1j. 16.); Id\u0151t\u00e1r 3; Izs\u00e1k M\u00e1rton: Az emberszeretet jegy\u00e9ben (V. Z., 1986. szept. 13.); Katona Szab\u00f3 Istv\u00e1n: Az \u00daj \u00c9let lexikona, 37. (\u00daj \u00c9let, 1. sz., 1972); [Nekrol\u00f3g] (V. Z., 1986. szept. 9.); \u00d6tv\u00f6s J\u00f3zsef: Mv.-i szobrok \u00e9s alkot\u00f3ik: A k\u00e9t Bolyai (\u00daj Kezdet, 2. sz., 2006. febr.); Profiluri reghinene; RMIL; S\u00f3lyom Ferenc: Cs. I. -n\u00e1l (\u00daj \u00c9let, 19. sz., 1978); Todea 2013<\/br><\/p>\n","protected":false},"excerpt":{"rendered":"<p>Sz\u00e1szr\u00e9gen, 1912. \u00e1pr. 2., \u2020 Mv., 1986. szept. 7.: szobr\u00e1szm\u0171v\u00e9sz. \u2013 Ipari munk\u00e1s sorb\u00f3l indult m\u0171v\u00e9szeti p\u00e1ly\u00e1ja, a Sz\u00e9kely \u00e9s R\u00e9ti f\u00e9le butorgy\u00e1rban mint farag\u00e1sz dolgozott egy\u00fctt Izs\u00e1k M\u00e1rtonnal (1926\u201329). A kv.-on a M\u0171v\u00e9szeti Szabad Iskol\u00e1ban tanult Aurel Ciupe \u00e9s Romul Ladea tan\u00edtv\u00e1nyak\u00e9nt (1929\u2013). A mv.-i m\u0171v\u00e9szeti k\u00f6z\u00e9piskola tan\u00e1ra (1931\u2013). Els\u0151 m\u0171v\u00e9t Mv.-en \u00e1ll\u00edtott\u00e1k ki [&hellip;]<\/p>\n","protected":false},"featured_media":0,"comment_status":"open","ping_status":"closed","template":"","meta":[],"product_brand":[],"product_cat":[137],"product_tag":[],"class_list":{"0":"post-6390","1":"product","2":"type-product","3":"status-publish","5":"product_cat-maros-megyei-eletrajzi-lexikon","7":"first","8":"instock","9":"shipping-taxable","10":"product-type-simple"},"_links":{"self":[{"href":"https:\/\/uj.adatbank.ro\/lexikon\/wp-json\/wp\/v2\/product\/6390","targetHints":{"allow":["GET"]}}],"collection":[{"href":"https:\/\/uj.adatbank.ro\/lexikon\/wp-json\/wp\/v2\/product"}],"about":[{"href":"https:\/\/uj.adatbank.ro\/lexikon\/wp-json\/wp\/v2\/types\/product"}],"replies":[{"embeddable":true,"href":"https:\/\/uj.adatbank.ro\/lexikon\/wp-json\/wp\/v2\/comments?post=6390"}],"wp:attachment":[{"href":"https:\/\/uj.adatbank.ro\/lexikon\/wp-json\/wp\/v2\/media?parent=6390"}],"wp:term":[{"taxonomy":"product_brand","embeddable":true,"href":"https:\/\/uj.adatbank.ro\/lexikon\/wp-json\/wp\/v2\/product_brand?post=6390"},{"taxonomy":"product_cat","embeddable":true,"href":"https:\/\/uj.adatbank.ro\/lexikon\/wp-json\/wp\/v2\/product_cat?post=6390"},{"taxonomy":"product_tag","embeddable":true,"href":"https:\/\/uj.adatbank.ro\/lexikon\/wp-json\/wp\/v2\/product_tag?post=6390"}],"curies":[{"name":"wp","href":"https:\/\/api.w.org\/{rel}","templated":true}]}}

CSORVÁSSY István, § Csorvási István

<p>Szászrégen, 1912. ápr. 2., † Mv., 1986. szept. 7.: szobrászművész. – Ipari munkás sorból indult művészeti pályája, a Székely és Réti féle butorgyárban mint faragász dolgozott együtt Izsák Mártonnal (1926–29). A kv.-on a Művészeti Szabad Iskolában tanult Aurel Ciupe és Romul Ladea tanítványaként (1929–). A mv.-i művészeti középiskola tanára (1931–). Első művét Mv.-en állították ki Fiú csigával c. és aranyéremmel jutalmazták (1931-ben). Rendszeresen szerepelt tartományi ill. megyei kiállításokon Mv.-en (1949–), országos tárlatokon Buk.-ben és külföldon is (SzU, Magyaro, Csehszlovákia). Művészi fejlődéséhez hozzájárultak külföldi tanulmányútjai: Leningrád, Moszkva, Róma, Finno., Kolumbia. Petőfi, George Enescu, Ady alakját számos változatban örökítette meg. <strong>Kitüntetései:</strong> Aranyérem (1931); Állami díj (1950); Koreai partizánok c. faszobrát a Béke Világtanács (Párizs) aranyérmével tüntették ki (1952); Állami díj II. fokozat (1952); Munkaérdemrend III. fokozata (1954); Állami díj (1964). Számos munkája, domborműve díszíti középületeinket: Relif a Sepsiszentgyörgyi Állami M. Színházban, a mv.-i Arta Moziban. Több művét köztereken állították fel, valamint múzumok örzik. – Jelentősebb alkotásai: J. V. Sztálin szobra (Izsák Mártonnal; Mv. 1955. dec. 21. &#8211; a városháza előtt állt 1962. tavaszáig); Bolyaiak szobra (Izsák Mártonnal; Mv., 1956–57); Hunyadi János; Ana Ipătescu; G. Enescu, Petőfi, Ady. A román katona szobra avagy Az ismeretlen katona szobra (Izsák Mártonnal; Mv., 1963–1964); Sevcsenko mellszobra (Buk.); dombormű a mv-i Arta moziban; Budai Ilona-balladasor dombormű a sepsisztgyörgyi Állami Színháznak (Izsák Mártonnal); Traktorista; Közös úton; Koreai partizánok; Dózsa György felkelése. – F. kiáll: Mv. (1931, 1939. dec., 1946), Sepsiszentgyörgy (1933); Kv. (1946), Moszkva (1949), Bp. (1950), Prága (1952) Buk.-ben, Bp.-en Varsóban. <br /><strong>Irod.:</strong> Arcképcsarnok (Igaz Szó, 1972. 11. sz.); artportal; Banner; Bottoni 2008; s.: Cs. I. (V. Z., 1958. márc. 2., V. Z., 1961. febr. 1.); Gyárfás Miklós: Cs. I. 70 éves (V. Z., 1982. máj. 16.); Időtár 3; Izsák Márton: Az emberszeretet jegyében (V. Z., 1986. szept. 13.); Katona Szabó István: Az Új Élet lexikona, 37. (Új Élet, 1. sz., 1972); [Nekrológ] (V. Z., 1986. szept. 9.); Ötvös József: Mv.-i szobrok és alkotóik: A két Bolyai (Új Kezdet, 2. sz., 2006. febr.); Profiluri reghinene; RMIL; Sólyom Ferenc: Cs. I. -nál (Új Élet, 19. sz., 1978); Todea 2013</br></p>

<p>Szászrégen, 1912. ápr. 2., † Mv., 1986. szept. 7.: szobrászművész. – Ipari munkás sorból indult művészeti pályája, a Székely és Réti féle butorgyárban mint faragász dolgozott együtt Izsák Mártonnal (1926–29). A kv.-on a Művészeti Szabad Iskolában tanult Aurel Ciupe és Romul Ladea tanítványaként (1929–). A mv.-i művészeti középiskola tanára (1931–). Első művét Mv.-en állították ki [&hellip;]</p>
