{"id":6391,"date":"2025-06-28T17:50:55","date_gmt":"2025-06-28T15:50:55","guid":{"rendered":"https:\/\/uj.adatbank.ro\/lexikon\/termek\/csosz-ferenc\/"},"modified":"2025-06-28T17:50:55","modified_gmt":"2025-06-28T15:50:55","slug":"csosz-ferenc","status":"publish","type":"product","link":"https:\/\/uj.adatbank.ro\/lexikon\/termek\/csosz-ferenc\/","title":{"rendered":"CS\u0150SZ Ferenc"},"content":{"rendered":"<p>R\u00e9ty, 1939. j\u00fal. 21., \u2020 Disznaj\u00f3, 1990. m\u00e1rc. 4 temett\u00e9k.: tan\u00edt\u00f3. \u2013 Feles\u00e9ge Cs. Irma tan\u00edt\u00f3n\u0151. \u2013 A sz\u00fcl\u0151fal\u00faj\u00e1ban v\u00e9gezte az elemi iskol\u00e1t \u00e9s K\u00e9ziv\u00e1s\u00e1rhelyen a tan\u00edt\u00f3k\u00e9pz\u0151t (1956). Tan\u00edtott Mez\u0151fel\u00e9ben (1956\u201364), Iszl\u00f3n (1964\u201375), Disznaj\u00f3n (1975\u201390), ahol kult\u00farigazgat\u00f3 is hal\u00e1l\u00e1ig. A disznaj\u00f3i m\u0171vel\u0151d\u00e9si \u00e9let fellend\u00edt\u0151je. Feles\u00e9g\u00e9vel egy\u00fctt n\u00e9pdalokat gy\u0171jt\u00f6tt \u00e9s tan\u00edtott, \u00f6sszegy\u0171jt\u00f6tte a falu n\u00e9pk\u00f6lt\u00e9szeti hagyom\u00e1nyait. Nagyj\u00e1b\u00f3l t\u00edz \u00e9v alatt alkotta meg \u00e9lete m\u0171v\u00e9t (1985-ig), ellehetetlen\u00edtett\u00e9k n\u00e9pm\u0171vel\u00f4i munk\u00e1j\u00e1t, hal\u00e1l\u00e1t is a rend\u00f4rs\u00e9gi zaklat\u00e1s, a titkosrend\u00f4rs\u00e9gi megfigyeltet\u00e9s, az \u00e1lland\u00f3 fesz\u00fclts\u00e9g \u00e9s szorong\u00e1s, a pusztul\u00f3 \u00e9rt\u00e9kek miatti keser\u0171s\u00e9g okozta. Fr\u00e1ter B\u00e9la k\u00f6z\u0151ss\u00e9gnevel\u0151 munk\u00e1j\u00e1t folytatva serkentette tan\u00edtv\u00e1nyait a m\u00falt megismer\u00e9s\u00e9re, \u00e9nekeltette az id\u00f4seket, megtan\u00edtotta a fiatalokat a r\u00e9gi dallamokra. k\u00e9t tag\u00fa zenekart, azt\u00e1n nagyobbat, k\u00e9s\u00f4bb dalkart, \u00e9s ebb\u00f4l (150 tag\u00fa!) n\u00e9pi egy\u00fcttest szervezett, amely orsz\u00e1gos h\u00edrre tett szert. Sz\u00ednpadi el\u00f4ad\u00e1sra dolgozta fel a megl\u00e9v\u00f4 folkl\u00f3ranyagokat, 55 alkalommal l\u00e9ptek fel. El\u0151adt\u00e1k Kod\u00e1ly: H\u00e1ry J\u00e1nos dalj\u00e1t\u00e9k\u00e1t, a zeneszerz\u0151 sz\u00fclet\u00e9s\u00e9nek centen\u00e1rium\u00e1n (a bem\u00fatat\u00f3: 1982. febr. 28.) \u00e9s ezzel a darabbal \u00f6t \u00e9vig vend\u00e9gszerepeltek, 26 el\u0151ad\u00e1st tartottak. A Soroz\u00f3, a Fon\u00f3, a J\u00e1nosoz\u00e1s, a Hal\u00e1lra t\u00e1ncoltatott le\u00e1ny szok\u00e1sid\u00e9z\u00f4, fel\u00faj\u00edt\u00f3 tematikus m\u0171sorai is voltak. Iskolai munk\u00e1ja mellett gyermekzenekart alap\u00edtott, folkl\u00f3regy\u00fcttest, t\u00e1nccsoportot l\u00e9tes\u00edtett. Megszervezt\u00e9k az iskol\u00e1sok zenekari tal\u00e1lkoz\u00f3j\u00e1t, \u00f6t falu sz\u00e1z kis zen\u00e9sz\u00e9nek r\u00e9szv\u00e9tel\u00e9vel. Nev\u00e9hez f\u0171z\u0151dik a Kem\u00e9ny J\u00e1nos Eml\u00e9knap \u00e9s a Fr\u00e1ter B\u00e9la Eml\u00e9nap megszervez\u00e9se. Sz\u00fcl\u0151faluj\u00e1ban k\u00e9t\u00e1g\u00fa kopjaf\u00e1t \u00e1ll\u00edtottak eml\u00e9k\u00e9re (2000). <strong>F. m.:<\/strong> <strong>t\u00e1rssz.:<\/strong> Meg\u00e1radt a Maros: Disznaj\u00f3i dalosk\u00f6nyv c. (2010). A k\u00f6tet tartalmazza a feles\u00e9g\u00e9vel k\u00f6z\u00f6sen gy\u0171jt\u00f6tt disznaj\u00f3i r\u00e9gi katona-, szerelmes- \u00e9s sirat\u00f3 dalokat, a hal\u00e1la ut\u00e1n a feles\u00e9ge folytatta a gy\u0171jt\u00e9st, lejegyezte a dalokat, hangfelv\u00e9teleket is k\u00e9sz\u00edtett. <br \/><strong>Irod.:<\/strong> Akinek k\u00edv\u00fcl is vert a sz\u00edve: Cs\u0151sz Ferenc eml\u00e9kezete (Mv., 2003); B\u00f6l\u00f6ni Domokos: Cs. F. -re eml\u00e9keztek Disznaj\u00f3n (N\u00fa., 2000. m\u00e1rc. 6.); B\u00f6l\u00f6ni Domokos: Cs. F. -re eml\u00e9keztek Disznaj\u00f3n (N\u00fa., 2000. m\u00e1rc. 6.); B\u00f6l\u00f6ni Domokos: Cs\u0151sz Irma c\u00edmeres k\u00f6nyve (N\u00fa. M\u00fazsa, 432. sz., 2000. febr. 26.); Hajnal Csilla: Fels\u0151 Maros-mente Cs\u0151szei (V\u00e1s\u00e1rhelyi H\u00edrlap, 2010. m\u00e1rc. 9.); Maros megye; [Nekrol\u00f3g](N\u00fa., 1990. m\u00e1rc. 7.); Utunk Kod\u00e1lyhoz: Tanulm\u00e1nyok, eml\u00e9kez\u00e9sek (Buk., 1984)<\/br><\/p>\n","protected":false},"excerpt":{"rendered":"<p>R\u00e9ty, 1939. j\u00fal. 21., \u2020 Disznaj\u00f3, 1990. m\u00e1rc. 4 temett\u00e9k.: tan\u00edt\u00f3. \u2013 Feles\u00e9ge Cs. Irma tan\u00edt\u00f3n\u0151. \u2013 A sz\u00fcl\u0151fal\u00faj\u00e1ban v\u00e9gezte az elemi iskol\u00e1t \u00e9s K\u00e9ziv\u00e1s\u00e1rhelyen a tan\u00edt\u00f3k\u00e9pz\u0151t (1956). Tan\u00edtott Mez\u0151fel\u00e9ben (1956\u201364), Iszl\u00f3n (1964\u201375), Disznaj\u00f3n (1975\u201390), ahol kult\u00farigazgat\u00f3 is hal\u00e1l\u00e1ig. A disznaj\u00f3i m\u0171vel\u0151d\u00e9si \u00e9let fellend\u00edt\u0151je. Feles\u00e9g\u00e9vel egy\u00fctt n\u00e9pdalokat gy\u0171jt\u00f6tt \u00e9s tan\u00edtott, \u00f6sszegy\u0171jt\u00f6tte a falu n\u00e9pk\u00f6lt\u00e9szeti hagyom\u00e1nyait. [&hellip;]<\/p>\n","protected":false},"featured_media":0,"comment_status":"open","ping_status":"closed","template":"","meta":[],"product_brand":[],"product_cat":[137],"product_tag":[],"class_list":{"0":"post-6391","1":"product","2":"type-product","3":"status-publish","5":"product_cat-maros-megyei-eletrajzi-lexikon","7":"first","8":"instock","9":"shipping-taxable","10":"product-type-simple"},"_links":{"self":[{"href":"https:\/\/uj.adatbank.ro\/lexikon\/wp-json\/wp\/v2\/product\/6391","targetHints":{"allow":["GET"]}}],"collection":[{"href":"https:\/\/uj.adatbank.ro\/lexikon\/wp-json\/wp\/v2\/product"}],"about":[{"href":"https:\/\/uj.adatbank.ro\/lexikon\/wp-json\/wp\/v2\/types\/product"}],"replies":[{"embeddable":true,"href":"https:\/\/uj.adatbank.ro\/lexikon\/wp-json\/wp\/v2\/comments?post=6391"}],"wp:attachment":[{"href":"https:\/\/uj.adatbank.ro\/lexikon\/wp-json\/wp\/v2\/media?parent=6391"}],"wp:term":[{"taxonomy":"product_brand","embeddable":true,"href":"https:\/\/uj.adatbank.ro\/lexikon\/wp-json\/wp\/v2\/product_brand?post=6391"},{"taxonomy":"product_cat","embeddable":true,"href":"https:\/\/uj.adatbank.ro\/lexikon\/wp-json\/wp\/v2\/product_cat?post=6391"},{"taxonomy":"product_tag","embeddable":true,"href":"https:\/\/uj.adatbank.ro\/lexikon\/wp-json\/wp\/v2\/product_tag?post=6391"}],"curies":[{"name":"wp","href":"https:\/\/api.w.org\/{rel}","templated":true}]}}

CSŐSZ Ferenc

<p>Réty, 1939. júl. 21., † Disznajó, 1990. márc. 4 temették.: tanító. – Felesége Cs. Irma tanítónő. – A szülőfalújában végezte az elemi iskolát és Kézivásárhelyen a tanítóképzőt (1956). Tanított Mezőfelében (1956–64), Iszlón (1964–75), Disznajón (1975–90), ahol kultúrigazgató is haláláig. A disznajói művelődési élet fellendítője. Feleségével együtt népdalokat gyűjtött és tanított, összegyűjtötte a falu népköltészeti hagyományait. Nagyjából tíz év alatt alkotta meg élete művét (1985-ig), ellehetetlenítették népművelôi munkáját, halálát is a rendôrségi zaklatás, a titkosrendôrségi megfigyeltetés, az állandó feszültség és szorongás, a pusztuló értékek miatti keserűség okozta. Fráter Béla közősségnevelő munkáját folytatva serkentette tanítványait a múlt megismerésére, énekeltette az idôseket, megtanította a fiatalokat a régi dallamokra. két tagú zenekart, aztán nagyobbat, késôbb dalkart, és ebbôl (150 tagú!) népi együttest szervezett, amely országos hírre tett szert. Színpadi elôadásra dolgozta fel a meglévô folklóranyagokat, 55 alkalommal léptek fel. Előadták Kodály: Háry János daljátékát, a zeneszerző születésének centenáriumán (a bemútató: 1982. febr. 28.) és ezzel a darabbal öt évig vendégszerepeltek, 26 előadást tartottak. A Sorozó, a Fonó, a Jánosozás, a Halálra táncoltatott leány szokásidézô, felújító tematikus műsorai is voltak. Iskolai munkája mellett gyermekzenekart alapított, folklóregyüttest, tánccsoportot létesített. Megszervezték az iskolások zenekari találkozóját, öt falu száz kis zenészének részvételével. Nevéhez fűződik a Kemény János Emléknap és a Fráter Béla Emlénap megszervezése. Szülőfalujában kétágú kopjafát állítottak emlékére (2000). <strong>F. m.:</strong> <strong>társsz.:</strong> Megáradt a Maros: Disznajói daloskönyv c. (2010). A kötet tartalmazza a feleségével közösen gyűjtött disznajói régi katona-, szerelmes- és sirató dalokat, a halála után a felesége folytatta a gyűjtést, lejegyezte a dalokat, hangfelvételeket is készített. <br /><strong>Irod.:</strong> Akinek kívül is vert a szíve: Csősz Ferenc emlékezete (Mv., 2003); Bölöni Domokos: Cs. F. -re emlékeztek Disznajón (Nú., 2000. márc. 6.); Bölöni Domokos: Cs. F. -re emlékeztek Disznajón (Nú., 2000. márc. 6.); Bölöni Domokos: Csősz Irma címeres könyve (Nú. Múzsa, 432. sz., 2000. febr. 26.); Hajnal Csilla: Felső Maros-mente Csőszei (Vásárhelyi Hírlap, 2010. márc. 9.); Maros megye; [Nekrológ](Nú., 1990. márc. 7.); Utunk Kodályhoz: Tanulmányok, emlékezések (Buk., 1984)</br></p>

<p>Réty, 1939. júl. 21., † Disznajó, 1990. márc. 4 temették.: tanító. – Felesége Cs. Irma tanítónő. – A szülőfalújában végezte az elemi iskolát és Kézivásárhelyen a tanítóképzőt (1956). Tanított Mezőfelében (1956–64), Iszlón (1964–75), Disznajón (1975–90), ahol kultúrigazgató is haláláig. A disznajói művelődési élet fellendítője. Feleségével együtt népdalokat gyűjtött és tanított, összegyűjtötte a falu népköltészeti hagyományait. [&hellip;]</p>
