{"id":6392,"date":"2025-06-28T17:50:57","date_gmt":"2025-06-28T15:50:57","guid":{"rendered":"https:\/\/uj.adatbank.ro\/lexikon\/termek\/csuda-janos\/"},"modified":"2025-06-28T17:50:57","modified_gmt":"2025-06-28T15:50:57","slug":"csuda-janos","status":"publish","type":"product","link":"https:\/\/uj.adatbank.ro\/lexikon\/termek\/csuda-janos\/","title":{"rendered":"CSUDA J\u00e1nos"},"content":{"rendered":"<p>G\u00f6rg\u00e9nyszentimre ? \u2020\u00a0?.: k\u00f6lt\u0151. \u2013 Versei szerint az els\u0151 vh.-ban hadifogoly volt Szib\u00e9ri\u00e1ban. Kispest-Wekerletelepen lakott (1937). T\u00f6bb vers\u00e9t Fr\u00e1ter L\u00f3r\u00e1nt zen\u00e9s\u00edtette meg. \u2013 <strong>F. m.:<\/strong> A g\u00f6rg\u00e9nyi v\u00e1r alatt: Versek (Bp., 1937). <br \/><strong>Irod.:<\/strong> Guly\u00e1s<\/br><\/p>\n","protected":false},"excerpt":{"rendered":"<p>G\u00f6rg\u00e9nyszentimre ? \u2020\u00a0?.: k\u00f6lt\u0151. \u2013 Versei szerint az els\u0151 vh.-ban hadifogoly volt Szib\u00e9ri\u00e1ban. Kispest-Wekerletelepen lakott (1937). T\u00f6bb vers\u00e9t Fr\u00e1ter L\u00f3r\u00e1nt zen\u00e9s\u00edtette meg. \u2013 F. m.: A g\u00f6rg\u00e9nyi v\u00e1r alatt: Versek (Bp., 1937). Irod.: Guly\u00e1s<\/p>\n","protected":false},"featured_media":0,"comment_status":"open","ping_status":"closed","template":"","meta":[],"product_brand":[],"product_cat":[137],"product_tag":[],"class_list":{"0":"post-6392","1":"product","2":"type-product","3":"status-publish","5":"product_cat-maros-megyei-eletrajzi-lexikon","7":"first","8":"instock","9":"shipping-taxable","10":"product-type-simple"},"_links":{"self":[{"href":"https:\/\/uj.adatbank.ro\/lexikon\/wp-json\/wp\/v2\/product\/6392","targetHints":{"allow":["GET"]}}],"collection":[{"href":"https:\/\/uj.adatbank.ro\/lexikon\/wp-json\/wp\/v2\/product"}],"about":[{"href":"https:\/\/uj.adatbank.ro\/lexikon\/wp-json\/wp\/v2\/types\/product"}],"replies":[{"embeddable":true,"href":"https:\/\/uj.adatbank.ro\/lexikon\/wp-json\/wp\/v2\/comments?post=6392"}],"wp:attachment":[{"href":"https:\/\/uj.adatbank.ro\/lexikon\/wp-json\/wp\/v2\/media?parent=6392"}],"wp:term":[{"taxonomy":"product_brand","embeddable":true,"href":"https:\/\/uj.adatbank.ro\/lexikon\/wp-json\/wp\/v2\/product_brand?post=6392"},{"taxonomy":"product_cat","embeddable":true,"href":"https:\/\/uj.adatbank.ro\/lexikon\/wp-json\/wp\/v2\/product_cat?post=6392"},{"taxonomy":"product_tag","embeddable":true,"href":"https:\/\/uj.adatbank.ro\/lexikon\/wp-json\/wp\/v2\/product_tag?post=6392"}],"curies":[{"name":"wp","href":"https:\/\/api.w.org\/{rel}","templated":true}]}}