{"id":6399,"date":"2025-06-28T17:51:18","date_gmt":"2025-06-28T15:51:18","guid":{"rendered":"https:\/\/uj.adatbank.ro\/lexikon\/termek\/csupor-jeno-altorjai\/"},"modified":"2025-06-28T17:51:18","modified_gmt":"2025-06-28T15:51:18","slug":"csupor-jeno-altorjai","status":"publish","type":"product","link":"https:\/\/uj.adatbank.ro\/lexikon\/termek\/csupor-jeno-altorjai\/","title":{"rendered":"CSUPOR Jen\u0151, altorjai"},"content":{"rendered":"<p>Szentgerice, 1900., \u2020\u00a0? : tan\u00edt\u00f3. \u2013 Feles\u00e9ge: Debreczeni Gizella. Gyermekeik: Endre, B\u00e9la, Lajos. \u2013 K\u00f6z\u00e9piskol\u00e1it Mv.-en a tan\u00edt\u00f3k\u00e9pz\u0151t Sz\u00e9kelykereszt\u00faron v\u00e9gezte. Mint pedag\u00f3gus m\u0171k\u00f6d\u00f6tt Szentgeric\u00e9n eg\u00e9szen nyugd\u00edjba vonul\u00e1s\u00e1ig. A helybeli Gazdak\u00f6r eln\u00f6ke, a Hangya Sz\u00f6vetkezet fel\u00fcgyel\u0151bizotts\u00e1gi tagja, a Hitelsz\u00f6vetkezet igazgat\u00f3ja \u00e9s p\u00e9nzt\u00e1rosa, a Tejsz\u00f6vetkezet fel\u00fcgyel\u0151 eln\u00f6ke, a ref. egyh\u00e1z presbitere. <br \/><strong>Irod.:<\/strong> Erd\u00e9lyi v\u00e1rmegy\u00e9k; Sz\u00e9kelyf\u00f6ld \u00ed. k<\/br><\/p>\n","protected":false},"excerpt":{"rendered":"<p>Szentgerice, 1900., \u2020\u00a0? : tan\u00edt\u00f3. \u2013 Feles\u00e9ge: Debreczeni Gizella. Gyermekeik: Endre, B\u00e9la, Lajos. \u2013 K\u00f6z\u00e9piskol\u00e1it Mv.-en a tan\u00edt\u00f3k\u00e9pz\u0151t Sz\u00e9kelykereszt\u00faron v\u00e9gezte. Mint pedag\u00f3gus m\u0171k\u00f6d\u00f6tt Szentgeric\u00e9n eg\u00e9szen nyugd\u00edjba vonul\u00e1s\u00e1ig. A helybeli Gazdak\u00f6r eln\u00f6ke, a Hangya Sz\u00f6vetkezet fel\u00fcgyel\u0151bizotts\u00e1gi tagja, a Hitelsz\u00f6vetkezet igazgat\u00f3ja \u00e9s p\u00e9nzt\u00e1rosa, a Tejsz\u00f6vetkezet fel\u00fcgyel\u0151 eln\u00f6ke, a ref. egyh\u00e1z presbitere. Irod.: Erd\u00e9lyi v\u00e1rmegy\u00e9k; Sz\u00e9kelyf\u00f6ld \u00ed. k<\/p>\n","protected":false},"featured_media":0,"comment_status":"open","ping_status":"closed","template":"","meta":[],"product_brand":[],"product_cat":[137],"product_tag":[],"class_list":{"0":"post-6399","1":"product","2":"type-product","3":"status-publish","5":"product_cat-maros-megyei-eletrajzi-lexikon","7":"first","8":"instock","9":"shipping-taxable","10":"product-type-simple"},"_links":{"self":[{"href":"https:\/\/uj.adatbank.ro\/lexikon\/wp-json\/wp\/v2\/product\/6399","targetHints":{"allow":["GET"]}}],"collection":[{"href":"https:\/\/uj.adatbank.ro\/lexikon\/wp-json\/wp\/v2\/product"}],"about":[{"href":"https:\/\/uj.adatbank.ro\/lexikon\/wp-json\/wp\/v2\/types\/product"}],"replies":[{"embeddable":true,"href":"https:\/\/uj.adatbank.ro\/lexikon\/wp-json\/wp\/v2\/comments?post=6399"}],"wp:attachment":[{"href":"https:\/\/uj.adatbank.ro\/lexikon\/wp-json\/wp\/v2\/media?parent=6399"}],"wp:term":[{"taxonomy":"product_brand","embeddable":true,"href":"https:\/\/uj.adatbank.ro\/lexikon\/wp-json\/wp\/v2\/product_brand?post=6399"},{"taxonomy":"product_cat","embeddable":true,"href":"https:\/\/uj.adatbank.ro\/lexikon\/wp-json\/wp\/v2\/product_cat?post=6399"},{"taxonomy":"product_tag","embeddable":true,"href":"https:\/\/uj.adatbank.ro\/lexikon\/wp-json\/wp\/v2\/product_tag?post=6399"}],"curies":[{"name":"wp","href":"https:\/\/api.w.org\/{rel}","templated":true}]}}

CSUPOR Jenő, altorjai

<p>Szentgerice, 1900., † ? : tanító. – Felesége: Debreczeni Gizella. Gyermekeik: Endre, Béla, Lajos. – Középiskoláit Mv.-en a tanítóképzőt Székelykeresztúron végezte. Mint pedagógus működött Szentgericén egészen nyugdíjba vonulásáig. A helybeli Gazdakör elnöke, a Hangya Szövetkezet felügyelőbizottsági tagja, a Hitelszövetkezet igazgatója és pénztárosa, a Tejszövetkezet felügyelő elnöke, a ref. egyház presbitere. <br /><strong>Irod.:</strong> Erdélyi vármegyék; Székelyföld í. k</br></p>

<p>Szentgerice, 1900., † ? : tanító. – Felesége: Debreczeni Gizella. Gyermekeik: Endre, Béla, Lajos. – Középiskoláit Mv.-en a tanítóképzőt Székelykeresztúron végezte. Mint pedagógus működött Szentgericén egészen nyugdíjba vonulásáig. A helybeli Gazdakör elnöke, a Hangya Szövetkezet felügyelőbizottsági tagja, a Hitelszövetkezet igazgatója és pénztárosa, a Tejszövetkezet felügyelő elnöke, a ref. egyház presbitere. Irod.: Erdélyi vármegyék; Székelyföld í. k</p>
