{"id":6400,"date":"2025-06-28T17:51:21","date_gmt":"2025-06-28T15:51:21","guid":{"rendered":"https:\/\/uj.adatbank.ro\/lexikon\/termek\/csupor-lajos-%c2%a7-csupor-ludovic\/"},"modified":"2025-06-28T17:51:21","modified_gmt":"2025-06-28T15:51:21","slug":"csupor-lajos-%c2%a7-csupor-ludovic","status":"publish","type":"product","link":"https:\/\/uj.adatbank.ro\/lexikon\/termek\/csupor-lajos-%c2%a7-csupor-ludovic\/","title":{"rendered":"CSUPOR Lajos, \u00a7 Csupor Ludovic"},"content":{"rendered":"<p>Mv., 1911. aug. 19., \u2020\u00a0Mv., 1985. j\u00fal. 24.: kommunista politikus. \u2013 Mv.-en v\u00e9gezte az elemi iskola h\u00e9t oszt\u00e1ly\u00e1t, szab\u00f3 inas. Bel\u00e9pett a KISZ-be (1929), megismerkedett az illegalit\u00e1sban tev\u00e9kenyked\u0151 kommunista mozgalommal (1931\u201332), t\u00f6bbsz\u00f6r letart\u00f3ztatt\u00e1k, a doft\u00e1nai b\u00f6rt\u00f6nben ismerkedett meg Gheorghe Gheorghi-Dej-zsel. P\u00e1rttagk\u00e9nt reaktiv\u00e1lta mag\u00e1t, bel\u00e9pett a RKP-ba (1944. dec. 31.). T\u00f6bb felel\u0151ss\u00e9gteljes \u00e1ll\u00e1st t\u00f6lt\u00f6tt be az \u00faj k\u00f6zigazgat\u00e1sban: a szakszervezeti tan\u00e1cs tartom\u00e1nyi (sz\u00e9kelyf\u00f6ldi) titk\u00e1ra (1944. okt. \u2013 1945. jan.), a p\u00e1rt tartom\u00e1nyi PB-nak tagja \u00e9s a szakszervezeti munka felel\u0151se (1945. jan. -m\u00e1j.), a mv.-i rend\u0151rs\u00e9g vezet\u0151je (1945. m\u00e1j. \u2013 1946. \u00e1pr.), a t\u00f6megszervezeti oszt\u00e1ly tartom\u00e1nyi instruktora (1946. \u00e1pr. -nov.), a M. N\u00e9pi Sz\u00f6vets\u00e9g Kolozs tartom\u00e1nyi vezet\u0151s\u00e9g\u00e9nek v\u00e1laszt\u00e1si kamp\u00e1nyfelel\u0151se H\u00e1romsz\u00e9k megy\u00e9ben (1946. nov. \u2013 1947. \u00e1pr.), Maros megyei szakszervezeti felel\u0151s (1947. \u00e1pr. \u2013 1948. m\u00e1rc.), megyei k\u00e1derfelel\u0151s (1948. m\u00e1rc. \u2013 nov.). A KV utas\u00edt\u00e1s\u00e1ra egy\u00e9ves m. nyelv\u0171 k\u00f6zponti k\u00e1deriskol\u00e1ban tanult (1948\u201349). A RMP megyei els\u0151 titk\u00e1ra Bihar (1950), majd a Sztalin (Brass\u00f3) tartom\u00e1ny p\u00e1rtbizotts\u00e1g\u00e1nak, a MAT els\u0151 titk\u00e1ra (1951\u201352) \u00e9s NNGY-i k\u00e9pvisel\u0151v\u00e9 v\u00e1lasztott\u00e1k a mv.-i d\u00e9li-v\u00e1laszt\u00f3ker\u00fcletben. Az \u00faj MAT-ban, az orsz\u00e1g \u00faj k\u00f6zigazgat\u00e1si feloszl\u00e1sa ut\u00e1n (331\/1952. sz. t\u00f6rv\u00e9ny alapj\u00e1n) p\u00e1rtbizotts\u00e1gi titk\u00e1r (1952. j\u00fal. 24. \u00e9s \u00fajrav\u00e1lasztott\u00e1k 1956-ban), majd a Maros-MAT els\u0151 titk\u00e1ra (1960. dec. \u201361. aug. 28.), a MAT nemzetgy\u0171l\u00e9si k\u00e9pvisel\u0151je (1952. nov. 30. \u2013 1969. m\u00e1rc. 2.), a NNGY eln\u00f6ks\u00e9g\u00e9nek tagja (1954. \u00e1pr. 21. \u2013 1961. m\u00e1rc. 5.), a RKP KB-nak tagja (1955. dec. 28. \u2013 1969. aug. 12.), majd a Maros-MAT els\u0151 titk\u00e1ra (1960. dec. \u201361. aug. 28.), a Rom\u00e1n Szakszervezetek K\u00f6zponti Tan\u00e1cs\u00e1nak f\u0151titk\u00e1ra (1965\u2013) \u00e9s akt\u00edvist\u00e1ja (1971\u2013). <strong>Kit\u00fcntet\u00e9sei:<\/strong> RNK Csillaga V. o. \u00e9s III. o. (1958); Munka \u00e9rdemrend III. \u00e9s I. o. (1961. aug. 20.); \u201e23. Aug.\u201d \u00e9rdemrend III. o. (1959); \u201eTudor Vladimirescu\u201e \u00e9rdemrend III. o. (1966); Haza V\u00e9delme \u00e9rdemrend II. o. (1974). <br \/><strong>Irod.:<\/strong> Autonom magyarok; Bartos 2012; Bottoni 2006; Bottoni 2008; Cri\u015fan; Cs. L. elvt\u00e1rs a dolgoz\u00f3 n\u00e9p jel\u0151ltje (V. Z., 1952. nov. 23.); Cs. L. [Nekrol\u00f3g] (V. Z., 1985. j\u00fal. 26.); Egyed \u00c1. 2013; Gagyi J\u00f3zsef: Egy munkaterv 1952-b\u0151l: A MAT sz\u00fclet\u00e9se (Sz\u00e9kelyf\u00f6ld, 9. sz., 2002. szept.); Gagyi J\u00f3zsef: \u2018\u2019P\u00e1rtos\u00edtott\u2019\u2019 \u00e9rtelmis\u00e9g (L\u00e1t\u00f3, 2006, 1. sz.); Gagyi J\u00f3zsef: Sz\u00e9kely prolet\u00e1rok \u00e9s burzso\u00e1 terminol\u00f3gia: \u201eSz\u00e9kely\u201d p\u00e1rtelit az \u00f6tvenes \u00e9vekben (Sz\u00e9kelyf\u00f6ld, 8. sz., 2005. aug.); [Inform\u00e1ci\u00f3k, h\u00edrek](V. Z., 1961. aug. 20., 1961. nov. 25.); Membrii C. C. al P. C. R.; Mv. t\u00f6rt. 2; Nagy L; P\u00e1l-Antal 2013<\/br><\/p>\n","protected":false},"excerpt":{"rendered":"<p>Mv., 1911. aug. 19., \u2020\u00a0Mv., 1985. j\u00fal. 24.: kommunista politikus. \u2013 Mv.-en v\u00e9gezte az elemi iskola h\u00e9t oszt\u00e1ly\u00e1t, szab\u00f3 inas. Bel\u00e9pett a KISZ-be (1929), megismerkedett az illegalit\u00e1sban tev\u00e9kenyked\u0151 kommunista mozgalommal (1931\u201332), t\u00f6bbsz\u00f6r letart\u00f3ztatt\u00e1k, a doft\u00e1nai b\u00f6rt\u00f6nben ismerkedett meg Gheorghe Gheorghi-Dej-zsel. P\u00e1rttagk\u00e9nt reaktiv\u00e1lta mag\u00e1t, bel\u00e9pett a RKP-ba (1944. dec. 31.). T\u00f6bb felel\u0151ss\u00e9gteljes \u00e1ll\u00e1st t\u00f6lt\u00f6tt be az [&hellip;]<\/p>\n","protected":false},"featured_media":0,"comment_status":"open","ping_status":"closed","template":"","meta":[],"product_brand":[],"product_cat":[137],"product_tag":[],"class_list":{"0":"post-6400","1":"product","2":"type-product","3":"status-publish","5":"product_cat-maros-megyei-eletrajzi-lexikon","7":"first","8":"instock","9":"shipping-taxable","10":"product-type-simple"},"_links":{"self":[{"href":"https:\/\/uj.adatbank.ro\/lexikon\/wp-json\/wp\/v2\/product\/6400","targetHints":{"allow":["GET"]}}],"collection":[{"href":"https:\/\/uj.adatbank.ro\/lexikon\/wp-json\/wp\/v2\/product"}],"about":[{"href":"https:\/\/uj.adatbank.ro\/lexikon\/wp-json\/wp\/v2\/types\/product"}],"replies":[{"embeddable":true,"href":"https:\/\/uj.adatbank.ro\/lexikon\/wp-json\/wp\/v2\/comments?post=6400"}],"wp:attachment":[{"href":"https:\/\/uj.adatbank.ro\/lexikon\/wp-json\/wp\/v2\/media?parent=6400"}],"wp:term":[{"taxonomy":"product_brand","embeddable":true,"href":"https:\/\/uj.adatbank.ro\/lexikon\/wp-json\/wp\/v2\/product_brand?post=6400"},{"taxonomy":"product_cat","embeddable":true,"href":"https:\/\/uj.adatbank.ro\/lexikon\/wp-json\/wp\/v2\/product_cat?post=6400"},{"taxonomy":"product_tag","embeddable":true,"href":"https:\/\/uj.adatbank.ro\/lexikon\/wp-json\/wp\/v2\/product_tag?post=6400"}],"curies":[{"name":"wp","href":"https:\/\/api.w.org\/{rel}","templated":true}]}}

<p>Mv., 1911. aug. 19., † Mv., 1985. júl. 24.: kommunista politikus. – Mv.-en végezte az elemi iskola hét osztályát, szabó inas. Belépett a KISZ-be (1929), megismerkedett az illegalitásban tevékenykedő kommunista mozgalommal (1931–32), többször letartóztatták, a doftánai börtönben ismerkedett meg Gheorghe Gheorghi-Dej-zsel. Párttagként reaktiválta magát, belépett a RKP-ba (1944. dec. 31.). Több felelősségteljes állást töltött be az új közigazgatásban: a szakszervezeti tanács tartományi (székelyföldi) titkára (1944. okt. – 1945. jan.), a párt tartományi PB-nak tagja és a szakszervezeti munka felelőse (1945. jan. -máj.), a mv.-i rendőrség vezetője (1945. máj. – 1946. ápr.), a tömegszervezeti osztály tartományi instruktora (1946. ápr. -nov.), a M. Népi Szövetség Kolozs tartományi vezetőségének választási kampányfelelőse Háromszék megyében (1946. nov. – 1947. ápr.), Maros megyei szakszervezeti felelős (1947. ápr. – 1948. márc.), megyei káderfelelős (1948. márc. – nov.). A KV utasítására egyéves m. nyelvű központi káderiskolában tanult (1948–49). A RMP megyei első titkára Bihar (1950), majd a Sztalin (Brassó) tartomány pártbizottságának, a MAT első titkára (1951–52) és NNGY-i képviselővé választották a mv.-i déli-választókerületben. Az új MAT-ban, az ország új közigazgatási feloszlása után (331/1952. sz. törvény alapján) pártbizottsági titkár (1952. júl. 24. és újraválasztották 1956-ban), majd a Maros-MAT első titkára (1960. dec. –61. aug. 28.), a MAT nemzetgyűlési képviselője (1952. nov. 30. – 1969. márc. 2.), a NNGY elnökségének tagja (1954. ápr. 21. – 1961. márc. 5.), a RKP KB-nak tagja (1955. dec. 28. – 1969. aug. 12.), majd a Maros-MAT első titkára (1960. dec. –61. aug. 28.), a Román Szakszervezetek Központi Tanácsának főtitkára (1965–) és aktívistája (1971–). <strong>Kitüntetései:</strong> RNK Csillaga V. o. és III. o. (1958); Munka érdemrend III. és I. o. (1961. aug. 20.); „23. Aug.” érdemrend III. o. (1959); „Tudor Vladimirescu„ érdemrend III. o. (1966); Haza Védelme érdemrend II. o. (1974). <br /><strong>Irod.:</strong> Autonom magyarok; Bartos 2012; Bottoni 2006; Bottoni 2008; Crişan; Cs. L. elvtárs a dolgozó nép jelőltje (V. Z., 1952. nov. 23.); Cs. L. [Nekrológ] (V. Z., 1985. júl. 26.); Egyed Á. 2013; Gagyi József: Egy munkaterv 1952-ből: A MAT születése (Székelyföld, 9. sz., 2002. szept.); Gagyi József: ‘’Pártosított’’ értelmiség (Látó, 2006, 1. sz.); Gagyi József: Székely proletárok és burzsoá terminológia: „Székely” pártelit az ötvenes években (Székelyföld, 8. sz., 2005. aug.); [Információk, hírek](V. Z., 1961. aug. 20., 1961. nov. 25.); Membrii C. C. al P. C. R.; Mv. tört. 2; Nagy L; Pál-Antal 2013</br></p>

<p>Mv., 1911. aug. 19., † Mv., 1985. júl. 24.: kommunista politikus. – Mv.-en végezte az elemi iskola hét osztályát, szabó inas. Belépett a KISZ-be (1929), megismerkedett az illegalitásban tevékenykedő kommunista mozgalommal (1931–32), többször letartóztatták, a doftánai börtönben ismerkedett meg Gheorghe Gheorghi-Dej-zsel. Párttagként reaktiválta magát, belépett a RKP-ba (1944. dec. 31.). Több felelősségteljes állást töltött be az [&hellip;]</p>
