{"id":6401,"date":"2025-06-28T17:51:23","date_gmt":"2025-06-28T15:51:23","guid":{"rendered":"https:\/\/uj.adatbank.ro\/lexikon\/termek\/csupor-miklos-nicolaus-monoszlai\/"},"modified":"2025-06-28T17:51:23","modified_gmt":"2025-06-28T15:51:23","slug":"csupor-miklos-nicolaus-monoszlai","status":"publish","type":"product","link":"https:\/\/uj.adatbank.ro\/lexikon\/termek\/csupor-miklos-nicolaus-monoszlai\/","title":{"rendered":"CSUPOR Mikl\u00f3s, Nicolaus, monoszlai"},"content":{"rendered":"<p>? \u2020\u00a01573.: f\u00f6ldbirtokos, erd\u00e9lyi vajda, sz\u00e9kely isp\u00e1n. \u2013 A gernyeszegi v\u00e1r tulajdonosa (1467\u201373), majd \u00f6zvegye horogszegi Szil\u00e1gyi Jusztina \u00f6r\u00f6k\u00f6lte. S\u00e1rm\u00e1son kapott birtokot M\u00e1ty\u00e1s. kir. -t\u00f3l, a \u015etefan cel Mare ellen v\u00edvott \u00e9s megnyert baia-i hadj\u00e1rata ut\u00e1n a kir. elvette a Zsukiakt\u00f3l birtokaiakat, k\u00f6zt\u00fck S\u00e1rm\u00e1st is, \u00e9s odaadta a kir\u00e1lyh\u0171 Csupornak, aki r\u00e9szt vett a harcokban. Unoka telep\u00fcl\u00e9s egyik utols\u00f3 tulajdonosa, amely a k\u00f6z\u00e9pkorban a s\u00e1romberki Erd\u00e9lyiek\u00e9, a Sz\u00e9cs\u00e9nyiek\u00e9, majd a losonczi B\u00e1nffy, a losonczi Dezs\u0151fi csal\u00e1dok\u00e9 volt. S\u00e1rpatak birtokosa (1468). M\u00e1ty\u00e1s kir. adom\u00e1nyozta neki a Losincziak h\u0171tlens\u00e9ge miatt elvett kast\u00e9lyt. <br \/><strong>Irod.:<\/strong> B. Nagy Margit 1973; Berekm\u00e9ri\u2013G\u00e1lfi; Bicsok-Orb\u00e1n; Bir\u00f3 Don\u00e1t: Eln\u00e9ptelened\u0151 mez\u0151s\u00e9gi telep\u00fcl\u00e9sek (N\u00fa., 1997. szept. 9.); Entz 1996; S\u0103rma\u015fu; T\u00fcd\u0151s S. Kinga 2007<\/br><\/p>\n","protected":false},"excerpt":{"rendered":"<p>? \u2020\u00a01573.: f\u00f6ldbirtokos, erd\u00e9lyi vajda, sz\u00e9kely isp\u00e1n. \u2013 A gernyeszegi v\u00e1r tulajdonosa (1467\u201373), majd \u00f6zvegye horogszegi Szil\u00e1gyi Jusztina \u00f6r\u00f6k\u00f6lte. S\u00e1rm\u00e1son kapott birtokot M\u00e1ty\u00e1s. kir. -t\u00f3l, a \u015etefan cel Mare ellen v\u00edvott \u00e9s megnyert baia-i hadj\u00e1rata ut\u00e1n a kir. elvette a Zsukiakt\u00f3l birtokaiakat, k\u00f6zt\u00fck S\u00e1rm\u00e1st is, \u00e9s odaadta a kir\u00e1lyh\u0171 Csupornak, aki r\u00e9szt vett a harcokban. [&hellip;]<\/p>\n","protected":false},"featured_media":0,"comment_status":"open","ping_status":"closed","template":"","meta":[],"product_brand":[],"product_cat":[137],"product_tag":[],"class_list":{"0":"post-6401","1":"product","2":"type-product","3":"status-publish","5":"product_cat-maros-megyei-eletrajzi-lexikon","7":"first","8":"instock","9":"shipping-taxable","10":"product-type-simple"},"_links":{"self":[{"href":"https:\/\/uj.adatbank.ro\/lexikon\/wp-json\/wp\/v2\/product\/6401","targetHints":{"allow":["GET"]}}],"collection":[{"href":"https:\/\/uj.adatbank.ro\/lexikon\/wp-json\/wp\/v2\/product"}],"about":[{"href":"https:\/\/uj.adatbank.ro\/lexikon\/wp-json\/wp\/v2\/types\/product"}],"replies":[{"embeddable":true,"href":"https:\/\/uj.adatbank.ro\/lexikon\/wp-json\/wp\/v2\/comments?post=6401"}],"wp:attachment":[{"href":"https:\/\/uj.adatbank.ro\/lexikon\/wp-json\/wp\/v2\/media?parent=6401"}],"wp:term":[{"taxonomy":"product_brand","embeddable":true,"href":"https:\/\/uj.adatbank.ro\/lexikon\/wp-json\/wp\/v2\/product_brand?post=6401"},{"taxonomy":"product_cat","embeddable":true,"href":"https:\/\/uj.adatbank.ro\/lexikon\/wp-json\/wp\/v2\/product_cat?post=6401"},{"taxonomy":"product_tag","embeddable":true,"href":"https:\/\/uj.adatbank.ro\/lexikon\/wp-json\/wp\/v2\/product_tag?post=6401"}],"curies":[{"name":"wp","href":"https:\/\/api.w.org\/{rel}","templated":true}]}}

CSUPOR Miklós, Nicolaus, monoszlai

<p>? † 1573.: földbirtokos, erdélyi vajda, székely ispán. – A gernyeszegi vár tulajdonosa (1467–73), majd özvegye horogszegi Szilágyi Jusztina örökölte. Sármáson kapott birtokot Mátyás. kir. -tól, a Ştefan cel Mare ellen vívott és megnyert baia-i hadjárata után a kir. elvette a Zsukiaktól birtokaiakat, köztük Sármást is, és odaadta a királyhű Csupornak, aki részt vett a harcokban. Unoka település egyik utolsó tulajdonosa, amely a középkorban a sáromberki Erdélyieké, a Szécsényieké, majd a losonczi Bánffy, a losonczi Dezsőfi családoké volt. Sárpatak birtokosa (1468). Mátyás kir. adományozta neki a Losincziak hűtlensége miatt elvett kastélyt. <br /><strong>Irod.:</strong> B. Nagy Margit 1973; Berekméri–Gálfi; Bicsok-Orbán; Biró Donát: Elnéptelenedő mezőségi települések (Nú., 1997. szept. 9.); Entz 1996; Sărmaşu; Tüdős S. Kinga 2007</br></p>

<p>? † 1573.: földbirtokos, erdélyi vajda, székely ispán. – A gernyeszegi vár tulajdonosa (1467–73), majd özvegye horogszegi Szilágyi Jusztina örökölte. Sármáson kapott birtokot Mátyás. kir. -tól, a Ştefan cel Mare ellen vívott és megnyert baia-i hadjárata után a kir. elvette a Zsukiaktól birtokaiakat, köztük Sármást is, és odaadta a királyhű Csupornak, aki részt vett a harcokban. [&hellip;]</p>
