{"id":6402,"date":"2025-06-28T17:51:25","date_gmt":"2025-06-28T15:51:25","guid":{"rendered":"https:\/\/uj.adatbank.ro\/lexikon\/termek\/csuros-antal\/"},"modified":"2025-06-28T17:51:25","modified_gmt":"2025-06-28T15:51:25","slug":"csuros-antal","status":"publish","type":"product","link":"https:\/\/uj.adatbank.ro\/lexikon\/termek\/csuros-antal\/","title":{"rendered":"CS\u0170R\u00d6S Antal"},"content":{"rendered":"<p>? \u2020 1843: szobr\u00e1sz. \u2013 Cs. Mih\u00e1ly testv\u00e9re. -. Szobr\u00e1szi \u00e9s k\u0151farag\u00f3 munk\u00e1t v\u00e9gzett sz\u00e1mos vil\u00e1gi \u00e9s egyh\u00e1zi \u00e9p\u00fcleten. A szamos\u00fajv\u00e1ri \u00f6rm\u00e9ny r. k. nagytemplom mell\u00e9kolt\u00e1rait (1800\u201304), a 12 apostol szobr\u00e1t \u00e9s k\u00e9t homlokzati szobr\u00e1t k\u00e9sz\u00edtette el. Rabk\u00e9nt dolgozott. Ut\u00f3bb az \u00f3tordai ref. \u00e9s a kv.-i minorita templom sz\u00e1m\u00e1ra sz\u00f3sz\u00e9ket faragott. A zsib\u00f3i Wessel\u00e9nyi-kast\u00e9ly, a h\u00e9derf\u00e1jai Bethlen-kast\u00e9ly \u00e9p\u00edtkez\u00e9sein, tov\u00e1bb\u00e1 az I. Ferenc cs\u00e1sz\u00e1r l\u00e1togat\u00e1s\u00e1t meg\u00f6r\u00f6k\u00edt\u0151 Karolina-osz\u00adlop szobr\u00e1szati feladatain is dolgozott. Sz\u00e9kelyk\u00e1lban J\u00f3zsef a gyerekkel -olt\u00e1rk\u00e9pet festette (1818). <br \/><strong>Irod.:<\/strong> Gazdovits; \u00daM\u00c9L<\/br><\/p>\n","protected":false},"excerpt":{"rendered":"<p>? \u2020 1843: szobr\u00e1sz. \u2013 Cs. Mih\u00e1ly testv\u00e9re. -. Szobr\u00e1szi \u00e9s k\u0151farag\u00f3 munk\u00e1t v\u00e9gzett sz\u00e1mos vil\u00e1gi \u00e9s egyh\u00e1zi \u00e9p\u00fcleten. A szamos\u00fajv\u00e1ri \u00f6rm\u00e9ny r. k. nagytemplom mell\u00e9kolt\u00e1rait (1800\u201304), a 12 apostol szobr\u00e1t \u00e9s k\u00e9t homlokzati szobr\u00e1t k\u00e9sz\u00edtette el. Rabk\u00e9nt dolgozott. Ut\u00f3bb az \u00f3tordai ref. \u00e9s a kv.-i minorita templom sz\u00e1m\u00e1ra sz\u00f3sz\u00e9ket faragott. A zsib\u00f3i Wessel\u00e9nyi-kast\u00e9ly, a [&hellip;]<\/p>\n","protected":false},"featured_media":0,"comment_status":"open","ping_status":"closed","template":"","meta":[],"product_brand":[],"product_cat":[137],"product_tag":[],"class_list":{"0":"post-6402","1":"product","2":"type-product","3":"status-publish","5":"product_cat-maros-megyei-eletrajzi-lexikon","7":"first","8":"instock","9":"shipping-taxable","10":"product-type-simple"},"_links":{"self":[{"href":"https:\/\/uj.adatbank.ro\/lexikon\/wp-json\/wp\/v2\/product\/6402","targetHints":{"allow":["GET"]}}],"collection":[{"href":"https:\/\/uj.adatbank.ro\/lexikon\/wp-json\/wp\/v2\/product"}],"about":[{"href":"https:\/\/uj.adatbank.ro\/lexikon\/wp-json\/wp\/v2\/types\/product"}],"replies":[{"embeddable":true,"href":"https:\/\/uj.adatbank.ro\/lexikon\/wp-json\/wp\/v2\/comments?post=6402"}],"wp:attachment":[{"href":"https:\/\/uj.adatbank.ro\/lexikon\/wp-json\/wp\/v2\/media?parent=6402"}],"wp:term":[{"taxonomy":"product_brand","embeddable":true,"href":"https:\/\/uj.adatbank.ro\/lexikon\/wp-json\/wp\/v2\/product_brand?post=6402"},{"taxonomy":"product_cat","embeddable":true,"href":"https:\/\/uj.adatbank.ro\/lexikon\/wp-json\/wp\/v2\/product_cat?post=6402"},{"taxonomy":"product_tag","embeddable":true,"href":"https:\/\/uj.adatbank.ro\/lexikon\/wp-json\/wp\/v2\/product_tag?post=6402"}],"curies":[{"name":"wp","href":"https:\/\/api.w.org\/{rel}","templated":true}]}}

CSŰRÖS Antal

<p>? † 1843: szobrász. – Cs. Mihály testvére. -. Szobrászi és kőfaragó munkát végzett számos világi és egyházi épületen. A szamosújvári örmény r. k. nagytemplom mellékoltárait (1800–04), a 12 apostol szobrát és két homlokzati szobrát készítette el. Rabként dolgozott. Utóbb az ótordai ref. és a kv.-i minorita templom számára szószéket faragott. A zsibói Wesselényi-kastély, a héderfájai Bethlen-kastély építkezésein, továbbá az I. Ferenc császár látogatását megörökítő Karolina-osz­lop szobrászati feladatain is dolgozott. Székelykálban József a gyerekkel -oltárképet festette (1818). <br /><strong>Irod.:</strong> Gazdovits; ÚMÉL</br></p>

<p>? † 1843: szobrász. – Cs. Mihály testvére. -. Szobrászi és kőfaragó munkát végzett számos világi és egyházi épületen. A szamosújvári örmény r. k. nagytemplom mellékoltárait (1800–04), a 12 apostol szobrát és két homlokzati szobrát készítette el. Rabként dolgozott. Utóbb az ótordai ref. és a kv.-i minorita templom számára szószéket faragott. A zsibói Wesselényi-kastély, a [&hellip;]</p>
