{"id":6404,"date":"2025-06-28T17:51:29","date_gmt":"2025-06-28T15:51:29","guid":{"rendered":"https:\/\/uj.adatbank.ro\/lexikon\/termek\/csutak-ferenc-%c2%a7\/"},"modified":"2025-06-28T17:51:29","modified_gmt":"2025-06-28T15:51:29","slug":"csutak-ferenc-%c2%a7","status":"publish","type":"product","link":"https:\/\/uj.adatbank.ro\/lexikon\/termek\/csutak-ferenc-%c2%a7\/","title":{"rendered":"CSUTAK Ferenc, \u00a7"},"content":{"rendered":"<p>Torda, 1892, \u2020\u00a0Kv., ?: ref. lelk\u00e9sz. \u2013 Tanulm\u00e1nyait Tord\u00e1n, Nagyenyeden \u00e9s Kv.-on v\u00e9gezte, papp\u00e1 szentelt\u00e9k (1919). Mv.-en kezdte p\u00e1lyafut\u00e1s\u00e1t onnan Ny\u00e1r\u00e1dmagyar\u00f3sra ker\u00fclt (1919\u201364). R\u00e9szt vett az I. vh.-ban (1914\u201318) a 11 t\u00fcz\u00e9rezred k\u00f6tel\u00e9k\u00e9ben az olasz fronton harcolt, kit\u00fcntet\u00e9ssel szerelt le mint t\u00fcz\u00e9rf\u0151hadnagy. A MP vezet\u0151 tagja, megyei k\u00e9pvisel\u0151je volt. Hadb\u00edr\u00f3s\u00e1g el\u00e9 \u00e1ll\u00edtott\u00e1k nemzetellenes magatart\u00e1s v\u00e1dj\u00e1val. (1935 ut\u00e1n). Az 1937. \u00e9vi hirhedt magyar\u00f3si v\u00e9res v\u00e1laszt\u00e1sokon megakad\u00e1lyozta a v\u00e1laszt\u00f3k \u00e9s a csend\u0151r\u00f6k \u00f6ssze\u00fctk\u00f6z\u00e9s\u00e9t. Minden kultur\u00e1lis, hazafias egyes\u00fclet m\u0171k\u00f6d\u00e9s\u00e9ben vezet\u0151 szerepet t\u00f6lt\u00f6tt be. Nyugd\u00edjba vonult (1964) Kv.-ra k\u00f6lt\u00f6z\u00f6tt \u00e9s ott is halt meg. <br \/><strong>Irod.:<\/strong> Er\u00add\u00e9lyi ezredek; Ref. egyetemes n\u00e9vt\u00e1r; Ny\u00e1r\u00e1dmagyar\u00f3s le\u00e1nydombjai; Sz\u00e9kelyf\u00f6ld \u00ed. k<\/br><\/p>\n","protected":false},"excerpt":{"rendered":"<p>Torda, 1892, \u2020\u00a0Kv., ?: ref. lelk\u00e9sz. \u2013 Tanulm\u00e1nyait Tord\u00e1n, Nagyenyeden \u00e9s Kv.-on v\u00e9gezte, papp\u00e1 szentelt\u00e9k (1919). Mv.-en kezdte p\u00e1lyafut\u00e1s\u00e1t onnan Ny\u00e1r\u00e1dmagyar\u00f3sra ker\u00fclt (1919\u201364). R\u00e9szt vett az I. vh.-ban (1914\u201318) a 11 t\u00fcz\u00e9rezred k\u00f6tel\u00e9k\u00e9ben az olasz fronton harcolt, kit\u00fcntet\u00e9ssel szerelt le mint t\u00fcz\u00e9rf\u0151hadnagy. A MP vezet\u0151 tagja, megyei k\u00e9pvisel\u0151je volt. Hadb\u00edr\u00f3s\u00e1g el\u00e9 \u00e1ll\u00edtott\u00e1k nemzetellenes magatart\u00e1s v\u00e1dj\u00e1val. [&hellip;]<\/p>\n","protected":false},"featured_media":0,"comment_status":"open","ping_status":"closed","template":"","meta":[],"product_brand":[],"product_cat":[137],"product_tag":[],"class_list":{"0":"post-6404","1":"product","2":"type-product","3":"status-publish","5":"product_cat-maros-megyei-eletrajzi-lexikon","7":"first","8":"instock","9":"shipping-taxable","10":"product-type-simple"},"_links":{"self":[{"href":"https:\/\/uj.adatbank.ro\/lexikon\/wp-json\/wp\/v2\/product\/6404","targetHints":{"allow":["GET"]}}],"collection":[{"href":"https:\/\/uj.adatbank.ro\/lexikon\/wp-json\/wp\/v2\/product"}],"about":[{"href":"https:\/\/uj.adatbank.ro\/lexikon\/wp-json\/wp\/v2\/types\/product"}],"replies":[{"embeddable":true,"href":"https:\/\/uj.adatbank.ro\/lexikon\/wp-json\/wp\/v2\/comments?post=6404"}],"wp:attachment":[{"href":"https:\/\/uj.adatbank.ro\/lexikon\/wp-json\/wp\/v2\/media?parent=6404"}],"wp:term":[{"taxonomy":"product_brand","embeddable":true,"href":"https:\/\/uj.adatbank.ro\/lexikon\/wp-json\/wp\/v2\/product_brand?post=6404"},{"taxonomy":"product_cat","embeddable":true,"href":"https:\/\/uj.adatbank.ro\/lexikon\/wp-json\/wp\/v2\/product_cat?post=6404"},{"taxonomy":"product_tag","embeddable":true,"href":"https:\/\/uj.adatbank.ro\/lexikon\/wp-json\/wp\/v2\/product_tag?post=6404"}],"curies":[{"name":"wp","href":"https:\/\/api.w.org\/{rel}","templated":true}]}}

<p>Torda, 1892, † Kv., ?: ref. lelkész. – Tanulmányait Tordán, Nagyenyeden és Kv.-on végezte, pappá szentelték (1919). Mv.-en kezdte pályafutását onnan Nyárádmagyarósra került (1919–64). Részt vett az I. vh.-ban (1914–18) a 11 tüzérezred kötelékében az olasz fronton harcolt, kitüntetéssel szerelt le mint tüzérfőhadnagy. A MP vezető tagja, megyei képviselője volt. Hadbíróság elé állították nemzetellenes magatartás vádjával. (1935 után). Az 1937. évi hirhedt magyarósi véres választásokon megakadályozta a választók és a csendőrök összeütközését. Minden kulturális, hazafias egyesület működésében vezető szerepet töltött be. Nyugdíjba vonult (1964) Kv.-ra költözött és ott is halt meg. <br /><strong>Irod.:</strong> Er­délyi ezredek; Ref. egyetemes névtár; Nyárádmagyarós leánydombjai; Székelyföld í. k</br></p>

<p>Torda, 1892, † Kv., ?: ref. lelkész. – Tanulmányait Tordán, Nagyenyeden és Kv.-on végezte, pappá szentelték (1919). Mv.-en kezdte pályafutását onnan Nyárádmagyarósra került (1919–64). Részt vett az I. vh.-ban (1914–18) a 11 tüzérezred kötelékében az olasz fronton harcolt, kitüntetéssel szerelt le mint tüzérfőhadnagy. A MP vezető tagja, megyei képviselője volt. Hadbíróság elé állították nemzetellenes magatartás vádjával. [&hellip;]</p>
