{"id":6408,"date":"2025-06-28T17:51:43","date_gmt":"2025-06-28T15:51:43","guid":{"rendered":"https:\/\/uj.adatbank.ro\/lexikon\/termek\/csutak-mihaly\/"},"modified":"2025-06-28T17:51:43","modified_gmt":"2025-06-28T15:51:43","slug":"csutak-mihaly","status":"publish","type":"product","link":"https:\/\/uj.adatbank.ro\/lexikon\/termek\/csutak-mihaly\/","title":{"rendered":"CSUTAK Mih\u00e1ly"},"content":{"rendered":"<p>? \u2020\u00a01831. dec. 6.: r. k. pap. \u2013 Tanult Kv.-on, Gyulafeh\u00e9rv\u00e1ron (1783), Pesten (1787). Papp\u00e1 szentelt\u00e9k (1788. m\u00e1rc. 8.). K\u00e1pl\u00e1n volt Mv.-en (1788). Pl\u00e9b\u00e1nos Magyarszarvaskenden (1791), M\u00f3cson, Jobb\u00e1gytelk\u00e9n (1801\u201306), Kisb\u00e1cson (1806), Als\u00f3j\u00e1r\u00e1n (1810), Kolozsmonostoron (1812). <br \/><strong>Irod.:<\/strong> Eml\u00e9kk\u00f6nyv: jobb\u00e1gytelki iskola; Ferenczi S\u00e1ndor 2009<\/br><\/p>\n","protected":false},"excerpt":{"rendered":"<p>? \u2020\u00a01831. dec. 6.: r. k. pap. \u2013 Tanult Kv.-on, Gyulafeh\u00e9rv\u00e1ron (1783), Pesten (1787). Papp\u00e1 szentelt\u00e9k (1788. m\u00e1rc. 8.). K\u00e1pl\u00e1n volt Mv.-en (1788). Pl\u00e9b\u00e1nos Magyarszarvaskenden (1791), M\u00f3cson, Jobb\u00e1gytelk\u00e9n (1801\u201306), Kisb\u00e1cson (1806), Als\u00f3j\u00e1r\u00e1n (1810), Kolozsmonostoron (1812). Irod.: Eml\u00e9kk\u00f6nyv: jobb\u00e1gytelki iskola; Ferenczi S\u00e1ndor 2009<\/p>\n","protected":false},"featured_media":0,"comment_status":"open","ping_status":"closed","template":"","meta":[],"product_brand":[],"product_cat":[137],"product_tag":[],"class_list":{"0":"post-6408","1":"product","2":"type-product","3":"status-publish","5":"product_cat-maros-megyei-eletrajzi-lexikon","7":"first","8":"instock","9":"shipping-taxable","10":"product-type-simple"},"_links":{"self":[{"href":"https:\/\/uj.adatbank.ro\/lexikon\/wp-json\/wp\/v2\/product\/6408","targetHints":{"allow":["GET"]}}],"collection":[{"href":"https:\/\/uj.adatbank.ro\/lexikon\/wp-json\/wp\/v2\/product"}],"about":[{"href":"https:\/\/uj.adatbank.ro\/lexikon\/wp-json\/wp\/v2\/types\/product"}],"replies":[{"embeddable":true,"href":"https:\/\/uj.adatbank.ro\/lexikon\/wp-json\/wp\/v2\/comments?post=6408"}],"wp:attachment":[{"href":"https:\/\/uj.adatbank.ro\/lexikon\/wp-json\/wp\/v2\/media?parent=6408"}],"wp:term":[{"taxonomy":"product_brand","embeddable":true,"href":"https:\/\/uj.adatbank.ro\/lexikon\/wp-json\/wp\/v2\/product_brand?post=6408"},{"taxonomy":"product_cat","embeddable":true,"href":"https:\/\/uj.adatbank.ro\/lexikon\/wp-json\/wp\/v2\/product_cat?post=6408"},{"taxonomy":"product_tag","embeddable":true,"href":"https:\/\/uj.adatbank.ro\/lexikon\/wp-json\/wp\/v2\/product_tag?post=6408"}],"curies":[{"name":"wp","href":"https:\/\/api.w.org\/{rel}","templated":true}]}}