{"id":6410,"date":"2025-06-28T17:51:49","date_gmt":"2025-06-28T15:51:49","guid":{"rendered":"https:\/\/uj.adatbank.ro\/lexikon\/termek\/daboczi-gyorgy-daboczi-gyorgy\/"},"modified":"2025-06-28T17:51:49","modified_gmt":"2025-06-28T15:51:49","slug":"daboczi-gyorgy-daboczi-gyorgy","status":"publish","type":"product","link":"https:\/\/uj.adatbank.ro\/lexikon\/termek\/daboczi-gyorgy-daboczi-gyorgy\/","title":{"rendered":"DAB\u00d3CZI Gy\u00f6rgy, DAB\u00d3CZI Gy\u00f6rgy"},"content":{"rendered":"<p>Mv., 1861. \u00e1pr. 25., \u2020\u00a0Mv., 1929. aug. 2.: tan\u00edt\u00f3, \u00edr\u00f3. \u2013 Fia: D. Mih\u00e1ly, szobr\u00e1sz. \u2013 Oklevel\u00e9t Kv.-on szerezte (1880). A mv.-i Ref. el. fi\u00faiskola (1882), a Ref. le\u00e1nyiskola (1886\u20131917), majd a K\u00f6zs. fi\u00faiskola tan\u00edt\u00f3ja (1886\u20131917), rajzot \u00e9s sz\u00e9p\u00edr\u00e1st tan\u00edtott, igazgat\u00f3 is volt. A Marostordamegyei \u00c1ltal\u00e1nos Tan\u00edt\u00f3test\u00fclet tagja, aleln\u00f6ke volt. A test\u00fclet k\u00f6nyvt\u00e1r\u00e1t szakszer\u0171en elrendezte. A Mv.-i Kaszin\u00f3 tagja \u00e9s k\u00f6nyvt\u00e1rosa (1902\u20131904). Mag\u00e1n\u00faton tanulta meg a n\u00e9met nyelvet. Saphir m\u0171veib\u0151l ford\u00edtott. \u00c1lland\u00f3an k\u00e9pezte mag\u00e1t, a rajzol\u00e1sban \u00e9s a sz\u00e9p\u00edr\u00e1sban volt kiv\u00e1l\u00f3, de nagyszer\u0171 heged\u0171s \u00e9s \u00e9nekes is. Cikkei az Erd\u00e9lyi \u00dajs\u00e1g\u00edr\u00f3k Almanachj\u00e1ban, Csal\u00e1d \u00e9s Iskola, N\u00e9ptan\u00edt\u00f3k Lapja, Sz\u00e9kely Tan\u00fcgy. \u2013 <strong>F. m.:<\/strong> <strong>antol\u00f3g.:<\/strong> Aforizm\u00e1k =\u00dcnnepi k\u00f6nyv; Nemes \u00e9rzelmek fel\u00e9breszt\u00e9se: P\u00e1lyat\u00e9tel = Eml\u00e9kk\u00f6nyv a MT megyei \u00c1ltal\u00e1nos Tan\u00edt\u00f3test\u00fclet 25 \u00e9ves jubileuma alkalm\u00e1b\u00f3l (Bp., 1903); <strong>ford.:<\/strong> T\u00f6red\u00e9kek Saphir m\u0171veib\u0151l (Mv., 1903); \u00dajabb t\u00f6red\u00e9kek Saphir m\u0171veib\u0151l (Mv., 1907). <br \/><strong>Irod.:<\/strong> Bi\u00e1s Istv\u00e1n; Eml\u00e9kk\u00f6nyv; Guly\u00e1s; [Nekrol\u00f3g] (Az Ellenz\u00e9k, 1929. aug. 2.); \u00d6k\u00f6s; Sebesty\u00e9n Mih\u00e1ly: Dab\u00f3czi\u00e1da (N\u00fa., Sz\u00ednes Vil\u00e1g, 13. sz., 2011. \u00e1pr. 2.); \u00dcnnepi k\u00f6nyv.<\/br><\/p>\n","protected":false},"excerpt":{"rendered":"<p>Mv., 1861. \u00e1pr. 25., \u2020\u00a0Mv., 1929. aug. 2.: tan\u00edt\u00f3, \u00edr\u00f3. \u2013 Fia: D. Mih\u00e1ly, szobr\u00e1sz. \u2013 Oklevel\u00e9t Kv.-on szerezte (1880). A mv.-i Ref. el. fi\u00faiskola (1882), a Ref. le\u00e1nyiskola (1886\u20131917), majd a K\u00f6zs. fi\u00faiskola tan\u00edt\u00f3ja (1886\u20131917), rajzot \u00e9s sz\u00e9p\u00edr\u00e1st tan\u00edtott, igazgat\u00f3 is volt. A Marostordamegyei \u00c1ltal\u00e1nos Tan\u00edt\u00f3test\u00fclet tagja, aleln\u00f6ke volt. A test\u00fclet k\u00f6nyvt\u00e1r\u00e1t szakszer\u0171en elrendezte. [&hellip;]<\/p>\n","protected":false},"featured_media":0,"comment_status":"open","ping_status":"closed","template":"","meta":[],"product_brand":[],"product_cat":[137],"product_tag":[],"class_list":{"0":"post-6410","1":"product","2":"type-product","3":"status-publish","5":"product_cat-maros-megyei-eletrajzi-lexikon","7":"first","8":"instock","9":"shipping-taxable","10":"product-type-simple"},"_links":{"self":[{"href":"https:\/\/uj.adatbank.ro\/lexikon\/wp-json\/wp\/v2\/product\/6410","targetHints":{"allow":["GET"]}}],"collection":[{"href":"https:\/\/uj.adatbank.ro\/lexikon\/wp-json\/wp\/v2\/product"}],"about":[{"href":"https:\/\/uj.adatbank.ro\/lexikon\/wp-json\/wp\/v2\/types\/product"}],"replies":[{"embeddable":true,"href":"https:\/\/uj.adatbank.ro\/lexikon\/wp-json\/wp\/v2\/comments?post=6410"}],"wp:attachment":[{"href":"https:\/\/uj.adatbank.ro\/lexikon\/wp-json\/wp\/v2\/media?parent=6410"}],"wp:term":[{"taxonomy":"product_brand","embeddable":true,"href":"https:\/\/uj.adatbank.ro\/lexikon\/wp-json\/wp\/v2\/product_brand?post=6410"},{"taxonomy":"product_cat","embeddable":true,"href":"https:\/\/uj.adatbank.ro\/lexikon\/wp-json\/wp\/v2\/product_cat?post=6410"},{"taxonomy":"product_tag","embeddable":true,"href":"https:\/\/uj.adatbank.ro\/lexikon\/wp-json\/wp\/v2\/product_tag?post=6410"}],"curies":[{"name":"wp","href":"https:\/\/api.w.org\/{rel}","templated":true}]}}

DABÓCZI György, DABÓCZI György

<p>Mv., 1861. ápr. 25., † Mv., 1929. aug. 2.: tanító, író. – Fia: D. Mihály, szobrász. – Oklevelét Kv.-on szerezte (1880). A mv.-i Ref. el. fiúiskola (1882), a Ref. leányiskola (1886–1917), majd a Közs. fiúiskola tanítója (1886–1917), rajzot és szépírást tanított, igazgató is volt. A Marostordamegyei Általános Tanítótestület tagja, alelnöke volt. A testület könyvtárát szakszerűen elrendezte. A Mv.-i Kaszinó tagja és könyvtárosa (1902–1904). Magánúton tanulta meg a német nyelvet. Saphir műveiből fordított. Állandóan képezte magát, a rajzolásban és a szépírásban volt kiváló, de nagyszerű hegedűs és énekes is. Cikkei az Erdélyi Újságírók Almanachjában, Család és Iskola, Néptanítók Lapja, Székely Tanügy. – <strong>F. m.:</strong> <strong>antológ.:</strong> Aforizmák =Ünnepi könyv; Nemes érzelmek felébresztése: Pályatétel = Emlékkönyv a MT megyei Általános Tanítótestület 25 éves jubileuma alkalmából (Bp., 1903); <strong>ford.:</strong> Töredékek Saphir műveiből (Mv., 1903); Újabb töredékek Saphir műveiből (Mv., 1907). <br /><strong>Irod.:</strong> Biás István; Emlékkönyv; Gulyás; [Nekrológ] (Az Ellenzék, 1929. aug. 2.); Ökös; Sebestyén Mihály: Dabócziáda (Nú., Színes Világ, 13. sz., 2011. ápr. 2.); Ünnepi könyv.</br></p>

<p>Mv., 1861. ápr. 25., † Mv., 1929. aug. 2.: tanító, író. – Fia: D. Mihály, szobrász. – Oklevelét Kv.-on szerezte (1880). A mv.-i Ref. el. fiúiskola (1882), a Ref. leányiskola (1886–1917), majd a Közs. fiúiskola tanítója (1886–1917), rajzot és szépírást tanított, igazgató is volt. A Marostordamegyei Általános Tanítótestület tagja, alelnöke volt. A testület könyvtárát szakszerűen elrendezte. [&hellip;]</p>
