{"id":6411,"date":"2025-06-28T17:51:52","date_gmt":"2025-06-28T15:51:52","guid":{"rendered":"https:\/\/uj.adatbank.ro\/lexikon\/termek\/daboczi-janos-daboczy-janos\/"},"modified":"2025-06-28T17:51:52","modified_gmt":"2025-06-28T15:51:52","slug":"daboczi-janos-daboczy-janos","status":"publish","type":"product","link":"https:\/\/uj.adatbank.ro\/lexikon\/termek\/daboczi-janos-daboczy-janos\/","title":{"rendered":"DAB\u00d3CZI J\u00e1nos, Dab\u00f3czy J\u00e1nos"},"content":{"rendered":"<p>1789., \u2020\u00a0Mv., 1876. szept. 7. : iparos. \u2013 Feles\u00e9ge: L\u00e9n\u00e1rt M\u00e1ria (1796 \u2013 Mv., 1885. nov. 26.). Gyermekeik: K\u00e1rolina, K\u00e1lki Frigyesn\u00e9; \u00c1gnes, L\u0151csei S\u00e1ndorn\u00e9; Imre; Eszter; Anna, Albert D\u00e1nieln\u00e9; Mih\u00e1ly, feles\u00e9ge: Venczel J\u00f3z\u00e9fa. \u2013 Iparos, ref. egyh\u00e1zi tan\u00e1csos Mv.-en. \u2013 F. m. : Felsz\u00f3l\u00edt\u00e1s Mv. h\u0171 polg\u00e1raihoz. Mv. \u00e1pr. 15. 1848\u00a0: Ki\u00e1ltv\u00e1ny. <br \/><strong>Irod.:<\/strong> Gy\u00e1szjelent\u0151; P\u00e1lmay J\u00f3zsef; Szinnyei<\/br><\/p>\n","protected":false},"excerpt":{"rendered":"<p>1789., \u2020\u00a0Mv., 1876. szept. 7. : iparos. \u2013 Feles\u00e9ge: L\u00e9n\u00e1rt M\u00e1ria (1796 \u2013 Mv., 1885. nov. 26.). Gyermekeik: K\u00e1rolina, K\u00e1lki Frigyesn\u00e9; \u00c1gnes, L\u0151csei S\u00e1ndorn\u00e9; Imre; Eszter; Anna, Albert D\u00e1nieln\u00e9; Mih\u00e1ly, feles\u00e9ge: Venczel J\u00f3z\u00e9fa. \u2013 Iparos, ref. egyh\u00e1zi tan\u00e1csos Mv.-en. \u2013 F. m. : Felsz\u00f3l\u00edt\u00e1s Mv. h\u0171 polg\u00e1raihoz. Mv. \u00e1pr. 15. 1848\u00a0: Ki\u00e1ltv\u00e1ny. Irod.: Gy\u00e1szjelent\u0151; P\u00e1lmay [&hellip;]<\/p>\n","protected":false},"featured_media":0,"comment_status":"open","ping_status":"closed","template":"","meta":[],"product_brand":[],"product_cat":[137],"product_tag":[],"class_list":{"0":"post-6411","1":"product","2":"type-product","3":"status-publish","5":"product_cat-maros-megyei-eletrajzi-lexikon","7":"first","8":"instock","9":"shipping-taxable","10":"product-type-simple"},"_links":{"self":[{"href":"https:\/\/uj.adatbank.ro\/lexikon\/wp-json\/wp\/v2\/product\/6411","targetHints":{"allow":["GET"]}}],"collection":[{"href":"https:\/\/uj.adatbank.ro\/lexikon\/wp-json\/wp\/v2\/product"}],"about":[{"href":"https:\/\/uj.adatbank.ro\/lexikon\/wp-json\/wp\/v2\/types\/product"}],"replies":[{"embeddable":true,"href":"https:\/\/uj.adatbank.ro\/lexikon\/wp-json\/wp\/v2\/comments?post=6411"}],"wp:attachment":[{"href":"https:\/\/uj.adatbank.ro\/lexikon\/wp-json\/wp\/v2\/media?parent=6411"}],"wp:term":[{"taxonomy":"product_brand","embeddable":true,"href":"https:\/\/uj.adatbank.ro\/lexikon\/wp-json\/wp\/v2\/product_brand?post=6411"},{"taxonomy":"product_cat","embeddable":true,"href":"https:\/\/uj.adatbank.ro\/lexikon\/wp-json\/wp\/v2\/product_cat?post=6411"},{"taxonomy":"product_tag","embeddable":true,"href":"https:\/\/uj.adatbank.ro\/lexikon\/wp-json\/wp\/v2\/product_tag?post=6411"}],"curies":[{"name":"wp","href":"https:\/\/api.w.org\/{rel}","templated":true}]}}