{"id":6413,"date":"2025-06-28T17:51:57","date_gmt":"2025-06-28T15:51:57","guid":{"rendered":"https:\/\/uj.adatbank.ro\/lexikon\/termek\/daboczi-mihaly-%c2%a7-daboczy-mihaly\/"},"modified":"2025-06-28T17:51:57","modified_gmt":"2025-06-28T15:51:57","slug":"daboczi-mihaly-%c2%a7-daboczy-mihaly","status":"publish","type":"product","link":"https:\/\/uj.adatbank.ro\/lexikon\/termek\/daboczi-mihaly-%c2%a7-daboczy-mihaly\/","title":{"rendered":"DAB\u00d3CZI Mih\u00e1ly; \u00a7 Dab\u00f3czy Mih\u00e1ly"},"content":{"rendered":"<p>Marosszentkir\u00e1ly, 1905. m\u00e1rc. 29., \u2020 Bp., 1980. febr. 22.: szobr\u00e1szm\u0171v\u00e9sz. \u2013 D. Gy\u00f6rgy (1861\u20131929) fia. \u2013 Mv.-en a Ref. Koll.-ban v\u00e9gzett (1923), \u00f6t \u00e9vig faszobr\u00e1szk\u00e9nt dolgozott Mv.-en a Sz\u00e9kely \u00e9s R\u00e9ti b\u00fatorgy\u00e1rban. Orb\u00e1n Antaln\u00e1l v\u00e9gzett mag\u00e1ntanulm\u00e1nyokat. A bp.-i K\u00e9pz\u0151m\u0171v\u00e9szeti F\u0151iskol\u00e1n Kisfaludi Str\u00f3bl Zsigmond n\u00f6vend\u00e9ke (1930\u201335), \u00e9s tan\u00e1rse\u00adg\u00e9de volt (1935\u201338). R\u00f3m\u00e1ban \u00e1llami \u00f6szt\u00f6nd\u00edjas (1938\u201339). El\u0151sz\u00f6r a m\u0171csarnok ki\u00e1ll\u00edt\u00e1s\u00e1n szerepelt (1933), ett\u0151l kezdve rendszeresen \u00e1ll\u00edtott ki, egy\u00e9ni ki\u00e1ll\u00edt\u00e1sa volt R\u00f3m\u00e1ban is. Sportember is volt, Mv.-i SE \u2013ben kezdte a sportol\u00e1st, egy\u00fctt gyakorolt Szab\u00f3 L\u00e1szl\u00f3val \u00e9s Csisz\u00e1r Lajossal, Santelli Italo olasz mester tan\u00edtv\u00e1nyak\u00e9nt, akit\u0151l a Michelangelo de Transsylvaniae becenevet kapta. Versenyszer\u0171en v\u00edvott: p\u00e1rbajt\u0151r\u0151z\u0151, kardv\u00edv\u00f3 (1930\u201350). Rendszeresen r\u00e9szt vett az orsz. k\u00e9pz\u0151m\u0171v. \u00e9s plasztikai ki\u00e1ll\u00edt\u00e1sokon, szoborp\u00e1ly\u00e1zatokon. V\u00e1ltozatos tema\u00adtik\u00e1j\u00fa szobr\u00e1sz: alkot\u00f3i korszak\u00e1ra az akad\u00e9mikus natu\u00adralizmus hatott, majd a r\u00f3\u00admai iskola st\u00edlus\u00e1ban alkotott, a sematizmus is \u00e9rz\u00e9kelhet\u0151 volt m\u0171vein (1950-es \u00e9vek\u00adben), majd a modern m\u0171v\u00e9szeti ir\u00e1nyzatok, az absztrakci\u00f3, sz\u00fcrrealizmus. Temati\u00adk\u00e1j\u00e1nak k\u00f6z\u00e9ppontj\u00e1ban az ember \u00e1llt, k\u00e9sz\u00ed\u00adtett aktokat, anya-gyermek kapcsolatot, sportkompoz\u00edci\u00f3kat, portr\u00e9szobrokat, de \u00e1llatfigur\u00e1kat, \u00e9p\u00fclet\u00adplasztik\u00e1kat is. 48 fel\u00e1ll\u00edtott k\u00f6zt\u00e9ri szobra van, s \u00e9rm\u00e9szk\u00e9nt k\u00f6zel sz\u00e1z \u00e9rmet, ill. plaketett k\u00e9sz\u00edtett. Mv.-en \u00e1ll\u00edtott\u00e1k fel a K\u0151r\u00f6si Csoma S\u00e1ndor szobr\u00e1t (1943. szept. 26) a K\u00f6zs\u00e9gi Polg\u00e1ri Fi\u00faiskola el\u0151tti t\u00e9ren. A szobrot k\u00e9s\u0151bb led\u00f6nt\u00f6tt\u00e9k, a k\u00f6z\u00fczemek udvar\u00e1n t\u00e1rolt\u00e1k, majd megjav\u00edtva, a v\u00e1r M\u00e9sz\u00e1rosok b\u00e1sty\u00e1j\u00e1nak szomsz\u00e9ds\u00e1g\u00e1ban \u00e1ll\u00edtott\u00e1k vissza (1962). D\u00edjai: Szinyei Merse ki\u00e1ll\u00edt\u00e1s m\u00e1sodik d\u00edja (1935); fiatal m\u0171v\u00e9szek K\u00e1ldi d\u00edja (1937); Ferenczy Istv\u00e1n-d\u00edj (1936, 1939), bp.-i F\u0151v\u00e1rosi d\u00edj (1938); a Szinyei T\u00e1rsas\u00e1g d\u00edja (1941). T\u00f6bb m\u0171v\u00e9t az MNG \u0151rzi, sz\u00e1mos szobra k\u00f6ztereket, parkokat d\u00edsz\u00edt, \u00e9p\u00fcletplasztikai munk\u00e1kat, s\u00edreml\u00e9keket alkotott. \u2013 <strong>F. ki\u00e1ll.:<\/strong> egy\u00e9ni: R\u00f3ma (1939); Ernst M\u00faz. (Bp., 1942, 1956, 1965); F\u00e9nyes Adolf Terem (Bp., 1980); csoportos: M. K\u00e9p\u00edr\u00f3k Ki\u00e1ll\u00edt\u00e1sa (Bp., 1937); A gyermek a m\u0171v\u00e9szetben (Bp., 1940); A mv.-i K\u00e9pz\u0151m\u0171v\u00e9szek Ki\u00e1ll\u00edt\u00e1sa ( 1941. dec. 20.); Velencei Bienn\u00e1le (1942); Spiritu\u00e1lis M\u0171v\u00e9szek Sz\u00f6v. ki\u00e1ll\u00edt\u00e1sa (Bp., 1943); M. K\u00e9pz\u0151m\u0171v. Ki\u00e1ll\u00edt\u00e1sok (Bp., 1950\u201365); Mez\u0151g. a m\u0171v\u00e9szetben (Bp., 1959); Orsz. Kisplasztik\u00e1i Bienn\u00e1le (P\u00e9cs, 1967, 1969, 1971, 1975); \u00c9remm\u0171v\u00e9szet (Bp., 1974); Faszobr\u00e1szat (P\u00e9cs, 1979). \u2013 F. m. : A g\u00e1lya\u00adrabs\u00e1gba hurcolt pataki di\u00e1kok(domborm\u0171, S\u00e1rospatak, 1936); K\u00f6r\u00f6si Csorna S\u00e1ndor (Mv., 1942); Gerencs\u00e9r L\u00e1szl\u00f3 s\u00edrem\u00adl\u00e9ke (Bp., Farkasr\u00e9ti temet\u0151, 1943); G\u00e1bor \u00c1ron mellszobra (Miskolc, 1956); Higi\u00e9nia (Nagyk\u0151r\u00f6s, K\u00f3rh\u00e1z-park, 1956); \u00c1rp\u00e1dh\u00e1zi Margit (Miskolc, 1958); Szeretet (Bp., Farkasr\u00e9ti temet\u0151, 1958); K\u00f6lcsey (Debrecen, Csokonai Sz\u00ednh\u00e1z, 1960); Tavasz (Bp., Gell\u00e9rt f\u00fcrd\u0151, 1961); Pihen\u0151 l\u00e1ny (Ny\u00edrb\u00e9ltek, 1964); Kiss Gy\u00f6rgy (Sz\u00e1szv\u00e1r, 1969); N\u0151i figura (Nagyk\u0151r\u00f6s, 1972); D\u00f3zsa Gy\u00f6rgy mellszobra (Ap\u00e1tfalva, 1980). &#8211; <strong>F. m.:<\/strong> A g\u00e1lya\u00adrabs\u00e1gba hurcolt pataki di\u00e1kok (domborm\u00fc; S\u00e1rospatak, 1936); K\u00f6r\u00f6si Csorna S\u00e1ndor (Mv., 1942); Gerencs\u00e9r L\u00e1szl\u00f3 s\u00edrem\u00adl\u00e9ke (Bp., Farkasr\u00e9ti temet\u0151, 1943); G\u00e1bor \u00c1ron mellszobra (Miskolc, 1956); Higi\u00e9nia (Nagyk\u0151r\u00f6s, K\u00f3rh\u00e1z-park, 1956); \u00c1rp\u00e1dh\u00e1zi Margit (Miskolc, 1958); Szeretet (Bp., Farkasr\u00e9ti temet\u0151, 1958); K\u00f6lcsey (Debrecen, Csokonai Sz\u00ednh\u00e1z, 1960); Tavasz (Bp., Gell\u00e9rt f\u00fcrd\u0151, 1961); Pihen\u0151 l\u00e1ny (Ny\u00edrb\u00e9ltek, 1964); Kiss Gy\u00f6rgy (Sz\u00e1szv\u00e1r, 1969); N\u0151i figura (Nagyk\u0151r\u00f6s, 1972); D\u00f3zsa Gy\u00f6rgy mellszobra (Ap\u00e1tfalva, 1980). <br \/><strong>Irod.:<\/strong> B\u00f6l\u00f6ni Domokos: Marosszentkir\u00e1ly \u00e9s Michelangelode Transsylvaniae (D. M.) (N\u00fa., Sz\u00ednes vil\u00e1g, 2011. m\u00e1rc. 26.); Id\u0151t\u00e1r 3; Katona Szab\u00f3 Istv\u00e1n: Az \u00daj \u00c9let lexikona, 51. (\u00daj \u00c9let, 15 sz., 1972); Kiss P.: EMM; M\u00c9L; MNL; Moln\u00e1r; \u00d6tv\u00f6s J\u00f3zsef: Mv.-i szobrok \u00e9s alkot\u00f3ik: K. Cs. S. (\u00daj Kezdet, 4. sz., 2006. \u00e1pr.); Sebesty\u00e9n Mih\u00e1ly: Dab\u00f3czi\u00e1da (N\u00fa., Sz\u00ednes Vil\u00e1g, 13. sz., 2011. \u00e1pr. 2.); R\u00daL; \u00daM\u00c9L<\/br><\/p>\n","protected":false},"excerpt":{"rendered":"<p>Marosszentkir\u00e1ly, 1905. m\u00e1rc. 29., \u2020 Bp., 1980. febr. 22.: szobr\u00e1szm\u0171v\u00e9sz. \u2013 D. Gy\u00f6rgy (1861\u20131929) fia. \u2013 Mv.-en a Ref. Koll.-ban v\u00e9gzett (1923), \u00f6t \u00e9vig faszobr\u00e1szk\u00e9nt dolgozott Mv.-en a Sz\u00e9kely \u00e9s R\u00e9ti b\u00fatorgy\u00e1rban. Orb\u00e1n Antaln\u00e1l v\u00e9gzett mag\u00e1ntanulm\u00e1nyokat. A bp.-i K\u00e9pz\u0151m\u0171v\u00e9szeti F\u0151iskol\u00e1n Kisfaludi Str\u00f3bl Zsigmond n\u00f6vend\u00e9ke (1930\u201335), \u00e9s tan\u00e1rse\u00adg\u00e9de volt (1935\u201338). R\u00f3m\u00e1ban \u00e1llami \u00f6szt\u00f6nd\u00edjas (1938\u201339). El\u0151sz\u00f6r a [&hellip;]<\/p>\n","protected":false},"featured_media":0,"comment_status":"open","ping_status":"closed","template":"","meta":[],"product_brand":[],"product_cat":[137],"product_tag":[],"class_list":{"0":"post-6413","1":"product","2":"type-product","3":"status-publish","5":"product_cat-maros-megyei-eletrajzi-lexikon","7":"first","8":"instock","9":"shipping-taxable","10":"product-type-simple"},"_links":{"self":[{"href":"https:\/\/uj.adatbank.ro\/lexikon\/wp-json\/wp\/v2\/product\/6413","targetHints":{"allow":["GET"]}}],"collection":[{"href":"https:\/\/uj.adatbank.ro\/lexikon\/wp-json\/wp\/v2\/product"}],"about":[{"href":"https:\/\/uj.adatbank.ro\/lexikon\/wp-json\/wp\/v2\/types\/product"}],"replies":[{"embeddable":true,"href":"https:\/\/uj.adatbank.ro\/lexikon\/wp-json\/wp\/v2\/comments?post=6413"}],"wp:attachment":[{"href":"https:\/\/uj.adatbank.ro\/lexikon\/wp-json\/wp\/v2\/media?parent=6413"}],"wp:term":[{"taxonomy":"product_brand","embeddable":true,"href":"https:\/\/uj.adatbank.ro\/lexikon\/wp-json\/wp\/v2\/product_brand?post=6413"},{"taxonomy":"product_cat","embeddable":true,"href":"https:\/\/uj.adatbank.ro\/lexikon\/wp-json\/wp\/v2\/product_cat?post=6413"},{"taxonomy":"product_tag","embeddable":true,"href":"https:\/\/uj.adatbank.ro\/lexikon\/wp-json\/wp\/v2\/product_tag?post=6413"}],"curies":[{"name":"wp","href":"https:\/\/api.w.org\/{rel}","templated":true}]}}

DABÓCZI Mihály; § Dabóczy Mihály

<p>Marosszentkirály, 1905. márc. 29., † Bp., 1980. febr. 22.: szobrászművész. – D. György (1861–1929) fia. – Mv.-en a Ref. Koll.-ban végzett (1923), öt évig faszobrászként dolgozott Mv.-en a Székely és Réti bútorgyárban. Orbán Antalnál végzett magántanulmányokat. A bp.-i Képzőművészeti Főiskolán Kisfaludi Stróbl Zsigmond növendéke (1930–35), és tanárse­géde volt (1935–38). Rómában állami ösztöndíjas (1938–39). Először a műcsarnok kiállításán szerepelt (1933), ettől kezdve rendszeresen állított ki, egyéni kiállítása volt Rómában is. Sportember is volt, Mv.-i SE –ben kezdte a sportolást, együtt gyakorolt Szabó Lászlóval és Csiszár Lajossal, Santelli Italo olasz mester tanítványaként, akitől a Michelangelo de Transsylvaniae becenevet kapta. Versenyszerűen vívott: párbajtőrőző, kardvívó (1930–50). Rendszeresen részt vett az orsz. képzőműv. és plasztikai kiállításokon, szoborpályázatokon. Változatos tema­tikájú szobrász: alkotói korszakára az akadémikus natu­ralizmus hatott, majd a ró­mai iskola stílusában alkotott, a sematizmus is érzékelhető volt művein (1950-es évek­ben), majd a modern művészeti irányzatok, az absztrakció, szürrealizmus. Temati­kájának középpontjában az ember állt, készí­tett aktokat, anya-gyermek kapcsolatot, sportkompozíciókat, portrészobrokat, de állatfigurákat, épület­plasztikákat is. 48 felállított köztéri szobra van, s érmészként közel száz érmet, ill. plaketett készített. Mv.-en állították fel a Kőrösi Csoma Sándor szobrát (1943. szept. 26) a Községi Polgári Fiúiskola előtti téren. A szobrot később ledöntötték, a közüzemek udvarán tárolták, majd megjavítva, a vár Mészárosok bástyájának szomszédságában állították vissza (1962). Díjai: Szinyei Merse kiállítás második díja (1935); fiatal művészek Káldi díja (1937); Ferenczy István-díj (1936, 1939), bp.-i Fővárosi díj (1938); a Szinyei Társaság díja (1941). Több művét az MNG őrzi, számos szobra köztereket, parkokat díszít, épületplasztikai munkákat, síremlékeket alkotott. – <strong>F. kiáll.:</strong> egyéni: Róma (1939); Ernst Múz. (Bp., 1942, 1956, 1965); Fényes Adolf Terem (Bp., 1980); csoportos: M. Képírók Kiállítása (Bp., 1937); A gyermek a művészetben (Bp., 1940); A mv.-i Képzőművészek Kiállítása ( 1941. dec. 20.); Velencei Biennále (1942); Spirituális Művészek Szöv. kiállítása (Bp., 1943); M. Képzőműv. Kiállítások (Bp., 1950–65); Mezőg. a művészetben (Bp., 1959); Orsz. Kisplasztikái Biennále (Pécs, 1967, 1969, 1971, 1975); Éremművészet (Bp., 1974); Faszobrászat (Pécs, 1979). – F. m. : A gálya­rabságba hurcolt pataki diákok(dombormű, Sárospatak, 1936); Körösi Csorna Sándor (Mv., 1942); Gerencsér László sírem­léke (Bp., Farkasréti temető, 1943); Gábor Áron mellszobra (Miskolc, 1956); Higiénia (Nagykőrös, Kórház-park, 1956); Árpádházi Margit (Miskolc, 1958); Szeretet (Bp., Farkasréti temető, 1958); Kölcsey (Debrecen, Csokonai Színház, 1960); Tavasz (Bp., Gellért fürdő, 1961); Pihenő lány (Nyírbéltek, 1964); Kiss György (Szászvár, 1969); Női figura (Nagykőrös, 1972); Dózsa György mellszobra (Apátfalva, 1980). &#8211; <strong>F. m.:</strong> A gálya­rabságba hurcolt pataki diákok (dombormü; Sárospatak, 1936); Körösi Csorna Sándor (Mv., 1942); Gerencsér László sírem­léke (Bp., Farkasréti temető, 1943); Gábor Áron mellszobra (Miskolc, 1956); Higiénia (Nagykőrös, Kórház-park, 1956); Árpádházi Margit (Miskolc, 1958); Szeretet (Bp., Farkasréti temető, 1958); Kölcsey (Debrecen, Csokonai Színház, 1960); Tavasz (Bp., Gellért fürdő, 1961); Pihenő lány (Nyírbéltek, 1964); Kiss György (Szászvár, 1969); Női figura (Nagykőrös, 1972); Dózsa György mellszobra (Apátfalva, 1980). <br /><strong>Irod.:</strong> Bölöni Domokos: Marosszentkirály és Michelangelode Transsylvaniae (D. M.) (Nú., Színes világ, 2011. márc. 26.); Időtár 3; Katona Szabó István: Az Új Élet lexikona, 51. (Új Élet, 15 sz., 1972); Kiss P.: EMM; MÉL; MNL; Molnár; Ötvös József: Mv.-i szobrok és alkotóik: K. Cs. S. (Új Kezdet, 4. sz., 2006. ápr.); Sebestyén Mihály: Dabócziáda (Nú., Színes Világ, 13. sz., 2011. ápr. 2.); RÚL; ÚMÉL</br></p>

<p>Marosszentkirály, 1905. márc. 29., † Bp., 1980. febr. 22.: szobrászművész. – D. György (1861–1929) fia. – Mv.-en a Ref. Koll.-ban végzett (1923), öt évig faszobrászként dolgozott Mv.-en a Székely és Réti bútorgyárban. Orbán Antalnál végzett magántanulmányokat. A bp.-i Képzőművészeti Főiskolán Kisfaludi Stróbl Zsigmond növendéke (1930–35), és tanárse­géde volt (1935–38). Rómában állami ösztöndíjas (1938–39). Először a [&hellip;]</p>
