{"id":6422,"date":"2025-06-28T17:52:14","date_gmt":"2025-06-28T15:52:14","guid":{"rendered":"https:\/\/uj.adatbank.ro\/lexikon\/termek\/daczo-gergely\/"},"modified":"2025-06-28T17:52:14","modified_gmt":"2025-06-28T15:52:14","slug":"daczo-gergely","status":"publish","type":"product","link":"https:\/\/uj.adatbank.ro\/lexikon\/termek\/daczo-gergely\/","title":{"rendered":"DACZ\u00d3 Gergely"},"content":{"rendered":"<p>? \u2020 ? : f\u00f6ldbirtokos. \u2013 Sz\u00e9kelys\u00e1rd l\u00e9t\u00e9t neki k\u00f6sz\u00f6nheti, sz\u00e9kelyeket telep\u00edtett a csaknem teljesen lakatlan helys\u00e9gbe (17. sz. k\u00f6zepe) \u00e9s kis ref. k\u00e1poln\u00e1t is \u00e9p\u00edttetett. <br \/><strong>Irod.:<\/strong> L\u00e9sty\u00e1n \u2013 templomok, Ny\u00e1r\u00e1dszereda k\u00f6zs\u00e9g<\/br><\/p>\n","protected":false},"excerpt":{"rendered":"<p>? \u2020 ? : f\u00f6ldbirtokos. \u2013 Sz\u00e9kelys\u00e1rd l\u00e9t\u00e9t neki k\u00f6sz\u00f6nheti, sz\u00e9kelyeket telep\u00edtett a csaknem teljesen lakatlan helys\u00e9gbe (17. sz. k\u00f6zepe) \u00e9s kis ref. k\u00e1poln\u00e1t is \u00e9p\u00edttetett. Irod.: L\u00e9sty\u00e1n \u2013 templomok, Ny\u00e1r\u00e1dszereda k\u00f6zs\u00e9g<\/p>\n","protected":false},"featured_media":0,"comment_status":"open","ping_status":"closed","template":"","meta":[],"product_brand":[],"product_cat":[137],"product_tag":[],"class_list":{"0":"post-6422","1":"product","2":"type-product","3":"status-publish","5":"product_cat-maros-megyei-eletrajzi-lexikon","7":"first","8":"instock","9":"shipping-taxable","10":"product-type-simple"},"_links":{"self":[{"href":"https:\/\/uj.adatbank.ro\/lexikon\/wp-json\/wp\/v2\/product\/6422","targetHints":{"allow":["GET"]}}],"collection":[{"href":"https:\/\/uj.adatbank.ro\/lexikon\/wp-json\/wp\/v2\/product"}],"about":[{"href":"https:\/\/uj.adatbank.ro\/lexikon\/wp-json\/wp\/v2\/types\/product"}],"replies":[{"embeddable":true,"href":"https:\/\/uj.adatbank.ro\/lexikon\/wp-json\/wp\/v2\/comments?post=6422"}],"wp:attachment":[{"href":"https:\/\/uj.adatbank.ro\/lexikon\/wp-json\/wp\/v2\/media?parent=6422"}],"wp:term":[{"taxonomy":"product_brand","embeddable":true,"href":"https:\/\/uj.adatbank.ro\/lexikon\/wp-json\/wp\/v2\/product_brand?post=6422"},{"taxonomy":"product_cat","embeddable":true,"href":"https:\/\/uj.adatbank.ro\/lexikon\/wp-json\/wp\/v2\/product_cat?post=6422"},{"taxonomy":"product_tag","embeddable":true,"href":"https:\/\/uj.adatbank.ro\/lexikon\/wp-json\/wp\/v2\/product_tag?post=6422"}],"curies":[{"name":"wp","href":"https:\/\/api.w.org\/{rel}","templated":true}]}}