{"id":6423,"date":"2025-06-28T17:52:16","date_gmt":"2025-06-28T15:52:16","guid":{"rendered":"https:\/\/uj.adatbank.ro\/lexikon\/termek\/daczo-janos-sepsiszentgyorgyi\/"},"modified":"2025-06-28T17:52:16","modified_gmt":"2025-06-28T15:52:16","slug":"daczo-janos-sepsiszentgyorgyi","status":"publish","type":"product","link":"https:\/\/uj.adatbank.ro\/lexikon\/termek\/daczo-janos-sepsiszentgyorgyi\/","title":{"rendered":"DACZ\u00d3 J\u00e1nos, sepsiszentgy\u00f6rgyi"},"content":{"rendered":"<p>? \u2020 ? : nemes, f\u0151isp\u00e1n, f\u0151kapit\u00e1ny. \u2013 D. L\u00e1szl\u00f3 \u00e9s Barlab\u00e1si Kata fia. Feles\u00e9ge: Fekete Anna. \u2013 Sz\u00e9kely primor. Apafi fejedelem k\u00f6vete a port\u00e1n (1663, 1671, 1675), Cs\u00edk- Gyergy\u00f3-K\u00e1szomsz\u00e9ki f\u0151kapit\u00e1ny (1672), fejedelmi biztosk\u00e9nt j\u00e1rt Mv.-en, ahol a helyi tan\u00e1cs \u00e9s a lakoss\u00e1g k\u00f6zti ellent\u00e9teket volt hivatott elsim\u00edtani (1672. dec. 13). A Fejedelmi T\u00e1bla \u00fcln\u00f6ke (1678\u201386), a Deputatio tagja (1687). Megn\u00f3t\u00e1ztat\u00e1sa miatt, a Th\u00f6k\u00f6livel val\u00f3 kapcsolata v\u00e1dj\u00e1val, Teleki Mih\u00e1ly k\u00f6zbenj\u00e1r\u00e1s\u00e1t k\u00e9rte. Ellenszolg\u00e1ltat\u00e1sk\u00e9nt Telekinek adta cs\u00edkvacs\u00e1rcsi udvarh\u00e1z\u00e1t a javakkal, a malommal \u00e9s bosovai gy\u00fcm\u00f6lcs\u00f6ssel, valamint a cs\u00edkm\u00e1rtoni t\u00edz h\u00e1z jobb\u00e1gy\u00e1t. V\u00e9grendelete szerint (Nagyszeben, 1686. m\u00e1j. 3.) harmadik feles\u00e9g\u00e9re, Fekete Ann\u00e1ra hagyta a Sz\u00e9kelyszenterzs\u00e9beten l\u00e9v\u0151 udvarh\u00e1z\u00e1t, term\u0151f\u00f6ldjeit, a halastavat, a K\u00fck\u00fcll\u0151n m\u0171k\u00f6d\u0151 malmot, valamint a cikm\u00e1ntori \u00e9s n\u00e1dasdi udvarh\u00e1zat jobb\u00e1gyokkal, sz\u0151l\u0151ssel \u00e9s term\u0151f\u00f6ldekkel. <br \/><strong>Irod.:<\/strong> Erd\u00e9lyi testamentumok 1.; Kraus: Erd\u00e9lyi kr\u00f3nika; P\u00e1l-Antal 2006; P\u00e1l-Antal 2009<\/br><\/p>\n","protected":false},"excerpt":{"rendered":"<p>? \u2020 ? : nemes, f\u0151isp\u00e1n, f\u0151kapit\u00e1ny. \u2013 D. L\u00e1szl\u00f3 \u00e9s Barlab\u00e1si Kata fia. Feles\u00e9ge: Fekete Anna. \u2013 Sz\u00e9kely primor. Apafi fejedelem k\u00f6vete a port\u00e1n (1663, 1671, 1675), Cs\u00edk- Gyergy\u00f3-K\u00e1szomsz\u00e9ki f\u0151kapit\u00e1ny (1672), fejedelmi biztosk\u00e9nt j\u00e1rt Mv.-en, ahol a helyi tan\u00e1cs \u00e9s a lakoss\u00e1g k\u00f6zti ellent\u00e9teket volt hivatott elsim\u00edtani (1672. dec. 13). A Fejedelmi T\u00e1bla \u00fcln\u00f6ke [&hellip;]<\/p>\n","protected":false},"featured_media":0,"comment_status":"open","ping_status":"closed","template":"","meta":[],"product_brand":[],"product_cat":[137],"product_tag":[],"class_list":{"0":"post-6423","1":"product","2":"type-product","3":"status-publish","5":"product_cat-maros-megyei-eletrajzi-lexikon","7":"first","8":"instock","9":"shipping-taxable","10":"product-type-simple"},"_links":{"self":[{"href":"https:\/\/uj.adatbank.ro\/lexikon\/wp-json\/wp\/v2\/product\/6423","targetHints":{"allow":["GET"]}}],"collection":[{"href":"https:\/\/uj.adatbank.ro\/lexikon\/wp-json\/wp\/v2\/product"}],"about":[{"href":"https:\/\/uj.adatbank.ro\/lexikon\/wp-json\/wp\/v2\/types\/product"}],"replies":[{"embeddable":true,"href":"https:\/\/uj.adatbank.ro\/lexikon\/wp-json\/wp\/v2\/comments?post=6423"}],"wp:attachment":[{"href":"https:\/\/uj.adatbank.ro\/lexikon\/wp-json\/wp\/v2\/media?parent=6423"}],"wp:term":[{"taxonomy":"product_brand","embeddable":true,"href":"https:\/\/uj.adatbank.ro\/lexikon\/wp-json\/wp\/v2\/product_brand?post=6423"},{"taxonomy":"product_cat","embeddable":true,"href":"https:\/\/uj.adatbank.ro\/lexikon\/wp-json\/wp\/v2\/product_cat?post=6423"},{"taxonomy":"product_tag","embeddable":true,"href":"https:\/\/uj.adatbank.ro\/lexikon\/wp-json\/wp\/v2\/product_tag?post=6423"}],"curies":[{"name":"wp","href":"https:\/\/api.w.org\/{rel}","templated":true}]}}

DACZÓ János, sepsiszentgyörgyi

<p>? † ? : nemes, főispán, főkapitány. – D. László és Barlabási Kata fia. Felesége: Fekete Anna. – Székely primor. Apafi fejedelem követe a portán (1663, 1671, 1675), Csík- Gyergyó-Kászomszéki főkapitány (1672), fejedelmi biztosként járt Mv.-en, ahol a helyi tanács és a lakosság közti ellentéteket volt hivatott elsimítani (1672. dec. 13). A Fejedelmi Tábla ülnöke (1678–86), a Deputatio tagja (1687). Megnótáztatása miatt, a Thökölivel való kapcsolata vádjával, Teleki Mihály közbenjárását kérte. Ellenszolgáltatásként Telekinek adta csíkvacsárcsi udvarházát a javakkal, a malommal és bosovai gyümölcsössel, valamint a csíkmártoni tíz ház jobbágyát. Végrendelete szerint (Nagyszeben, 1686. máj. 3.) harmadik feleségére, Fekete Annára hagyta a Székelyszenterzsébeten lévő udvarházát, termőföldjeit, a halastavat, a Küküllőn működő malmot, valamint a cikmántori és nádasdi udvarházat jobbágyokkal, szőlőssel és termőföldekkel. <br /><strong>Irod.:</strong> Erdélyi testamentumok 1.; Kraus: Erdélyi krónika; Pál-Antal 2006; Pál-Antal 2009</br></p>

<p>? † ? : nemes, főispán, főkapitány. – D. László és Barlabási Kata fia. Felesége: Fekete Anna. – Székely primor. Apafi fejedelem követe a portán (1663, 1671, 1675), Csík- Gyergyó-Kászomszéki főkapitány (1672), fejedelmi biztosként járt Mv.-en, ahol a helyi tanács és a lakosság közti ellentéteket volt hivatott elsimítani (1672. dec. 13). A Fejedelmi Tábla ülnöke [&hellip;]</p>
