{"id":6424,"date":"2025-06-28T17:52:19","date_gmt":"2025-06-28T15:52:19","guid":{"rendered":"https:\/\/uj.adatbank.ro\/lexikon\/termek\/daczo-lukacs-arpad-daczo-arpad-lukacs\/"},"modified":"2025-06-28T17:52:19","modified_gmt":"2025-06-28T15:52:19","slug":"daczo-lukacs-arpad-daczo-arpad-lukacs","status":"publish","type":"product","link":"https:\/\/uj.adatbank.ro\/lexikon\/termek\/daczo-lukacs-arpad-daczo-arpad-lukacs\/","title":{"rendered":"DACZ\u00d3 Luk\u00e1cs \u00c1rp\u00e1d, Dacz\u00f3 \u00c1rp\u00e1d Luk\u00e1cs"},"content":{"rendered":"<p>D\u00e9da, 1921. j\u00fal. 27. \u2020\u00a0? : r. k. pap, ferences szerzetes, n\u00e9prajzkutat\u00f3. \u2013 A gimn. -ot Sz\u00e1szr\u00e9genben kezdte (1932\u2013), f\u0171r\u00e9sztelepi munk\u00e1s (1936). \u00c9retts\u00e9gizett Sz\u00e9kelyudvarhelyen; Medgyesen l\u00e9pett a ferencesek rendj\u00e9be (1940. aug. 27.), szerzetes n\u00f6vend\u00e9k (1940\u201345); Vajdahunyadon Szt. Ferenc-rendi Kat. Hittudom\u00e1nyi F\u0151iskol\u00e1n oklevelet szerzett, papp\u00e1 szentelt\u00e9k (1945. m\u00e1j. 19.). Mv.-en a ferences kolostorban lelk\u00e9sz, a III. Rend \u00e9s a Szt. Kereszt Sz\u00f6vets\u00e9g igazgat\u00f3ja, a Ferences N\u0151v\u00e9rek Gimn. -a \u00e9s az \u00c1llami Le\u00e1nygimn. hittan tan\u00e1ra (1946\u201351). Letart\u00f3ztatt\u00e1k \u00e9s fogva tartotta a rom\u00e1n titkosrend\u0151rs\u00e9g (1948. dec. \u00e9s 1949. j\u00fal. &#8211; szept. 29.), de nem tudtak \u00e1llamellenes \u00f6sszeesk\u00fcv\u00e9st r\u00e1b\u00edzony\u00edtani, szabadon bocs\u00e1tott\u00e1k. K\u00e9nyszerlakhelyen \u00e9lt a m\u00e1riaradnai kolostorban (1951. aug. 20.-ig). Esztelnekre k\u00f6lt\u00f6ztett\u00e9k (1952\u201357), ahol orvos hi\u00e1ny\u00e1ban \u0151 gy\u00f3gy\u00edtotta a k\u00f6rny\u00e9k betegeit; Cs\u00edksomly\u00f3n a Kegytemplom rektora (1957\u201370); pl\u00e1b\u00e1nos Szent\u00e1got\u00e1n (1970\u201373), Kosteleken (1973\u201378), Marosilly\u00e9n (1978\u201380); Mv.-en a Szent Imre pl\u00e9b\u00e1ni\u00e1n pl\u00e9b\u00e1nos (1988\u201389); Fogarason pl\u00e9b\u00e1nos \u00e9s a ferences kolostor f\u0151n\u00f6ke (1989\u2013), D\u00e9sen kiseg\u00edt\u0151 lelk\u00e9sz (1994\u2013). Kutat\u00e1si ter\u00fclete: szakr\u00e1lis n\u00e9prajz, a n\u00e9pi hittel \u00e9s a n\u00e9pi vall\u00e1soss\u00e1g eml\u00e9keivel foglalkozott. A Kriza J\u00e1nos N\u00e9prajzi T\u00e1rsas\u00e1g tagja (1990\u2013). Cikkeit k\u00f6zli a: M\u0171vel\u0151d\u00e9s, N\u00e9pismereti Dolgozatok, Vas\u00e1rnap. \u2013 <strong>F. m.:<\/strong> N\u00e9pi vall\u00e1soss\u00e1g a K\u00e1rp\u00e1t \u2013medenc\u00e9ben (Veszpr\u00e9m, 1991); Cs\u00edksomly\u00f3 titka. M\u00e1ria-tisztelet a n\u00e9phagyom\u00e1nyban (Cs\u00edkszereda, 2000); Hossz\u00fa utak megszomorod\u00e1nak. Archaikus n\u00e9pi im\u00e1ds\u00e1gok, r\u00e1olvas\u00f3k, szentes \u00e9nekek Erd\u00e9lyb\u0151l \u00e9s Moldv\u00e1b\u00f3l (Bp., 2003); antolog.: N\u00e9pismereti dolgozatok 1980. (Szerkesztette: dr. K\u00f3s K\u00e1roly, dr. Frany\u00f3 J\u00f3zsef, Buk., 1980). <br \/><strong>Irod.:<\/strong> Het\u00e9nyi 2000; KKACs; L\u00e9sty\u00e1n Ferenc: Mv. katolikus egyh\u00e1z a kommunista elnyom\u00e1s idej\u00e9n (Kv., 2007); Maros-k\u00fck\u00fcll\u0151i f\u0151esp; Pap L.: Ferences nyomd\u00e1k; R\u00e9thy-\u00dajv\u00e1ri-V\u00e1czy; R\u00daL; Wikip\u00e9dia<\/br><\/p>\n","protected":false},"excerpt":{"rendered":"<p>D\u00e9da, 1921. j\u00fal. 27. \u2020\u00a0? : r. k. pap, ferences szerzetes, n\u00e9prajzkutat\u00f3. \u2013 A gimn. -ot Sz\u00e1szr\u00e9genben kezdte (1932\u2013), f\u0171r\u00e9sztelepi munk\u00e1s (1936). \u00c9retts\u00e9gizett Sz\u00e9kelyudvarhelyen; Medgyesen l\u00e9pett a ferencesek rendj\u00e9be (1940. aug. 27.), szerzetes n\u00f6vend\u00e9k (1940\u201345); Vajdahunyadon Szt. Ferenc-rendi Kat. Hittudom\u00e1nyi F\u0151iskol\u00e1n oklevelet szerzett, papp\u00e1 szentelt\u00e9k (1945. m\u00e1j. 19.). Mv.-en a ferences kolostorban lelk\u00e9sz, a III. [&hellip;]<\/p>\n","protected":false},"featured_media":0,"comment_status":"open","ping_status":"closed","template":"","meta":[],"product_brand":[],"product_cat":[137],"product_tag":[],"class_list":{"0":"post-6424","1":"product","2":"type-product","3":"status-publish","5":"product_cat-maros-megyei-eletrajzi-lexikon","7":"first","8":"instock","9":"shipping-taxable","10":"product-type-simple"},"_links":{"self":[{"href":"https:\/\/uj.adatbank.ro\/lexikon\/wp-json\/wp\/v2\/product\/6424","targetHints":{"allow":["GET"]}}],"collection":[{"href":"https:\/\/uj.adatbank.ro\/lexikon\/wp-json\/wp\/v2\/product"}],"about":[{"href":"https:\/\/uj.adatbank.ro\/lexikon\/wp-json\/wp\/v2\/types\/product"}],"replies":[{"embeddable":true,"href":"https:\/\/uj.adatbank.ro\/lexikon\/wp-json\/wp\/v2\/comments?post=6424"}],"wp:attachment":[{"href":"https:\/\/uj.adatbank.ro\/lexikon\/wp-json\/wp\/v2\/media?parent=6424"}],"wp:term":[{"taxonomy":"product_brand","embeddable":true,"href":"https:\/\/uj.adatbank.ro\/lexikon\/wp-json\/wp\/v2\/product_brand?post=6424"},{"taxonomy":"product_cat","embeddable":true,"href":"https:\/\/uj.adatbank.ro\/lexikon\/wp-json\/wp\/v2\/product_cat?post=6424"},{"taxonomy":"product_tag","embeddable":true,"href":"https:\/\/uj.adatbank.ro\/lexikon\/wp-json\/wp\/v2\/product_tag?post=6424"}],"curies":[{"name":"wp","href":"https:\/\/api.w.org\/{rel}","templated":true}]}}

DACZÓ Lukács Árpád, Daczó Árpád Lukács

<p>Déda, 1921. júl. 27. † ? : r. k. pap, ferences szerzetes, néprajzkutató. – A gimn. -ot Szászrégenben kezdte (1932–), fűrésztelepi munkás (1936). Érettségizett Székelyudvarhelyen; Medgyesen lépett a ferencesek rendjébe (1940. aug. 27.), szerzetes növendék (1940–45); Vajdahunyadon Szt. Ferenc-rendi Kat. Hittudományi Főiskolán oklevelet szerzett, pappá szentelték (1945. máj. 19.). Mv.-en a ferences kolostorban lelkész, a III. Rend és a Szt. Kereszt Szövetség igazgatója, a Ferences Nővérek Gimn. -a és az Állami Leánygimn. hittan tanára (1946–51). Letartóztatták és fogva tartotta a román titkosrendőrség (1948. dec. és 1949. júl. &#8211; szept. 29.), de nem tudtak államellenes összeesküvést rábízonyítani, szabadon bocsátották. Kényszerlakhelyen élt a máriaradnai kolostorban (1951. aug. 20.-ig). Esztelnekre költöztették (1952–57), ahol orvos hiányában ő gyógyította a környék betegeit; Csíksomlyón a Kegytemplom rektora (1957–70); plábános Szentágotán (1970–73), Kosteleken (1973–78), Marosillyén (1978–80); Mv.-en a Szent Imre plébánián plébános (1988–89); Fogarason plébános és a ferences kolostor főnöke (1989–), Désen kisegítő lelkész (1994–). Kutatási területe: szakrális néprajz, a népi hittel és a népi vallásosság emlékeivel foglalkozott. A Kriza János Néprajzi Társaság tagja (1990–). Cikkeit közli a: Művelődés, Népismereti Dolgozatok, Vasárnap. – <strong>F. m.:</strong> Népi vallásosság a Kárpát –medencében (Veszprém, 1991); Csíksomlyó titka. Mária-tisztelet a néphagyományban (Csíkszereda, 2000); Hosszú utak megszomorodának. Archaikus népi imádságok, ráolvasók, szentes énekek Erdélyből és Moldvából (Bp., 2003); antolog.: Népismereti dolgozatok 1980. (Szerkesztette: dr. Kós Károly, dr. Franyó József, Buk., 1980). <br /><strong>Irod.:</strong> Hetényi 2000; KKACs; Léstyán Ferenc: Mv. katolikus egyház a kommunista elnyomás idején (Kv., 2007); Maros-küküllői főesp; Pap L.: Ferences nyomdák; Réthy-Újvári-Váczy; RÚL; Wikipédia</br></p>

<p>Déda, 1921. júl. 27. † ? : r. k. pap, ferences szerzetes, néprajzkutató. – A gimn. -ot Szászrégenben kezdte (1932–), fűrésztelepi munkás (1936). Érettségizett Székelyudvarhelyen; Medgyesen lépett a ferencesek rendjébe (1940. aug. 27.), szerzetes növendék (1940–45); Vajdahunyadon Szt. Ferenc-rendi Kat. Hittudományi Főiskolán oklevelet szerzett, pappá szentelték (1945. máj. 19.). Mv.-en a ferences kolostorban lelkész, a III. [&hellip;]</p>
