{"id":6428,"date":"2025-06-28T17:52:29","date_gmt":"2025-06-28T15:52:29","guid":{"rendered":"https:\/\/uj.adatbank.ro\/lexikon\/termek\/dain-valentino\/"},"modified":"2025-06-28T17:52:29","modified_gmt":"2025-06-28T15:52:29","slug":"dain-valentino","status":"publish","type":"product","link":"https:\/\/uj.adatbank.ro\/lexikon\/termek\/dain-valentino\/","title":{"rendered":"DAIN Valentino"},"content":{"rendered":"<p>? \u2020 ? : sz\u00edn\u00e9sz. \u2013 A Mv. \u00c1llami Sz\u00ednh\u00e1z rom\u00e1n tagozat\u00e1n alap\u00edt\u00f3tag (1962\u20131966), ezut\u00e1n a kv.-i sz\u00ednh\u00e1zhoz szerz\u0151d\u00f6tt. A Munka\u00e9rdemrend III. fokozat\u00e1val t\u00fcntett\u00e9k ki (1965. j\u00fal. 14.). \u2013 <strong>F. sz.:<\/strong> Marin Sr\u0103u\u0163 (Dorel Dorian: Dac\u0103 vei fi \u00eentrebat); \u015etefan Valeriu (M. Sebastian: Jocul de-a vacan\u0163a); Sir Toby Bels (W. Shakespeare: A dou\u0103sprezecea noapte); Benedetto (Eduardo de Filippo: Minciuna are picioare lungi); Hora\u0163iu (Al. Mirodan: \u015eeful sectorului suflete); Fred (Jean Cocteau: Ma\u015fina de scris); Pavel Bunea (Simion Macovei: Pe 40 m. lungime de und\u0103); R\u0103zvan (B. Petriceicu Ha\u015fdeu: R\u0103zvan \u015fi Vidra), Pavel Stoian (Titus Popovici: Puterea \u015fi adev\u0103r). \u2013Irod.: Fodor Zeno; Id\u0151t\u00e1r 4.<\/br><\/p>\n","protected":false},"excerpt":{"rendered":"<p>? \u2020 ? : sz\u00edn\u00e9sz. \u2013 A Mv. \u00c1llami Sz\u00ednh\u00e1z rom\u00e1n tagozat\u00e1n alap\u00edt\u00f3tag (1962\u20131966), ezut\u00e1n a kv.-i sz\u00ednh\u00e1zhoz szerz\u0151d\u00f6tt. A Munka\u00e9rdemrend III. fokozat\u00e1val t\u00fcntett\u00e9k ki (1965. j\u00fal. 14.). \u2013 F. sz.: Marin Sr\u0103u\u0163 (Dorel Dorian: Dac\u0103 vei fi \u00eentrebat); \u015etefan Valeriu (M. Sebastian: Jocul de-a vacan\u0163a); Sir Toby Bels (W. Shakespeare: A dou\u0103sprezecea noapte); Benedetto [&hellip;]<\/p>\n","protected":false},"featured_media":0,"comment_status":"open","ping_status":"closed","template":"","meta":[],"product_brand":[],"product_cat":[137],"product_tag":[],"class_list":{"0":"post-6428","1":"product","2":"type-product","3":"status-publish","5":"product_cat-maros-megyei-eletrajzi-lexikon","7":"first","8":"instock","9":"shipping-taxable","10":"product-type-simple"},"_links":{"self":[{"href":"https:\/\/uj.adatbank.ro\/lexikon\/wp-json\/wp\/v2\/product\/6428","targetHints":{"allow":["GET"]}}],"collection":[{"href":"https:\/\/uj.adatbank.ro\/lexikon\/wp-json\/wp\/v2\/product"}],"about":[{"href":"https:\/\/uj.adatbank.ro\/lexikon\/wp-json\/wp\/v2\/types\/product"}],"replies":[{"embeddable":true,"href":"https:\/\/uj.adatbank.ro\/lexikon\/wp-json\/wp\/v2\/comments?post=6428"}],"wp:attachment":[{"href":"https:\/\/uj.adatbank.ro\/lexikon\/wp-json\/wp\/v2\/media?parent=6428"}],"wp:term":[{"taxonomy":"product_brand","embeddable":true,"href":"https:\/\/uj.adatbank.ro\/lexikon\/wp-json\/wp\/v2\/product_brand?post=6428"},{"taxonomy":"product_cat","embeddable":true,"href":"https:\/\/uj.adatbank.ro\/lexikon\/wp-json\/wp\/v2\/product_cat?post=6428"},{"taxonomy":"product_tag","embeddable":true,"href":"https:\/\/uj.adatbank.ro\/lexikon\/wp-json\/wp\/v2\/product_tag?post=6428"}],"curies":[{"name":"wp","href":"https:\/\/api.w.org\/{rel}","templated":true}]}}

<p>? † ? : színész. – A Mv. Állami Színház román tagozatán alapítótag (1962–1966), ezután a kv.-i színházhoz szerződött. A Munkaérdemrend III. fokozatával tüntették ki (1965. júl. 14.). – <strong>F. sz.:</strong> Marin Srăuţ (Dorel Dorian: Dacă vei fi întrebat); Ştefan Valeriu (M. Sebastian: Jocul de-a vacanţa); Sir Toby Bels (W. Shakespeare: A douăsprezecea noapte); Benedetto (Eduardo de Filippo: Minciuna are picioare lungi); Horaţiu (Al. Mirodan: Şeful sectorului suflete); Fred (Jean Cocteau: Maşina de scris); Pavel Bunea (Simion Macovei: Pe 40 m. lungime de undă); Răzvan (B. Petriceicu Haşdeu: Răzvan şi Vidra), Pavel Stoian (Titus Popovici: Puterea şi adevăr). –Irod.: Fodor Zeno; Időtár 4.</br></p>

<p>? † ? : színész. – A Mv. Állami Színház román tagozatán alapítótag (1962–1966), ezután a kv.-i színházhoz szerződött. A Munkaérdemrend III. fokozatával tüntették ki (1965. júl. 14.). – F. sz.: Marin Srăuţ (Dorel Dorian: Dacă vei fi întrebat); Ştefan Valeriu (M. Sebastian: Jocul de-a vacanţa); Sir Toby Bels (W. Shakespeare: A douăsprezecea noapte); Benedetto [&hellip;]</p>
