{"id":6433,"date":"2025-06-28T17:52:42","date_gmt":"2025-06-28T15:52:42","guid":{"rendered":"https:\/\/uj.adatbank.ro\/lexikon\/termek\/dako-lajos\/"},"modified":"2025-06-28T17:52:42","modified_gmt":"2025-06-28T15:52:42","slug":"dako-lajos","status":"publish","type":"product","link":"https:\/\/uj.adatbank.ro\/lexikon\/termek\/dako-lajos\/","title":{"rendered":"DAK\u00d3 Lajos"},"content":{"rendered":"<p>Nagyernye, 1891., \u2020\u00a0? : ref. lelk\u00e9sz, tan\u00edt\u00f3. \u2013 Tan\u00edt\u00f3i (1910), majd lelk\u00e9szi (1922) oklevelet szerzett. M\u0171k\u00f6d\u00e9s\u00e9t Berekereszt\u00faron kezdte, lelk\u00e9sz volt D\u00e1ny\u00e1nban, Ploie\u015ftiben, Andr\u00e1sfalv\u00e1n Bukovin\u00e1ban, Galacon, majd Meggyesfalv\u00e1ra ker\u00fclt, ahol egyh\u00e1zk\u00f6zs\u00e9get \u00e9s iskol\u00e1t vezetett. R\u00e9szt vett a MP \u00e9s a Hangya Sz\u00f6vetkezet megalak\u00edt\u00e1s\u00e1ban. Az els\u0151 vh.-ban a 22. gy. ezreddel a k\u00e1rp\u00e1ti \u00e9s az orosz fronti harcokban k\u00fczd\u00f6tt, fogs\u00e1gba esett (1915), onnan megsz\u00f6k\u00f6tt (1921). Egyh\u00e1zk\u00f6zs\u00e9get \u00e9s iskol\u00e1t szervezett \u00e9s alap\u00edtott a szolg\u00e1lati helyein \u00e9s mint misszi\u00f3s lelk\u00e9sz. <br \/><strong>Irod.:<\/strong> Sz\u00e9kelyf\u00f6ld \u00ed. k.<\/br><\/p>\n","protected":false},"excerpt":{"rendered":"<p>Nagyernye, 1891., \u2020\u00a0? : ref. lelk\u00e9sz, tan\u00edt\u00f3. \u2013 Tan\u00edt\u00f3i (1910), majd lelk\u00e9szi (1922) oklevelet szerzett. M\u0171k\u00f6d\u00e9s\u00e9t Berekereszt\u00faron kezdte, lelk\u00e9sz volt D\u00e1ny\u00e1nban, Ploie\u015ftiben, Andr\u00e1sfalv\u00e1n Bukovin\u00e1ban, Galacon, majd Meggyesfalv\u00e1ra ker\u00fclt, ahol egyh\u00e1zk\u00f6zs\u00e9get \u00e9s iskol\u00e1t vezetett. R\u00e9szt vett a MP \u00e9s a Hangya Sz\u00f6vetkezet megalak\u00edt\u00e1s\u00e1ban. Az els\u0151 vh.-ban a 22. gy. ezreddel a k\u00e1rp\u00e1ti \u00e9s az orosz fronti [&hellip;]<\/p>\n","protected":false},"featured_media":0,"comment_status":"open","ping_status":"closed","template":"","meta":[],"product_brand":[],"product_cat":[137],"product_tag":[],"class_list":{"0":"post-6433","1":"product","2":"type-product","3":"status-publish","5":"product_cat-maros-megyei-eletrajzi-lexikon","7":"first","8":"instock","9":"shipping-taxable","10":"product-type-simple"},"_links":{"self":[{"href":"https:\/\/uj.adatbank.ro\/lexikon\/wp-json\/wp\/v2\/product\/6433","targetHints":{"allow":["GET"]}}],"collection":[{"href":"https:\/\/uj.adatbank.ro\/lexikon\/wp-json\/wp\/v2\/product"}],"about":[{"href":"https:\/\/uj.adatbank.ro\/lexikon\/wp-json\/wp\/v2\/types\/product"}],"replies":[{"embeddable":true,"href":"https:\/\/uj.adatbank.ro\/lexikon\/wp-json\/wp\/v2\/comments?post=6433"}],"wp:attachment":[{"href":"https:\/\/uj.adatbank.ro\/lexikon\/wp-json\/wp\/v2\/media?parent=6433"}],"wp:term":[{"taxonomy":"product_brand","embeddable":true,"href":"https:\/\/uj.adatbank.ro\/lexikon\/wp-json\/wp\/v2\/product_brand?post=6433"},{"taxonomy":"product_cat","embeddable":true,"href":"https:\/\/uj.adatbank.ro\/lexikon\/wp-json\/wp\/v2\/product_cat?post=6433"},{"taxonomy":"product_tag","embeddable":true,"href":"https:\/\/uj.adatbank.ro\/lexikon\/wp-json\/wp\/v2\/product_tag?post=6433"}],"curies":[{"name":"wp","href":"https:\/\/api.w.org\/{rel}","templated":true}]}}

DAKÓ Lajos

<p>Nagyernye, 1891., † ? : ref. lelkész, tanító. – Tanítói (1910), majd lelkészi (1922) oklevelet szerzett. Működését Berekeresztúron kezdte, lelkész volt Dányánban, Ploieştiben, Andrásfalván Bukovinában, Galacon, majd Meggyesfalvára került, ahol egyházközséget és iskolát vezetett. Részt vett a MP és a Hangya Szövetkezet megalakításában. Az első vh.-ban a 22. gy. ezreddel a kárpáti és az orosz fronti harcokban küzdött, fogságba esett (1915), onnan megszökött (1921). Egyházközséget és iskolát szervezett és alapított a szolgálati helyein és mint missziós lelkész. <br /><strong>Irod.:</strong> Székelyföld í. k.</br></p>

<p>Nagyernye, 1891., † ? : ref. lelkész, tanító. – Tanítói (1910), majd lelkészi (1922) oklevelet szerzett. Működését Berekeresztúron kezdte, lelkész volt Dányánban, Ploieştiben, Andrásfalván Bukovinában, Galacon, majd Meggyesfalvára került, ahol egyházközséget és iskolát vezetett. Részt vett a MP és a Hangya Szövetkezet megalakításában. Az első vh.-ban a 22. gy. ezreddel a kárpáti és az orosz fronti [&hellip;]</p>
