{"id":6434,"date":"2025-06-28T17:52:45","date_gmt":"2025-06-28T15:52:45","guid":{"rendered":"https:\/\/uj.adatbank.ro\/lexikon\/termek\/dala-lajos\/"},"modified":"2025-06-28T17:52:45","modified_gmt":"2025-06-28T15:52:45","slug":"dala-lajos","status":"publish","type":"product","link":"https:\/\/uj.adatbank.ro\/lexikon\/termek\/dala-lajos\/","title":{"rendered":"DALA Lajos"},"content":{"rendered":"<p>Paks, 1913. jan. 21., \u2020\u00a0? : sz\u00e1zados. \u2013 F\u0151hadnagyi rendfokozattal anyagi tiszt, majd a 4. sz\u00e1zad parancsnoka a mv.-i 27\/ II. z\u00e1szl\u00f3aljn\u00e1l az 1940-es bevonul\u00e1s ut\u00e1n. Sz\u00e1zados (1942. m\u00e1rc. 31. \u2013). A 27. k\u00f6nny\u0171 hadoszt\u00e1ly mozgos\u00edt\u00e1sakor kinevezt\u00e9k az iker (57\/ II.) z\u00e1szl\u00f3alj parancsnok\u00e1nak. R\u00e9szt vett a gal\u00edciai \u00e9s erd\u00e9lyi harcokban. Megsebes\u00fclt \u00e9s a szombathelyi k\u00f3rh\u00e1zban \u00e1polt\u00e1k (1944. nov. 7. \u2013 1945. febr. 13.). Csapattest\u00e9vel Ausztria ter\u00fclet\u00e9n szovjet fogs\u00e1gba ker\u00fclt, de 60 ember\u00e9vel egy\u00fctt hazair\u00e1ny\u00edtott\u00e1k. <br \/><strong>Irod.:<\/strong> Berekm\u00e9ri: mv.-i 27. hadoszt\u00e1ly<\/br><\/p>\n","protected":false},"excerpt":{"rendered":"<p>Paks, 1913. jan. 21., \u2020\u00a0? : sz\u00e1zados. \u2013 F\u0151hadnagyi rendfokozattal anyagi tiszt, majd a 4. sz\u00e1zad parancsnoka a mv.-i 27\/ II. z\u00e1szl\u00f3aljn\u00e1l az 1940-es bevonul\u00e1s ut\u00e1n. Sz\u00e1zados (1942. m\u00e1rc. 31. \u2013). A 27. k\u00f6nny\u0171 hadoszt\u00e1ly mozgos\u00edt\u00e1sakor kinevezt\u00e9k az iker (57\/ II.) z\u00e1szl\u00f3alj parancsnok\u00e1nak. R\u00e9szt vett a gal\u00edciai \u00e9s erd\u00e9lyi harcokban. Megsebes\u00fclt \u00e9s a szombathelyi k\u00f3rh\u00e1zban [&hellip;]<\/p>\n","protected":false},"featured_media":0,"comment_status":"open","ping_status":"closed","template":"","meta":[],"product_brand":[],"product_cat":[137],"product_tag":[],"class_list":{"0":"post-6434","1":"product","2":"type-product","3":"status-publish","5":"product_cat-maros-megyei-eletrajzi-lexikon","7":"first","8":"instock","9":"shipping-taxable","10":"product-type-simple"},"_links":{"self":[{"href":"https:\/\/uj.adatbank.ro\/lexikon\/wp-json\/wp\/v2\/product\/6434","targetHints":{"allow":["GET"]}}],"collection":[{"href":"https:\/\/uj.adatbank.ro\/lexikon\/wp-json\/wp\/v2\/product"}],"about":[{"href":"https:\/\/uj.adatbank.ro\/lexikon\/wp-json\/wp\/v2\/types\/product"}],"replies":[{"embeddable":true,"href":"https:\/\/uj.adatbank.ro\/lexikon\/wp-json\/wp\/v2\/comments?post=6434"}],"wp:attachment":[{"href":"https:\/\/uj.adatbank.ro\/lexikon\/wp-json\/wp\/v2\/media?parent=6434"}],"wp:term":[{"taxonomy":"product_brand","embeddable":true,"href":"https:\/\/uj.adatbank.ro\/lexikon\/wp-json\/wp\/v2\/product_brand?post=6434"},{"taxonomy":"product_cat","embeddable":true,"href":"https:\/\/uj.adatbank.ro\/lexikon\/wp-json\/wp\/v2\/product_cat?post=6434"},{"taxonomy":"product_tag","embeddable":true,"href":"https:\/\/uj.adatbank.ro\/lexikon\/wp-json\/wp\/v2\/product_tag?post=6434"}],"curies":[{"name":"wp","href":"https:\/\/api.w.org\/{rel}","templated":true}]}}

<p>Paks, 1913. jan. 21., † ? : százados. – Főhadnagyi rendfokozattal anyagi tiszt, majd a 4. század parancsnoka a mv.-i 27/ II. zászlóaljnál az 1940-es bevonulás után. Százados (1942. márc. 31. –). A 27. könnyű hadosztály mozgosításakor kinevezték az iker (57/ II.) zászlóalj parancsnokának. Részt vett a galíciai és erdélyi harcokban. Megsebesült és a szombathelyi kórházban ápolták (1944. nov. 7. – 1945. febr. 13.). Csapattestével Ausztria területén szovjet fogságba került, de 60 emberével együtt hazairányították. <br /><strong>Irod.:</strong> Berekméri: mv.-i 27. hadosztály</br></p>

<p>Paks, 1913. jan. 21., † ? : százados. – Főhadnagyi rendfokozattal anyagi tiszt, majd a 4. század parancsnoka a mv.-i 27/ II. zászlóaljnál az 1940-es bevonulás után. Százados (1942. márc. 31. –). A 27. könnyű hadosztály mozgosításakor kinevezték az iker (57/ II.) zászlóalj parancsnokának. Részt vett a galíciai és erdélyi harcokban. Megsebesült és a szombathelyi kórházban [&hellip;]</p>
