{"id":6435,"date":"2025-06-28T17:52:48","date_gmt":"2025-06-28T15:52:48","guid":{"rendered":"https:\/\/uj.adatbank.ro\/lexikon\/termek\/dali-gyula-szoverdi\/"},"modified":"2025-06-28T17:52:48","modified_gmt":"2025-06-28T15:52:48","slug":"dali-gyula-szoverdi","status":"publish","type":"product","link":"https:\/\/uj.adatbank.ro\/lexikon\/termek\/dali-gyula-szoverdi\/","title":{"rendered":"DALI Gyula, sz\u00f6v\u00e9rdi"},"content":{"rendered":"<p>Sz\u00e1szcs\u00e1v\u00e1s, ? \u2020\u00a0?, Cs\u00e1v\u00e1son nyugszik feles\u00e9g\u00e9vel egy\u00fctt.: ref. lelk\u00e9sz. \u2013 Apja: ifj. D. Istv\u00e1n, ref. lelk\u00e9sz. Feles\u00e9ge. Ambrus Emma, tan\u00edt\u00f3n\u0151. Mint papi \u00e1rva, P\u00e1pa v\u00e1ros ref. teol\u00f3giai akad. -j\u00e1n \u00f6szt\u00f6nd\u00edjask\u00e9nt tanult, itt ismerkedett meg a hallgat\u00f3i szabad foglalkoz\u00e1s keret\u00e9ben a mez\u0151gazdas\u00e1ggal. Mez\u0151gazd\u00e1szk\u00e9nt p\u00e9ldamutat\u00e1s\u00e1val, szaktan\u00e1csaival \u00e9s gazdatanfolyamokkal seg\u00edtette a falu gazd\u00e1inak szakszer\u0171 munk\u00e1j\u00e1t. D\u00e1ny\u00e1n volt lp. Hazah\u00edvt\u00e1k Cs\u00e1v\u00e1sra (1936\u201360). Egyh\u00e1zmegyei sz\u00e1mvev\u0151, majd p\u00e9nzt\u00e1ros. A II. vh. idej\u00e9n s\u00falyos anyagi vesztess\u00e9geket szenvedett, majd kul\u00e1klist\u00e1ra tett\u00e9k. Lemondott (1960) \u00e9s Mikefalv\u00e1ra k\u00f6lt\u00f6ztek. Vele megszakadt a Dali csal\u00e1d ref. egyh\u00e1zi szolg\u00e1lata. <br \/><strong>Irod.:<\/strong> Cs\u00e1v\u00e1s; Cs\u00e1v\u00e1si eml\u00e9kk\u00f6nyv; K\u00fck\u00fcll\u0151i Ref. Egyh\u00e1zm. 1.<\/br><\/p>\n","protected":false},"excerpt":{"rendered":"<p>Sz\u00e1szcs\u00e1v\u00e1s, ? \u2020\u00a0?, Cs\u00e1v\u00e1son nyugszik feles\u00e9g\u00e9vel egy\u00fctt.: ref. lelk\u00e9sz. \u2013 Apja: ifj. D. Istv\u00e1n, ref. lelk\u00e9sz. Feles\u00e9ge. Ambrus Emma, tan\u00edt\u00f3n\u0151. Mint papi \u00e1rva, P\u00e1pa v\u00e1ros ref. teol\u00f3giai akad. -j\u00e1n \u00f6szt\u00f6nd\u00edjask\u00e9nt tanult, itt ismerkedett meg a hallgat\u00f3i szabad foglalkoz\u00e1s keret\u00e9ben a mez\u0151gazdas\u00e1ggal. Mez\u0151gazd\u00e1szk\u00e9nt p\u00e9ldamutat\u00e1s\u00e1val, szaktan\u00e1csaival \u00e9s gazdatanfolyamokkal seg\u00edtette a falu gazd\u00e1inak szakszer\u0171 munk\u00e1j\u00e1t. D\u00e1ny\u00e1n volt lp. [&hellip;]<\/p>\n","protected":false},"featured_media":0,"comment_status":"open","ping_status":"closed","template":"","meta":[],"product_brand":[],"product_cat":[137],"product_tag":[],"class_list":{"0":"post-6435","1":"product","2":"type-product","3":"status-publish","5":"product_cat-maros-megyei-eletrajzi-lexikon","7":"first","8":"instock","9":"shipping-taxable","10":"product-type-simple"},"_links":{"self":[{"href":"https:\/\/uj.adatbank.ro\/lexikon\/wp-json\/wp\/v2\/product\/6435","targetHints":{"allow":["GET"]}}],"collection":[{"href":"https:\/\/uj.adatbank.ro\/lexikon\/wp-json\/wp\/v2\/product"}],"about":[{"href":"https:\/\/uj.adatbank.ro\/lexikon\/wp-json\/wp\/v2\/types\/product"}],"replies":[{"embeddable":true,"href":"https:\/\/uj.adatbank.ro\/lexikon\/wp-json\/wp\/v2\/comments?post=6435"}],"wp:attachment":[{"href":"https:\/\/uj.adatbank.ro\/lexikon\/wp-json\/wp\/v2\/media?parent=6435"}],"wp:term":[{"taxonomy":"product_brand","embeddable":true,"href":"https:\/\/uj.adatbank.ro\/lexikon\/wp-json\/wp\/v2\/product_brand?post=6435"},{"taxonomy":"product_cat","embeddable":true,"href":"https:\/\/uj.adatbank.ro\/lexikon\/wp-json\/wp\/v2\/product_cat?post=6435"},{"taxonomy":"product_tag","embeddable":true,"href":"https:\/\/uj.adatbank.ro\/lexikon\/wp-json\/wp\/v2\/product_tag?post=6435"}],"curies":[{"name":"wp","href":"https:\/\/api.w.org\/{rel}","templated":true}]}}

DALI Gyula, szövérdi

<p>Szászcsávás, ? † ?, Csáváson nyugszik feleségével együtt.: ref. lelkész. – Apja: ifj. D. István, ref. lelkész. Felesége. Ambrus Emma, tanítónő. Mint papi árva, Pápa város ref. teológiai akad. -ján ösztöndíjasként tanult, itt ismerkedett meg a hallgatói szabad foglalkozás keretében a mezőgazdasággal. Mezőgazdászként példamutatásával, szaktanácsaival és gazdatanfolyamokkal segítette a falu gazdáinak szakszerű munkáját. Dányán volt lp. Hazahívták Csávásra (1936–60). Egyházmegyei számvevő, majd pénztáros. A II. vh. idején súlyos anyagi vesztességeket szenvedett, majd kuláklistára tették. Lemondott (1960) és Mikefalvára költöztek. Vele megszakadt a Dali család ref. egyházi szolgálata. <br /><strong>Irod.:</strong> Csávás; Csávási emlékkönyv; Küküllői Ref. Egyházm. 1.</br></p>

<p>Szászcsávás, ? † ?, Csáváson nyugszik feleségével együtt.: ref. lelkész. – Apja: ifj. D. István, ref. lelkész. Felesége. Ambrus Emma, tanítónő. Mint papi árva, Pápa város ref. teológiai akad. -ján ösztöndíjasként tanult, itt ismerkedett meg a hallgatói szabad foglalkozás keretében a mezőgazdasággal. Mezőgazdászként példamutatásával, szaktanácsaival és gazdatanfolyamokkal segítette a falu gazdáinak szakszerű munkáját. Dányán volt lp. [&hellip;]</p>
