{"id":6437,"date":"2025-06-28T17:52:52","date_gmt":"2025-06-28T15:52:52","guid":{"rendered":"https:\/\/uj.adatbank.ro\/lexikon\/termek\/dali-istvan-szoverdi\/"},"modified":"2025-06-28T17:52:52","modified_gmt":"2025-06-28T15:52:52","slug":"dali-istvan-szoverdi","status":"publish","type":"product","link":"https:\/\/uj.adatbank.ro\/lexikon\/termek\/dali-istvan-szoverdi\/","title":{"rendered":"DALI Istv\u00e1n, sz\u00f6v\u00e9rdi"},"content":{"rendered":"<p>? \u2020\u00a0? : ref. lelk\u00e9sz. \u2013 Feles\u00e9ge: Fazekas Katalin, cs\u00e1v\u00e1si le\u00e1ny. Fi\u00fak: Istv\u00e1n. \u2013 A nagybaconi zsinaton szentelt\u00e9k papp\u00e1 (1836). Sz\u00e1szcs\u00e1v\u00e1son szolg\u00e1lt (1836\u201370), egyh\u00e1zmegyei notarius, majd a k\u00fck\u00fcll\u0151i ref. egyh\u00e1zmegye esperese (1864\u20131870). Nev\u00e9hez f\u0171z\u0151dik a cs\u00e1v\u00e1si ref. templom \u00e9p\u00edt\u00e9s\u00e9nek befejez\u00e9se: a b\u00fatorok beszerz\u00e9se, templomtorony meg\u00e9p\u00edt\u00e9se, orgona megv\u00e1s\u00e1rl\u00e1sa. A cs\u00e1v\u00e1si k\u00f3rus is ekkor alakult. <br \/><strong>Irod.:<\/strong> Cs\u00e1v\u00e1s; Cs\u00e1v\u00e1si eml\u00e9kk\u00f6nyv; K\u00fck\u00fcll\u0151i Ref. Egyh\u00e1zm. 1.; Zov\u00e1nyi<\/br><\/p>\n","protected":false},"excerpt":{"rendered":"<p>? \u2020\u00a0? : ref. lelk\u00e9sz. \u2013 Feles\u00e9ge: Fazekas Katalin, cs\u00e1v\u00e1si le\u00e1ny. Fi\u00fak: Istv\u00e1n. \u2013 A nagybaconi zsinaton szentelt\u00e9k papp\u00e1 (1836). Sz\u00e1szcs\u00e1v\u00e1son szolg\u00e1lt (1836\u201370), egyh\u00e1zmegyei notarius, majd a k\u00fck\u00fcll\u0151i ref. egyh\u00e1zmegye esperese (1864\u20131870). Nev\u00e9hez f\u0171z\u0151dik a cs\u00e1v\u00e1si ref. templom \u00e9p\u00edt\u00e9s\u00e9nek befejez\u00e9se: a b\u00fatorok beszerz\u00e9se, templomtorony meg\u00e9p\u00edt\u00e9se, orgona megv\u00e1s\u00e1rl\u00e1sa. A cs\u00e1v\u00e1si k\u00f3rus is ekkor alakult. Irod.: Cs\u00e1v\u00e1s; [&hellip;]<\/p>\n","protected":false},"featured_media":0,"comment_status":"open","ping_status":"closed","template":"","meta":[],"product_brand":[],"product_cat":[137],"product_tag":[],"class_list":{"0":"post-6437","1":"product","2":"type-product","3":"status-publish","5":"product_cat-maros-megyei-eletrajzi-lexikon","7":"first","8":"instock","9":"shipping-taxable","10":"product-type-simple"},"_links":{"self":[{"href":"https:\/\/uj.adatbank.ro\/lexikon\/wp-json\/wp\/v2\/product\/6437","targetHints":{"allow":["GET"]}}],"collection":[{"href":"https:\/\/uj.adatbank.ro\/lexikon\/wp-json\/wp\/v2\/product"}],"about":[{"href":"https:\/\/uj.adatbank.ro\/lexikon\/wp-json\/wp\/v2\/types\/product"}],"replies":[{"embeddable":true,"href":"https:\/\/uj.adatbank.ro\/lexikon\/wp-json\/wp\/v2\/comments?post=6437"}],"wp:attachment":[{"href":"https:\/\/uj.adatbank.ro\/lexikon\/wp-json\/wp\/v2\/media?parent=6437"}],"wp:term":[{"taxonomy":"product_brand","embeddable":true,"href":"https:\/\/uj.adatbank.ro\/lexikon\/wp-json\/wp\/v2\/product_brand?post=6437"},{"taxonomy":"product_cat","embeddable":true,"href":"https:\/\/uj.adatbank.ro\/lexikon\/wp-json\/wp\/v2\/product_cat?post=6437"},{"taxonomy":"product_tag","embeddable":true,"href":"https:\/\/uj.adatbank.ro\/lexikon\/wp-json\/wp\/v2\/product_tag?post=6437"}],"curies":[{"name":"wp","href":"https:\/\/api.w.org\/{rel}","templated":true}]}}

DALI István, szövérdi

<p>? † ? : ref. lelkész. – Felesége: Fazekas Katalin, csávási leány. Fiúk: István. – A nagybaconi zsinaton szentelték pappá (1836). Szászcsáváson szolgált (1836–70), egyházmegyei notarius, majd a küküllői ref. egyházmegye esperese (1864–1870). Nevéhez fűződik a csávási ref. templom építésének befejezése: a bútorok beszerzése, templomtorony megépítése, orgona megvásárlása. A csávási kórus is ekkor alakult. <br /><strong>Irod.:</strong> Csávás; Csávási emlékkönyv; Küküllői Ref. Egyházm. 1.; Zoványi</br></p>

<p>? † ? : ref. lelkész. – Felesége: Fazekas Katalin, csávási leány. Fiúk: István. – A nagybaconi zsinaton szentelték pappá (1836). Szászcsáváson szolgált (1836–70), egyházmegyei notarius, majd a küküllői ref. egyházmegye esperese (1864–1870). Nevéhez fűződik a csávási ref. templom építésének befejezése: a bútorok beszerzése, templomtorony megépítése, orgona megvásárlása. A csávási kórus is ekkor alakult. Irod.: Csávás; [&hellip;]</p>
